{"id":24522,"date":"2025-08-01T18:10:34","date_gmt":"2025-08-01T16:10:34","guid":{"rendered":"https:\/\/uj.adatbank.ro\/lexikon\/termek\/veszpremy-antal\/"},"modified":"2025-08-01T18:10:34","modified_gmt":"2025-08-01T16:10:34","slug":"veszpremy-antal","status":"publish","type":"product","link":"https:\/\/uj.adatbank.ro\/lexikon\/termek\/veszpremy-antal\/","title":{"rendered":"VESZPR\u00c9MY Antal"},"content":{"rendered":"<p>? \u2020\u00a0?: f\u00f6ldbirtokos. \u2013 S\u00e1rm\u00e1sban voltak birtokai. Az \u0151 birtok\u00e1n nyitott\u00e1k meg a m\u00e1sodik f\u00f6ldg\u00e1z \u2013 szond\u00e1t (1908. j\u00fan. 26.\u2013), amelynek g\u00e1zhozama el\u00e9rte a napi 912\u00a0124 k\u00f6bm\u00e9tert, a vil\u00e1gon a IV. helyet foglalva el abban az id\u0151ben (1909. \u00e1pr.). \u00c9rdemes megeml\u00edteni, h. az ottani eredeti kitermel\u00e9si felszerel\u00e9sek Rom\u00e1nia F\u00f6ldg\u00e1z M\u0171eml\u00e9kei-t, \u00e9s a g\u00e1zipar 0 km-\u00e9t k\u00e9pezik haz\u00e1nkban. <br \/><strong>\u2013 Irod.:<\/strong> S\u0103rma\u015fu.<\/br><\/p>\n","protected":false},"excerpt":{"rendered":"<p>? \u2020\u00a0?: f\u00f6ldbirtokos. \u2013 S\u00e1rm\u00e1sban voltak birtokai. Az \u0151 birtok\u00e1n nyitott\u00e1k meg a m\u00e1sodik f\u00f6ldg\u00e1z \u2013 szond\u00e1t (1908. j\u00fan. 26.\u2013), amelynek g\u00e1zhozama el\u00e9rte a napi 912\u00a0124 k\u00f6bm\u00e9tert, a vil\u00e1gon a IV. helyet foglalva el abban az id\u0151ben (1909. \u00e1pr.). \u00c9rdemes megeml\u00edteni, h. az ottani eredeti kitermel\u00e9si felszerel\u00e9sek Rom\u00e1nia F\u00f6ldg\u00e1z M\u0171eml\u00e9kei-t, \u00e9s a g\u00e1zipar 0 km-\u00e9t [&hellip;]<\/p>\n","protected":false},"featured_media":0,"comment_status":"open","ping_status":"closed","template":"","meta":[],"product_brand":[],"product_cat":[137],"product_tag":[],"class_list":{"0":"post-24522","1":"product","2":"type-product","3":"status-publish","5":"product_cat-maros-megyei-eletrajzi-lexikon","7":"first","8":"instock","9":"shipping-taxable","10":"product-type-simple"},"_links":{"self":[{"href":"https:\/\/uj.adatbank.ro\/lexikon\/wp-json\/wp\/v2\/product\/24522","targetHints":{"allow":["GET"]}}],"collection":[{"href":"https:\/\/uj.adatbank.ro\/lexikon\/wp-json\/wp\/v2\/product"}],"about":[{"href":"https:\/\/uj.adatbank.ro\/lexikon\/wp-json\/wp\/v2\/types\/product"}],"replies":[{"embeddable":true,"href":"https:\/\/uj.adatbank.ro\/lexikon\/wp-json\/wp\/v2\/comments?post=24522"}],"wp:attachment":[{"href":"https:\/\/uj.adatbank.ro\/lexikon\/wp-json\/wp\/v2\/media?parent=24522"}],"wp:term":[{"taxonomy":"product_brand","embeddable":true,"href":"https:\/\/uj.adatbank.ro\/lexikon\/wp-json\/wp\/v2\/product_brand?post=24522"},{"taxonomy":"product_cat","embeddable":true,"href":"https:\/\/uj.adatbank.ro\/lexikon\/wp-json\/wp\/v2\/product_cat?post=24522"},{"taxonomy":"product_tag","embeddable":true,"href":"https:\/\/uj.adatbank.ro\/lexikon\/wp-json\/wp\/v2\/product_tag?post=24522"}],"curies":[{"name":"wp","href":"https:\/\/api.w.org\/{rel}","templated":true}]}}

VESZPRÉMY Antal

<p>? † ?: földbirtokos. – Sármásban voltak birtokai. Az ő birtokán nyitották meg a második földgáz – szondát (1908. jún. 26.–), amelynek gázhozama elérte a napi 912 124 köbmétert, a világon a IV. helyet foglalva el abban az időben (1909. ápr.). Érdemes megemlíteni, h. az ottani eredeti kitermelési felszerelések Románia Földgáz Műemlékei-t, és a gázipar 0 km-ét képezik hazánkban. <br /><strong>– Irod.:</strong> Sărmaşu.</br></p>

<p>? † ?: földbirtokos. – Sármásban voltak birtokai. Az ő birtokán nyitották meg a második földgáz – szondát (1908. jún. 26.–), amelynek gázhozama elérte a napi 912 124 köbmétert, a világon a IV. helyet foglalva el abban az időben (1909. ápr.). Érdemes megemlíteni, h. az ottani eredeti kitermelési felszerelések Románia Földgáz Műemlékei-t, és a gázipar 0 km-ét [&hellip;]</p>
