{"id":24523,"date":"2025-08-01T18:10:37","date_gmt":"2025-08-01T16:10:37","guid":{"rendered":"https:\/\/uj.adatbank.ro\/lexikon\/termek\/veterani-johann-friederich-anton\/"},"modified":"2025-08-01T18:10:37","modified_gmt":"2025-08-01T16:10:37","slug":"veterani-johann-friederich-anton","status":"publish","type":"product","link":"https:\/\/uj.adatbank.ro\/lexikon\/termek\/veterani-johann-friederich-anton\/","title":{"rendered":"VETERANI, Johann Friederich Anton"},"content":{"rendered":"<p>1650., \u2020\u00a01695: t\u00e1bornagy. Az erd\u00e9lyi cs\u00e1sz\u00e1ri csapatok parancsnoka. <br \/><strong>\u2013 Irod.:<\/strong> Paget.<\/br><\/p>\n","protected":false},"excerpt":{"rendered":"<p>1650., \u2020\u00a01695: t\u00e1bornagy. Az erd\u00e9lyi cs\u00e1sz\u00e1ri csapatok parancsnoka. \u2013 Irod.: Paget.<\/p>\n","protected":false},"featured_media":0,"comment_status":"open","ping_status":"closed","template":"","meta":[],"product_brand":[],"product_cat":[137],"product_tag":[],"class_list":{"0":"post-24523","1":"product","2":"type-product","3":"status-publish","5":"product_cat-maros-megyei-eletrajzi-lexikon","7":"first","8":"instock","9":"shipping-taxable","10":"product-type-simple"},"_links":{"self":[{"href":"https:\/\/uj.adatbank.ro\/lexikon\/wp-json\/wp\/v2\/product\/24523","targetHints":{"allow":["GET"]}}],"collection":[{"href":"https:\/\/uj.adatbank.ro\/lexikon\/wp-json\/wp\/v2\/product"}],"about":[{"href":"https:\/\/uj.adatbank.ro\/lexikon\/wp-json\/wp\/v2\/types\/product"}],"replies":[{"embeddable":true,"href":"https:\/\/uj.adatbank.ro\/lexikon\/wp-json\/wp\/v2\/comments?post=24523"}],"wp:attachment":[{"href":"https:\/\/uj.adatbank.ro\/lexikon\/wp-json\/wp\/v2\/media?parent=24523"}],"wp:term":[{"taxonomy":"product_brand","embeddable":true,"href":"https:\/\/uj.adatbank.ro\/lexikon\/wp-json\/wp\/v2\/product_brand?post=24523"},{"taxonomy":"product_cat","embeddable":true,"href":"https:\/\/uj.adatbank.ro\/lexikon\/wp-json\/wp\/v2\/product_cat?post=24523"},{"taxonomy":"product_tag","embeddable":true,"href":"https:\/\/uj.adatbank.ro\/lexikon\/wp-json\/wp\/v2\/product_tag?post=24523"}],"curies":[{"name":"wp","href":"https:\/\/api.w.org\/{rel}","templated":true}]}}