{"id":24527,"date":"2025-08-01T18:10:46","date_gmt":"2025-08-01T16:10:46","guid":{"rendered":"https:\/\/uj.adatbank.ro\/lexikon\/termek\/vetian-maria\/"},"modified":"2025-08-01T18:10:46","modified_gmt":"2025-08-01T16:10:46","slug":"vetian-maria","status":"publish","type":"product","link":"https:\/\/uj.adatbank.ro\/lexikon\/termek\/vetian-maria\/","title":{"rendered":"VE\u0162IAN, Maria"},"content":{"rendered":"<p>Soroph\u00e1za (Maros), 1928. jan. 2., \u2020\u00a0?: sz\u00f6v\u0151n\u0151, k\u00f6lt\u0151, n\u00e9pm\u0171v\u00e9sz. \u2013 N\u00e9pi alkot\u00f3 \u00e9s ir\u00e1ny\u00edt\u00f3. Egy\u00e9ni ki\u00e1ll\u00edt\u00e1sai voltak, t\u00f6bb verseny \u00e9s fesztiv\u00e1l kit\u00fcntetettje. Tagja a Rom\u00e1n Hagyom\u00e1nyos M\u0171v\u00e9szetek Akad\u00e9mi\u00e1j\u00e1nak (1994\u2013). Munk\u00e1i eljutottak: Sv\u00e9dorsz\u00e1gba, Bulg\u00e1ri\u00e1ba Sv\u00e1jcba ki\u00e1ll\u00edt\u00e1sokra, valamint hazai m\u00fazeumokba: Mv, R\u00e9gen, Buk. <br \/><strong>\u2013 Irod.:<\/strong> C.l. (1995. okt. 4.); Con\u0163iu: Florile dalbe, flori de m\u0103r (1996).<\/br><\/p>\n","protected":false},"excerpt":{"rendered":"<p>Soroph\u00e1za (Maros), 1928. jan. 2., \u2020\u00a0?: sz\u00f6v\u0151n\u0151, k\u00f6lt\u0151, n\u00e9pm\u0171v\u00e9sz. \u2013 N\u00e9pi alkot\u00f3 \u00e9s ir\u00e1ny\u00edt\u00f3. Egy\u00e9ni ki\u00e1ll\u00edt\u00e1sai voltak, t\u00f6bb verseny \u00e9s fesztiv\u00e1l kit\u00fcntetettje. Tagja a Rom\u00e1n Hagyom\u00e1nyos M\u0171v\u00e9szetek Akad\u00e9mi\u00e1j\u00e1nak (1994\u2013). Munk\u00e1i eljutottak: Sv\u00e9dorsz\u00e1gba, Bulg\u00e1ri\u00e1ba Sv\u00e1jcba ki\u00e1ll\u00edt\u00e1sokra, valamint hazai m\u00fazeumokba: Mv, R\u00e9gen, Buk. \u2013 Irod.: C.l. (1995. okt. 4.); Con\u0163iu: Florile dalbe, flori de m\u0103r (1996).<\/p>\n","protected":false},"featured_media":0,"comment_status":"open","ping_status":"closed","template":"","meta":[],"product_brand":[],"product_cat":[137],"product_tag":[],"class_list":{"0":"post-24527","1":"product","2":"type-product","3":"status-publish","5":"product_cat-maros-megyei-eletrajzi-lexikon","7":"first","8":"instock","9":"shipping-taxable","10":"product-type-simple"},"_links":{"self":[{"href":"https:\/\/uj.adatbank.ro\/lexikon\/wp-json\/wp\/v2\/product\/24527","targetHints":{"allow":["GET"]}}],"collection":[{"href":"https:\/\/uj.adatbank.ro\/lexikon\/wp-json\/wp\/v2\/product"}],"about":[{"href":"https:\/\/uj.adatbank.ro\/lexikon\/wp-json\/wp\/v2\/types\/product"}],"replies":[{"embeddable":true,"href":"https:\/\/uj.adatbank.ro\/lexikon\/wp-json\/wp\/v2\/comments?post=24527"}],"wp:attachment":[{"href":"https:\/\/uj.adatbank.ro\/lexikon\/wp-json\/wp\/v2\/media?parent=24527"}],"wp:term":[{"taxonomy":"product_brand","embeddable":true,"href":"https:\/\/uj.adatbank.ro\/lexikon\/wp-json\/wp\/v2\/product_brand?post=24527"},{"taxonomy":"product_cat","embeddable":true,"href":"https:\/\/uj.adatbank.ro\/lexikon\/wp-json\/wp\/v2\/product_cat?post=24527"},{"taxonomy":"product_tag","embeddable":true,"href":"https:\/\/uj.adatbank.ro\/lexikon\/wp-json\/wp\/v2\/product_tag?post=24527"}],"curies":[{"name":"wp","href":"https:\/\/api.w.org\/{rel}","templated":true}]}}

VEŢIAN, Maria

<p>Soropháza (Maros), 1928. jan. 2., † ?: szövőnő, költő, népművész. – Népi alkotó és irányító. Egyéni kiállításai voltak, több verseny és fesztivál kitüntetettje. Tagja a Román Hagyományos Művészetek Akadémiájának (1994–). Munkái eljutottak: Svédországba, Bulgáriába Svájcba kiállításokra, valamint hazai múzeumokba: Mv, Régen, Buk. <br /><strong>– Irod.:</strong> C.l. (1995. okt. 4.); Conţiu: Florile dalbe, flori de măr (1996).</br></p>

<p>Soropháza (Maros), 1928. jan. 2., † ?: szövőnő, költő, népművész. – Népi alkotó és irányító. Egyéni kiállításai voltak, több verseny és fesztivál kitüntetettje. Tagja a Román Hagyományos Művészetek Akadémiájának (1994–). Munkái eljutottak: Svédországba, Bulgáriába Svájcba kiállításokra, valamint hazai múzeumokba: Mv, Régen, Buk. – Irod.: C.l. (1995. okt. 4.); Conţiu: Florile dalbe, flori de măr (1996).</p>
