{"id":24532,"date":"2025-08-01T18:10:57","date_gmt":"2025-08-01T16:10:57","guid":{"rendered":"https:\/\/uj.adatbank.ro\/lexikon\/termek\/viciu-alexiu-%c2%a7\/"},"modified":"2025-08-01T18:10:57","modified_gmt":"2025-08-01T16:10:57","slug":"viciu-alexiu-%c2%a7","status":"publish","type":"product","link":"https:\/\/uj.adatbank.ro\/lexikon\/termek\/viciu-alexiu-%c2%a7\/","title":{"rendered":"VICIU, Alexiu, \u00a7"},"content":{"rendered":"<p>Egrest\u0151, 1855. dec. 14., \u2020 Bal\u00e1zsfalva, 1950. febr. 6.: g. kat. pap, tan\u00e1r, folklorista. \u2013 Az elemi iskol\u00e1t a sz\u00fcl\u0151faluj\u00e1ban kezdte (1863\u201364) \u00e9s folytatta Bal\u00e1zsfalv\u00e1n (1864\u201367), ahol a l\u00edc.-ot is v\u00e9gezte (1867\u201368 \u00e9s 1873\u201374), az egyetemi tanulm\u00e1nyait R\u00f3m\u00e1ban a \u201eDe Propaganda Fide\u201d Koll.-ban (1874\u20131877), majd teol\u00f3gi\u00e1t Bal\u00e1zsfalv\u00e1n v\u00e9gzett (1877\u20131879). Pap (1881\u2013), alesperes (1889\u2013). Rom\u00e1n-, g\u00f6r\u00f6g- \u00e9s latintan\u00e1r volt Bal\u00e1zsfalv\u00e1n (1879\u20131911), ekkor nyugd\u00edjazt\u00e1k. Majd tan\u00e1r Buk.-ben (1913), V\u00edzakn\u00e1n, Lipov\u00e1n (1919\u201320); Mv.-en (1920\u201321); Kv.-on (1921\u201322). Folkl\u00f3rgy\u0171jt\u00e9ssel foglalkozott (1872\u2013), tank\u00f6nyveket \u00edrt. N\u00e9pk\u00f6lt\u00e9szeti gy\u0171jt\u0151munk\u00e1ja eredm\u00e9nyeit a Flori de c\u00e2mp c. k\u00f6tetben gy\u0171jt\u00f6tte \u00f6ssze (1913), de n\u00e9zetelt\u00e9r\u00e9sei voltak a Rom. Akad\u00e9mi\u00e1val, ez\u00e9rt munk\u00e1ja k\u00e9ziratban maradt, majd Kv.-on R. Todoran \u00e9s I. Talo\u015f jelentette meg (1976). N\u00e9pk\u00f6lt\u00e9szeti gy\u0171jt\u0151munk\u00e1ja eredm\u00e9nyeit a \u201eFlori de c\u00e2mp\u201d c. k\u00f6tetben gy\u0171jt\u00f6tte \u00f6ssze (1913), de n\u00e9zetelt\u00e9r\u00e9sei voltak a Rom. Akad\u00e9mi\u00e1val, ez\u00e9rt munk\u00e1ja k\u00e9ziratban maradt. Kv.-on R. Todoran \u00e9s I. Talo\u015f jelentette meg (1976). Jelent\u0151s m\u00e9rt\u00e9kben hozz\u00e1j\u00e1rult a rom\u00e1n dialektol\u00f3gia \u00e9s a n\u00e9vt\u00f6rt\u00e9neti t\u00e1r megteremt\u00e9s\u00e9hez. Munkat\u00e1rsa volt a \u201eSf. Vasile cel Mare\u201d L\u00edceum \u00c9vk\u00f6nyv\u00e9nek Bal\u00e1zsfalv\u00e1n, Calendarul Asocia\u0163iunii pe anul 1927, Comoara satelor, Convorbiri literare, Cultura cre\u015ftin\u0103, Foaie bisericeasc\u0103, Foaie scolastic\u0103, Genera\u0163ia nou\u0103, Rom\u00e2nia liber\u0103, Unirea, Universul literar. \u2013  <strong>F. m..:<\/strong> Exerci\u0163iu \u00een partea formaria a gramaticei latine (Blaj, 1883); Legendariu rom\u00e2nesc (Blaj, 1884); Dic\u0163ionariu portativ latin-rom\u00e2n \u015fi rom\u00e2n-latin. 1\u20132. k\u00f6t. (Blaj, 1892\u20131908); Biografiile autorilor latini pt. clasele V-VIII gimnaziale (Blaj, 1892); \u00cencerc\u0103ri \u00een vocalismul limbei rom\u00e2ne (Blaj, 1893); Poetica rom\u00e2n\u0103 a lui I. Maniu (Blaj, 1894); Carte de cetire (Sibiu, 1896); Glosariu de cuvinte dialectale din graiul viu al poporului rom\u00e2n, adunate \u015fi explicate (Blaj, 1899, 1906\u201325); Nume de familie la rom\u00e2nii din Ungaria (Blaj, 1902); Limba rom\u00e2n\u0103 poporan\u0103 \u015fi dialectul sicilian (Blaj, 1904); Comoara \u0163\u0103ranului rom\u00e2n: Numele rom\u00e2ne\u015fti ale animalelor de cas\u0103 (Cluj, 1926); Flori de c\u00e2mp: doine, strig\u0103turi, bocete, balade (Cluj-N., 1976);  <strong>t\u00e1rssz.:<\/strong> Exerci\u0163ii de stil \u00een limba maghiar\u0103 (Nicolau Putnokyval; Blaj, 1898);  <strong> szerk.:<\/strong> Pop Reteganul, Ion: Pove\u015fti ardelene\u015fti (el\u0151sz\u00f3; Bra\u015fov, 1888); Colinde din Ardeal (Buc., 1914); Etnografica (Blaj, 1929). <br \/><strong>\u2013 Irod.:<\/strong> Com\u015fa; Cosma, Niculescu-Varone, G. T.: Bibliografia poeziei noastre populare (Buc., 1936); P\u0103curariu; Predescu; \u015eerban 2006.<\/br><\/p>\n","protected":false},"excerpt":{"rendered":"<p>Egrest\u0151, 1855. dec. 14., \u2020 Bal\u00e1zsfalva, 1950. febr. 6.: g. kat. pap, tan\u00e1r, folklorista. \u2013 Az elemi iskol\u00e1t a sz\u00fcl\u0151faluj\u00e1ban kezdte (1863\u201364) \u00e9s folytatta Bal\u00e1zsfalv\u00e1n (1864\u201367), ahol a l\u00edc.-ot is v\u00e9gezte (1867\u201368 \u00e9s 1873\u201374), az egyetemi tanulm\u00e1nyait R\u00f3m\u00e1ban a \u201eDe Propaganda Fide\u201d Koll.-ban (1874\u20131877), majd teol\u00f3gi\u00e1t Bal\u00e1zsfalv\u00e1n v\u00e9gzett (1877\u20131879). Pap (1881\u2013), alesperes (1889\u2013). Rom\u00e1n-, g\u00f6r\u00f6g- [&hellip;]<\/p>\n","protected":false},"featured_media":0,"comment_status":"open","ping_status":"closed","template":"","meta":[],"product_brand":[],"product_cat":[137],"product_tag":[],"class_list":{"0":"post-24532","1":"product","2":"type-product","3":"status-publish","5":"product_cat-maros-megyei-eletrajzi-lexikon","7":"first","8":"instock","9":"shipping-taxable","10":"product-type-simple"},"_links":{"self":[{"href":"https:\/\/uj.adatbank.ro\/lexikon\/wp-json\/wp\/v2\/product\/24532","targetHints":{"allow":["GET"]}}],"collection":[{"href":"https:\/\/uj.adatbank.ro\/lexikon\/wp-json\/wp\/v2\/product"}],"about":[{"href":"https:\/\/uj.adatbank.ro\/lexikon\/wp-json\/wp\/v2\/types\/product"}],"replies":[{"embeddable":true,"href":"https:\/\/uj.adatbank.ro\/lexikon\/wp-json\/wp\/v2\/comments?post=24532"}],"wp:attachment":[{"href":"https:\/\/uj.adatbank.ro\/lexikon\/wp-json\/wp\/v2\/media?parent=24532"}],"wp:term":[{"taxonomy":"product_brand","embeddable":true,"href":"https:\/\/uj.adatbank.ro\/lexikon\/wp-json\/wp\/v2\/product_brand?post=24532"},{"taxonomy":"product_cat","embeddable":true,"href":"https:\/\/uj.adatbank.ro\/lexikon\/wp-json\/wp\/v2\/product_cat?post=24532"},{"taxonomy":"product_tag","embeddable":true,"href":"https:\/\/uj.adatbank.ro\/lexikon\/wp-json\/wp\/v2\/product_tag?post=24532"}],"curies":[{"name":"wp","href":"https:\/\/api.w.org\/{rel}","templated":true}]}}

<p>Egrestő, 1855. dec. 14., † Balázsfalva, 1950. febr. 6.: g. kat. pap, tanár, folklorista. – Az elemi iskolát a szülőfalujában kezdte (1863–64) és folytatta Balázsfalván (1864–67), ahol a líc.-ot is végezte (1867–68 és 1873–74), az egyetemi tanulmányait Rómában a „De Propaganda Fide” Koll.-ban (1874–1877), majd teológiát Balázsfalván végzett (1877–1879). Pap (1881–), alesperes (1889–). Román-, görög- és latintanár volt Balázsfalván (1879–1911), ekkor nyugdíjazták. Majd tanár Buk.-ben (1913), Vízaknán, Lipován (1919–20); Mv.-en (1920–21); Kv.-on (1921–22). Folklórgyűjtéssel foglalkozott (1872–), tankönyveket írt. Népköltészeti gyűjtőmunkája eredményeit a Flori de câmp c. kötetben gyűjtötte össze (1913), de nézeteltérései voltak a Rom. Akadémiával, ezért munkája kéziratban maradt, majd Kv.-on R. Todoran és I. Taloş jelentette meg (1976). Népköltészeti gyűjtőmunkája eredményeit a „Flori de câmp” c. kötetben gyűjtötte össze (1913), de nézeteltérései voltak a Rom. Akadémiával, ezért munkája kéziratban maradt. Kv.-on R. Todoran és I. Taloş jelentette meg (1976). Jelentős mértékben hozzájárult a román dialektológia és a névtörténeti tár megteremtéséhez. Munkatársa volt a „Sf. Vasile cel Mare” Líceum Évkönyvének Balázsfalván, Calendarul Asociaţiunii pe anul 1927, Comoara satelor, Convorbiri literare, Cultura creştină, Foaie bisericească, Foaie scolastică, Generaţia nouă, România liberă, Unirea, Universul literar. –  <strong>F. m..:</strong> Exerciţiu în partea formaria a gramaticei latine (Blaj, 1883); Legendariu românesc (Blaj, 1884); Dicţionariu portativ latin-român şi român-latin. 1–2. köt. (Blaj, 1892–1908); Biografiile autorilor latini pt. clasele V-VIII gimnaziale (Blaj, 1892); Încercări în vocalismul limbei române (Blaj, 1893); Poetica română a lui I. Maniu (Blaj, 1894); Carte de cetire (Sibiu, 1896); Glosariu de cuvinte dialectale din graiul viu al poporului român, adunate şi explicate (Blaj, 1899, 1906–25); Nume de familie la românii din Ungaria (Blaj, 1902); Limba română poporană şi dialectul sicilian (Blaj, 1904); Comoara ţăranului român: Numele româneşti ale animalelor de casă (Cluj, 1926); Flori de câmp: doine, strigături, bocete, balade (Cluj-N., 1976);  <strong>társsz.:</strong> Exerciţii de stil în limba maghiară (Nicolau Putnokyval; Blaj, 1898);  <strong> szerk.:</strong> Pop Reteganul, Ion: Poveşti ardeleneşti (előszó; Braşov, 1888); Colinde din Ardeal (Buc., 1914); Etnografica (Blaj, 1929). <br /><strong>– Irod.:</strong> Comşa; Cosma, Niculescu-Varone, G. T.: Bibliografia poeziei noastre populare (Buc., 1936); Păcurariu; Predescu; Şerban 2006.</br></p>

<p>Egrestő, 1855. dec. 14., † Balázsfalva, 1950. febr. 6.: g. kat. pap, tanár, folklorista. – Az elemi iskolát a szülőfalujában kezdte (1863–64) és folytatta Balázsfalván (1864–67), ahol a líc.-ot is végezte (1867–68 és 1873–74), az egyetemi tanulmányait Rómában a „De Propaganda Fide” Koll.-ban (1874–1877), majd teológiát Balázsfalván végzett (1877–1879). Pap (1881–), alesperes (1889–). Román-, görög- [&hellip;]</p>
