{"id":24533,"date":"2025-08-01T18:10:58","date_gmt":"2025-08-01T16:10:58","guid":{"rendered":"https:\/\/uj.adatbank.ro\/lexikon\/termek\/viciu-benedict-din-agristeu\/"},"modified":"2025-08-01T18:10:58","modified_gmt":"2025-08-01T16:10:58","slug":"viciu-benedict-din-agristeu","status":"publish","type":"product","link":"https:\/\/uj.adatbank.ro\/lexikon\/termek\/viciu-benedict-din-agristeu\/","title":{"rendered":"VICIU, Benedict din Agri\u015fteu"},"content":{"rendered":"<p>Egrest\u0151, \u2020\u00a0Egrest\u0151, ?: jegyz\u0151, folklorista. \u2013 Alexiu Viciu, folklorista, legid\u0151sebb testv\u00e9re. Apja g. kat pap volt (1850\u201381) Egrest\u0151n, a 17. sz. v\u00e9g\u00e9n \u00e9p\u00fclt fatemplomban, amit lebontottak (1949). V. B. jegyz\u0151k\u00e9nt tev\u00e9kenykedett Egrest\u0151n eg\u00e9sz \u00e9let\u00e9ben, er\u0151szakos nyugd\u00edjaz\u00e1s\u00e1ig a 20. sz. elej\u00e9n, innen ered az ut\u00f3neve. N\u00e9pk\u00f6lt\u00e9szeti gy\u0171jt\u0151munk\u00e1j\u00e1n: lakodalmas rigmusokat, verseket gy\u0171jt\u00f6tt, majd gy\u0171jtem\u00e9ny\u00e9t elk\u00fcldte Szebenbe, a Tirbuna c.lapnak (1884), k\u00e9s\u0151bb tanulm\u00e1nyt is \u00edrt a t\u00e9m\u00e1r\u00f3l (Col\u0103c\u0103ritul), amit a gy\u0171jt\u00f6tt folkl\u00f3ranyaggal egy\u00fctt, egyetlen megjelent k\u00f6tetben, a Tribuna keret\u00e9ben nyomtat\u00e1sban is kiadott (1885). A Tribuna has\u00e1bjain jelent meg a h\u00e1zass\u00e1ghoz k\u00f6t\u0151d\u0151 M\u0103rul de cununie c. jellegzetes helyi n\u00e9pszok\u00e1s ismertet\u00e9se. \u2013  <strong>F. m..:<\/strong> C\u0103l\u0103c\u0103rit: Obiceiurile \u0163\u0103ranilor rom\u00e2ni la nunt\u0103 (Sibiu, 1885). <br \/><strong>\u2013 Irod.:<\/strong> \u015eerban 2006.<\/br><\/p>\n","protected":false},"excerpt":{"rendered":"<p>Egrest\u0151, \u2020\u00a0Egrest\u0151, ?: jegyz\u0151, folklorista. \u2013 Alexiu Viciu, folklorista, legid\u0151sebb testv\u00e9re. Apja g. kat pap volt (1850\u201381) Egrest\u0151n, a 17. sz. v\u00e9g\u00e9n \u00e9p\u00fclt fatemplomban, amit lebontottak (1949). V. B. jegyz\u0151k\u00e9nt tev\u00e9kenykedett Egrest\u0151n eg\u00e9sz \u00e9let\u00e9ben, er\u0151szakos nyugd\u00edjaz\u00e1s\u00e1ig a 20. sz. elej\u00e9n, innen ered az ut\u00f3neve. N\u00e9pk\u00f6lt\u00e9szeti gy\u0171jt\u0151munk\u00e1j\u00e1n: lakodalmas rigmusokat, verseket gy\u0171jt\u00f6tt, majd gy\u0171jtem\u00e9ny\u00e9t elk\u00fcldte Szebenbe, a [&hellip;]<\/p>\n","protected":false},"featured_media":0,"comment_status":"open","ping_status":"closed","template":"","meta":[],"product_brand":[],"product_cat":[137],"product_tag":[],"class_list":{"0":"post-24533","1":"product","2":"type-product","3":"status-publish","5":"product_cat-maros-megyei-eletrajzi-lexikon","7":"first","8":"instock","9":"shipping-taxable","10":"product-type-simple"},"_links":{"self":[{"href":"https:\/\/uj.adatbank.ro\/lexikon\/wp-json\/wp\/v2\/product\/24533","targetHints":{"allow":["GET"]}}],"collection":[{"href":"https:\/\/uj.adatbank.ro\/lexikon\/wp-json\/wp\/v2\/product"}],"about":[{"href":"https:\/\/uj.adatbank.ro\/lexikon\/wp-json\/wp\/v2\/types\/product"}],"replies":[{"embeddable":true,"href":"https:\/\/uj.adatbank.ro\/lexikon\/wp-json\/wp\/v2\/comments?post=24533"}],"wp:attachment":[{"href":"https:\/\/uj.adatbank.ro\/lexikon\/wp-json\/wp\/v2\/media?parent=24533"}],"wp:term":[{"taxonomy":"product_brand","embeddable":true,"href":"https:\/\/uj.adatbank.ro\/lexikon\/wp-json\/wp\/v2\/product_brand?post=24533"},{"taxonomy":"product_cat","embeddable":true,"href":"https:\/\/uj.adatbank.ro\/lexikon\/wp-json\/wp\/v2\/product_cat?post=24533"},{"taxonomy":"product_tag","embeddable":true,"href":"https:\/\/uj.adatbank.ro\/lexikon\/wp-json\/wp\/v2\/product_tag?post=24533"}],"curies":[{"name":"wp","href":"https:\/\/api.w.org\/{rel}","templated":true}]}}

VICIU, Benedict din Agrişteu

<p>Egrestő, † Egrestő, ?: jegyző, folklorista. – Alexiu Viciu, folklorista, legidősebb testvére. Apja g. kat pap volt (1850–81) Egrestőn, a 17. sz. végén épült fatemplomban, amit lebontottak (1949). V. B. jegyzőként tevékenykedett Egrestőn egész életében, erőszakos nyugdíjazásáig a 20. sz. elején, innen ered az utóneve. Népköltészeti gyűjtőmunkáján: lakodalmas rigmusokat, verseket gyűjtött, majd gyűjteményét elküldte Szebenbe, a Tirbuna c.lapnak (1884), később tanulmányt is írt a témáról (Colăcăritul), amit a gyűjtött folklóranyaggal együtt, egyetlen megjelent kötetben, a Tribuna keretében nyomtatásban is kiadott (1885). A Tribuna hasábjain jelent meg a házassághoz kötődő Mărul de cununie c. jellegzetes helyi népszokás ismertetése. –  <strong>F. m..:</strong> Călăcărit: Obiceiurile ţăranilor români la nuntă (Sibiu, 1885). <br /><strong>– Irod.:</strong> Şerban 2006.</br></p>

<p>Egrestő, † Egrestő, ?: jegyző, folklorista. – Alexiu Viciu, folklorista, legidősebb testvére. Apja g. kat pap volt (1850–81) Egrestőn, a 17. sz. végén épült fatemplomban, amit lebontottak (1949). V. B. jegyzőként tevékenykedett Egrestőn egész életében, erőszakos nyugdíjazásáig a 20. sz. elején, innen ered az utóneve. Népköltészeti gyűjtőmunkáján: lakodalmas rigmusokat, verseket gyűjtött, majd gyűjteményét elküldte Szebenbe, a [&hellip;]</p>
