{"id":24535,"date":"2025-08-01T18:11:03","date_gmt":"2025-08-01T16:11:03","guid":{"rendered":"https:\/\/uj.adatbank.ro\/lexikon\/termek\/viciu-emil\/"},"modified":"2025-08-01T18:11:03","modified_gmt":"2025-08-01T16:11:03","slug":"viciu-emil","status":"publish","type":"product","link":"https:\/\/uj.adatbank.ro\/lexikon\/termek\/viciu-emil\/","title":{"rendered":"VICIU, Emil"},"content":{"rendered":"<p>Ny\u00e1r\u00e1dt\u0151, 1863. aug. 26., \u2020 1912.: tan\u00e1r, tank\u00f6nyvszerz\u0151. \u2013 A k\u00f6z\u00e9piskol\u00e1t Mv.-en \u00e9s Bal\u00e1zsfalv\u00e1n v\u00e9gezte, teol\u00f3gi\u00e1t tanult Bp.-en (1882\u201386), matematik\u00e1t \u00e9s fizik\u00e1t uo. kezdett majd a kv.-i egyetemen v\u00e9gzett (1887\u201389); papp\u00e1 szentelt\u00e9k (1889). Matematika- fizikatan\u00e1r Bal\u00e1zsfalv\u00e1n a gimn\u00e1ziumban (1889\u2013), ahol a szemin\u00e1rium rektora is (1898\u20131903). Sz\u00e1mos tank\u00f6nyvet \u00edrt, valamint tudom\u00e1nyos dolgozatai jelentek meg az Unirea, Foaia scolastic\u00e1ban. \u2013  <strong>F. m..:<\/strong> Algebr\u0103 pentru cl. IV-VIII (Blaj, 1896); Chestiunea educa\u0163iunei (1903);  <strong>t\u00e1rssz.:<\/strong> Fizic\u0103 pentru clasa VII. \u015fi VIII. gimn.(Blaj, 1898.); Fizica poporal\u0103 (1898); Geometria pentru gimnaziul superior (1900). <br \/><strong>\u2013 Irod.:<\/strong> Chiorean 2008; Comsa; Fola; Georgescu, Ioan: Emil Viciu pedagogul \u015fi opera sa (Sibiu, 1334); Predescu; Sigmirean; \u015eerban 2006; Todea; Ungheni \u2013735.<\/br><\/p>\n","protected":false},"excerpt":{"rendered":"<p>Ny\u00e1r\u00e1dt\u0151, 1863. aug. 26., \u2020 1912.: tan\u00e1r, tank\u00f6nyvszerz\u0151. \u2013 A k\u00f6z\u00e9piskol\u00e1t Mv.-en \u00e9s Bal\u00e1zsfalv\u00e1n v\u00e9gezte, teol\u00f3gi\u00e1t tanult Bp.-en (1882\u201386), matematik\u00e1t \u00e9s fizik\u00e1t uo. kezdett majd a kv.-i egyetemen v\u00e9gzett (1887\u201389); papp\u00e1 szentelt\u00e9k (1889). Matematika- fizikatan\u00e1r Bal\u00e1zsfalv\u00e1n a gimn\u00e1ziumban (1889\u2013), ahol a szemin\u00e1rium rektora is (1898\u20131903). Sz\u00e1mos tank\u00f6nyvet \u00edrt, valamint tudom\u00e1nyos dolgozatai jelentek meg az Unirea, [&hellip;]<\/p>\n","protected":false},"featured_media":0,"comment_status":"open","ping_status":"closed","template":"","meta":[],"product_brand":[],"product_cat":[137],"product_tag":[],"class_list":{"0":"post-24535","1":"product","2":"type-product","3":"status-publish","5":"product_cat-maros-megyei-eletrajzi-lexikon","7":"first","8":"instock","9":"shipping-taxable","10":"product-type-simple"},"_links":{"self":[{"href":"https:\/\/uj.adatbank.ro\/lexikon\/wp-json\/wp\/v2\/product\/24535","targetHints":{"allow":["GET"]}}],"collection":[{"href":"https:\/\/uj.adatbank.ro\/lexikon\/wp-json\/wp\/v2\/product"}],"about":[{"href":"https:\/\/uj.adatbank.ro\/lexikon\/wp-json\/wp\/v2\/types\/product"}],"replies":[{"embeddable":true,"href":"https:\/\/uj.adatbank.ro\/lexikon\/wp-json\/wp\/v2\/comments?post=24535"}],"wp:attachment":[{"href":"https:\/\/uj.adatbank.ro\/lexikon\/wp-json\/wp\/v2\/media?parent=24535"}],"wp:term":[{"taxonomy":"product_brand","embeddable":true,"href":"https:\/\/uj.adatbank.ro\/lexikon\/wp-json\/wp\/v2\/product_brand?post=24535"},{"taxonomy":"product_cat","embeddable":true,"href":"https:\/\/uj.adatbank.ro\/lexikon\/wp-json\/wp\/v2\/product_cat?post=24535"},{"taxonomy":"product_tag","embeddable":true,"href":"https:\/\/uj.adatbank.ro\/lexikon\/wp-json\/wp\/v2\/product_tag?post=24535"}],"curies":[{"name":"wp","href":"https:\/\/api.w.org\/{rel}","templated":true}]}}

<p>Nyárádtő, 1863. aug. 26., † 1912.: tanár, tankönyvszerző. – A középiskolát Mv.-en és Balázsfalván végezte, teológiát tanult Bp.-en (1882–86), matematikát és fizikát uo. kezdett majd a kv.-i egyetemen végzett (1887–89); pappá szentelték (1889). Matematika- fizikatanár Balázsfalván a gimnáziumban (1889–), ahol a szeminárium rektora is (1898–1903). Számos tankönyvet írt, valamint tudományos dolgozatai jelentek meg az Unirea, Foaia scolasticában. –  <strong>F. m..:</strong> Algebră pentru cl. IV-VIII (Blaj, 1896); Chestiunea educaţiunei (1903);  <strong>társsz.:</strong> Fizică pentru clasa VII. şi VIII. gimn.(Blaj, 1898.); Fizica poporală (1898); Geometria pentru gimnaziul superior (1900). <br /><strong>– Irod.:</strong> Chiorean 2008; Comsa; Fola; Georgescu, Ioan: Emil Viciu pedagogul şi opera sa (Sibiu, 1334); Predescu; Sigmirean; Şerban 2006; Todea; Ungheni –735.</br></p>

<p>Nyárádtő, 1863. aug. 26., † 1912.: tanár, tankönyvszerző. – A középiskolát Mv.-en és Balázsfalván végezte, teológiát tanult Bp.-en (1882–86), matematikát és fizikát uo. kezdett majd a kv.-i egyetemen végzett (1887–89); pappá szentelték (1889). Matematika- fizikatanár Balázsfalván a gimnáziumban (1889–), ahol a szeminárium rektora is (1898–1903). Számos tankönyvet írt, valamint tudományos dolgozatai jelentek meg az Unirea, [&hellip;]</p>
