{"id":24536,"date":"2025-08-01T18:11:05","date_gmt":"2025-08-01T16:11:05","guid":{"rendered":"https:\/\/uj.adatbank.ro\/lexikon\/termek\/viciu-emil-2\/"},"modified":"2025-08-01T18:11:05","modified_gmt":"2025-08-01T16:11:05","slug":"viciu-emil-2","status":"publish","type":"product","link":"https:\/\/uj.adatbank.ro\/lexikon\/termek\/viciu-emil-2\/","title":{"rendered":"VICIU, Emil"},"content":{"rendered":"<p>Ny\u00e1r\u00e1dt\u0151, 1912. m\u00e1j. 17., \u2020\u00a0?: orvos. \u2013 Tanult a mv.-i Papiu Ilarian L\u00edc.-ban (1928), majd a kv.-i orvosi egyetemet v\u00e9gezte. Vezette Kv.-on az 1. sz Klinika elektrokardiogr\u00e1fiai laborat\u00f3rium\u00e1t; majd Buk-ben dolgozott a CFR Poliklinikakardiol\u00f3giai oszt\u00e1ly\u00e1n (1940\u2013); tan\u00e1rseg\u00e9d a 4. sz Klinik\u00e1n a Coltea k\u00f3rh\u00e1zban. T\u00f6bb mint 100 tudom\u00e1nyos dolgozata jelent meg szakfoly\u00f3iratokban, r\u00e9szt vett nemzetk\u00f6zi kardiol\u00f3giai kongresszusokon. \u2013  <strong>F. m..:<\/strong> Tulbur\u0103rile de ritm ale inimii: clinic\u0103, electrocardiografie, tratament. (Buc., 1942.); Cum trat\u0103m insuficien\u0163a cardiac\u0103 (Buc., 1967);  <strong>t\u00e1rssz.:<\/strong> Cardiologia (Buc., 1960.); Electrocardiografia clinic\u0103 (szerk., Buc., 1962); Mecanofono-cardiografie (Apetrei Eduarddal; Buc., 1977); Arteriopatiile periferice (Apetrei Eduarddal; Buc., 1979). <br \/><strong>\u2013 Irod.:<\/strong> Liceul Papiu Ilarian la 75 de ani, Todea.<\/br><\/p>\n","protected":false},"excerpt":{"rendered":"<p>Ny\u00e1r\u00e1dt\u0151, 1912. m\u00e1j. 17., \u2020\u00a0?: orvos. \u2013 Tanult a mv.-i Papiu Ilarian L\u00edc.-ban (1928), majd a kv.-i orvosi egyetemet v\u00e9gezte. Vezette Kv.-on az 1. sz Klinika elektrokardiogr\u00e1fiai laborat\u00f3rium\u00e1t; majd Buk-ben dolgozott a CFR Poliklinikakardiol\u00f3giai oszt\u00e1ly\u00e1n (1940\u2013); tan\u00e1rseg\u00e9d a 4. sz Klinik\u00e1n a Coltea k\u00f3rh\u00e1zban. T\u00f6bb mint 100 tudom\u00e1nyos dolgozata jelent meg szakfoly\u00f3iratokban, r\u00e9szt vett nemzetk\u00f6zi [&hellip;]<\/p>\n","protected":false},"featured_media":0,"comment_status":"open","ping_status":"closed","template":"","meta":[],"product_brand":[],"product_cat":[137],"product_tag":[],"class_list":{"0":"post-24536","1":"product","2":"type-product","3":"status-publish","5":"product_cat-maros-megyei-eletrajzi-lexikon","7":"first","8":"instock","9":"shipping-taxable","10":"product-type-simple"},"_links":{"self":[{"href":"https:\/\/uj.adatbank.ro\/lexikon\/wp-json\/wp\/v2\/product\/24536","targetHints":{"allow":["GET"]}}],"collection":[{"href":"https:\/\/uj.adatbank.ro\/lexikon\/wp-json\/wp\/v2\/product"}],"about":[{"href":"https:\/\/uj.adatbank.ro\/lexikon\/wp-json\/wp\/v2\/types\/product"}],"replies":[{"embeddable":true,"href":"https:\/\/uj.adatbank.ro\/lexikon\/wp-json\/wp\/v2\/comments?post=24536"}],"wp:attachment":[{"href":"https:\/\/uj.adatbank.ro\/lexikon\/wp-json\/wp\/v2\/media?parent=24536"}],"wp:term":[{"taxonomy":"product_brand","embeddable":true,"href":"https:\/\/uj.adatbank.ro\/lexikon\/wp-json\/wp\/v2\/product_brand?post=24536"},{"taxonomy":"product_cat","embeddable":true,"href":"https:\/\/uj.adatbank.ro\/lexikon\/wp-json\/wp\/v2\/product_cat?post=24536"},{"taxonomy":"product_tag","embeddable":true,"href":"https:\/\/uj.adatbank.ro\/lexikon\/wp-json\/wp\/v2\/product_tag?post=24536"}],"curies":[{"name":"wp","href":"https:\/\/api.w.org\/{rel}","templated":true}]}}

<p>Nyárádtő, 1912. máj. 17., † ?: orvos. – Tanult a mv.-i Papiu Ilarian Líc.-ban (1928), majd a kv.-i orvosi egyetemet végezte. Vezette Kv.-on az 1. sz Klinika elektrokardiográfiai laboratóriumát; majd Buk-ben dolgozott a CFR Poliklinikakardiológiai osztályán (1940–); tanársegéd a 4. sz Klinikán a Coltea kórházban. Több mint 100 tudományos dolgozata jelent meg szakfolyóiratokban, részt vett nemzetközi kardiológiai kongresszusokon. –  <strong>F. m..:</strong> Tulburările de ritm ale inimii: clinică, electrocardiografie, tratament. (Buc., 1942.); Cum tratăm insuficienţa cardiacă (Buc., 1967);  <strong>társsz.:</strong> Cardiologia (Buc., 1960.); Electrocardiografia clinică (szerk., Buc., 1962); Mecanofono-cardiografie (Apetrei Eduarddal; Buc., 1977); Arteriopatiile periferice (Apetrei Eduarddal; Buc., 1979). <br /><strong>– Irod.:</strong> Liceul Papiu Ilarian la 75 de ani, Todea.</br></p>

<p>Nyárádtő, 1912. máj. 17., † ?: orvos. – Tanult a mv.-i Papiu Ilarian Líc.-ban (1928), majd a kv.-i orvosi egyetemet végezte. Vezette Kv.-on az 1. sz Klinika elektrokardiográfiai laboratóriumát; majd Buk-ben dolgozott a CFR Poliklinikakardiológiai osztályán (1940–); tanársegéd a 4. sz Klinikán a Coltea kórházban. Több mint 100 tudományos dolgozata jelent meg szakfolyóiratokban, részt vett nemzetközi [&hellip;]</p>
