{"id":24537,"date":"2025-08-01T18:11:07","date_gmt":"2025-08-01T16:11:07","guid":{"rendered":"https:\/\/uj.adatbank.ro\/lexikon\/termek\/viciu-emilia\/"},"modified":"2025-08-01T18:11:07","modified_gmt":"2025-08-01T16:11:07","slug":"viciu-emilia","status":"publish","type":"product","link":"https:\/\/uj.adatbank.ro\/lexikon\/termek\/viciu-emilia\/","title":{"rendered":"VICIU, Emilia"},"content":{"rendered":"<p>Mez\u0151szokol, 1913. febr. 24., \u2020\u00a0Bal\u00e1zsfalva, 1995. j\u00fal.: tan\u00e1rn\u0151. \u2013 Mv.-en tanult, az Unirea L\u00edc.-ban \u00e9retts\u00e9gizett (1930); Kv.-on szerzett filoz\u00f3fia, pedag\u00f3gia szakos egyetemi oklevelet (1936), k\u00e9pes\u00edt\u00e9si vizsg\u00e1t tett (1943\u201344).Tan\u00edtott pedag\u00f3gi\u00e1t Kv.-on a tan\u00edt\u00f3k\u00e9pz\u0151ben (1936\u201339), Suceav\u00e1n a Maria Doamna Le\u00e1nyl\u00edceumban (1939\u201340), Bal\u00e1zsfalv\u00e1n a tan\u00edt\u00f3k\u00e9pz\u0151ben (1940\u201345), Nagyk\u00e1rolyban a tan\u00edt\u00f3k\u00e9pz\u0151 igazgat\u00f3ja (1945\u201348). Elt\u00e1vol\u00edt\u00e1sa ut\u00e1n kishivatalnok, k\u00f6nyvel\u0151 Bal\u00e1zsfalv\u00e1n a szeszrakt\u00e1rban (1948\u201352), Letart\u00f3ztatt\u00e1k g. kat. hite \u00e9s vall\u00e1sos tev\u00e9kenys\u00e9ge miatt, 6 h\u00f3napig tartott\u00e1k fogva Fogaras, Brass\u00f3 \u00e9s Szatm\u00e1r b\u00f6rt\u00f6neiben. K\u00f6nyvel\u0151 volt Bal\u00e1zsfalv\u00e1n a diszn\u00f3h\u00edzlald\u00e1ban (1953\u201354), a vinalcoholn\u00e1l (1954\u201356). \u00dajra tan\u00edthatott Avasfels\u0151faluban (1956\u201357), Nagyselyken (1957\u201361), Bal\u00e1zsfalv\u00e1n a k\u00f6z\u00e9piskol\u00e1ban nyugd\u00edjaztat\u00e1s\u00e1ig(1961\u201370). <br \/><strong>\u2013 Irod.:<\/strong> Com\u015fa\u2013\u015eeiceanu; Todea 2013.<\/br><\/p>\n","protected":false},"excerpt":{"rendered":"<p>Mez\u0151szokol, 1913. febr. 24., \u2020\u00a0Bal\u00e1zsfalva, 1995. j\u00fal.: tan\u00e1rn\u0151. \u2013 Mv.-en tanult, az Unirea L\u00edc.-ban \u00e9retts\u00e9gizett (1930); Kv.-on szerzett filoz\u00f3fia, pedag\u00f3gia szakos egyetemi oklevelet (1936), k\u00e9pes\u00edt\u00e9si vizsg\u00e1t tett (1943\u201344).Tan\u00edtott pedag\u00f3gi\u00e1t Kv.-on a tan\u00edt\u00f3k\u00e9pz\u0151ben (1936\u201339), Suceav\u00e1n a Maria Doamna Le\u00e1nyl\u00edceumban (1939\u201340), Bal\u00e1zsfalv\u00e1n a tan\u00edt\u00f3k\u00e9pz\u0151ben (1940\u201345), Nagyk\u00e1rolyban a tan\u00edt\u00f3k\u00e9pz\u0151 igazgat\u00f3ja (1945\u201348). Elt\u00e1vol\u00edt\u00e1sa ut\u00e1n kishivatalnok, k\u00f6nyvel\u0151 Bal\u00e1zsfalv\u00e1n a szeszrakt\u00e1rban [&hellip;]<\/p>\n","protected":false},"featured_media":0,"comment_status":"open","ping_status":"closed","template":"","meta":[],"product_brand":[],"product_cat":[137],"product_tag":[],"class_list":{"0":"post-24537","1":"product","2":"type-product","3":"status-publish","5":"product_cat-maros-megyei-eletrajzi-lexikon","7":"first","8":"instock","9":"shipping-taxable","10":"product-type-simple"},"_links":{"self":[{"href":"https:\/\/uj.adatbank.ro\/lexikon\/wp-json\/wp\/v2\/product\/24537","targetHints":{"allow":["GET"]}}],"collection":[{"href":"https:\/\/uj.adatbank.ro\/lexikon\/wp-json\/wp\/v2\/product"}],"about":[{"href":"https:\/\/uj.adatbank.ro\/lexikon\/wp-json\/wp\/v2\/types\/product"}],"replies":[{"embeddable":true,"href":"https:\/\/uj.adatbank.ro\/lexikon\/wp-json\/wp\/v2\/comments?post=24537"}],"wp:attachment":[{"href":"https:\/\/uj.adatbank.ro\/lexikon\/wp-json\/wp\/v2\/media?parent=24537"}],"wp:term":[{"taxonomy":"product_brand","embeddable":true,"href":"https:\/\/uj.adatbank.ro\/lexikon\/wp-json\/wp\/v2\/product_brand?post=24537"},{"taxonomy":"product_cat","embeddable":true,"href":"https:\/\/uj.adatbank.ro\/lexikon\/wp-json\/wp\/v2\/product_cat?post=24537"},{"taxonomy":"product_tag","embeddable":true,"href":"https:\/\/uj.adatbank.ro\/lexikon\/wp-json\/wp\/v2\/product_tag?post=24537"}],"curies":[{"name":"wp","href":"https:\/\/api.w.org\/{rel}","templated":true}]}}

<p>Mezőszokol, 1913. febr. 24., † Balázsfalva, 1995. júl.: tanárnő. – Mv.-en tanult, az Unirea Líc.-ban érettségizett (1930); Kv.-on szerzett filozófia, pedagógia szakos egyetemi oklevelet (1936), képesítési vizsgát tett (1943–44).Tanított pedagógiát Kv.-on a tanítóképzőben (1936–39), Suceaván a Maria Doamna Leánylíceumban (1939–40), Balázsfalván a tanítóképzőben (1940–45), Nagykárolyban a tanítóképző igazgatója (1945–48). Eltávolítása után kishivatalnok, könyvelő Balázsfalván a szeszraktárban (1948–52), Letartóztatták g. kat. hite és vallásos tevékenysége miatt, 6 hónapig tartották fogva Fogaras, Brassó és Szatmár börtöneiben. Könyvelő volt Balázsfalván a disznóhízlaldában (1953–54), a vinalcoholnál (1954–56). Újra taníthatott Avasfelsőfaluban (1956–57), Nagyselyken (1957–61), Balázsfalván a középiskolában nyugdíjaztatásáig(1961–70). <br /><strong>– Irod.:</strong> Comşa–Şeiceanu; Todea 2013.</br></p>

<p>Mezőszokol, 1913. febr. 24., † Balázsfalva, 1995. júl.: tanárnő. – Mv.-en tanult, az Unirea Líc.-ban érettségizett (1930); Kv.-on szerzett filozófia, pedagógia szakos egyetemi oklevelet (1936), képesítési vizsgát tett (1943–44).Tanított pedagógiát Kv.-on a tanítóképzőben (1936–39), Suceaván a Maria Doamna Leánylíceumban (1939–40), Balázsfalván a tanítóképzőben (1940–45), Nagykárolyban a tanítóképző igazgatója (1945–48). Eltávolítása után kishivatalnok, könyvelő Balázsfalván a szeszraktárban [&hellip;]</p>
