{"id":24538,"date":"2025-08-01T18:11:10","date_gmt":"2025-08-01T16:11:10","guid":{"rendered":"https:\/\/uj.adatbank.ro\/lexikon\/termek\/viciu-gabriela-%c2%a7\/"},"modified":"2025-08-01T18:11:10","modified_gmt":"2025-08-01T16:11:10","slug":"viciu-gabriela-%c2%a7","status":"publish","type":"product","link":"https:\/\/uj.adatbank.ro\/lexikon\/termek\/viciu-gabriela-%c2%a7\/","title":{"rendered":"VICIU, Gabriela, \u00a7"},"content":{"rendered":"<p>Lugos, 1944. dec. 22., \u2020 Mv., 2003. m\u00e1rc. 7., eltemetve Lugoson: tan\u00e1r, sportol\u00f3. \u2013 L\u00edc.-ot Lugosban, Pedag\u00f3giai F\u0151isk.-t Temesv\u00e1ron v\u00e9gzett (1965). Ezut\u00e1n k\u00f6nyvt\u00e1ros lett. Helyettes tan\u00e1rk\u00e9nt Buk.-ben a 101.sz \u00c1lt. Isk.-ban tan\u00edtott testnevel\u00e9st (1968\u2013). Letette a tan\u00fcgyi v\u00e9gleges\u00edt\u0151 vizsg\u00e1t (1971), a II. tan\u00fcgyi fokozati vizsg\u00e1t (1979), az I. fokozatit (1985). Mag\u00e1n\u00faton tov\u00e1bb folytatta tanulm\u00e1nyait a buk.-i Testnevel\u00e9si \u00e9s Sport Int\u00e9zet torna szak\u00e1n (1974\u2013). Temesv\u00e1ron tornaedz\u0151k\u00e9nt dolgozott az Olimpia Sportegyes\u00fcletn\u00e9l \u00e9s t\u00f6bb iskol\u00e1ban tan\u00e1rk\u00e9nt is oktatott (1973. febr. 1. \u2013). \u00c1ttelepedett Mv.-re, ahol a 4. sz. \u00c1lt. Isk. tornatan\u00e1ra nyugd\u00edjaz\u00e1s\u00e1ig (2002). Nyugd\u00edjask\u00e9nt a Papiu L\u00edc.-ban tan\u00edtott, ahol aerobik torn\u00e1sz csapatot l\u00e9tes\u00edtett. Tagja volt az orsz\u00e1gos olimpiai keretnek. S\u00edzett \u00e9s \u00faszott. <br \/><strong>\u2013 Irod.:<\/strong> Dasc\u0103lii Papiului.<\/br><\/p>\n","protected":false},"excerpt":{"rendered":"<p>Lugos, 1944. dec. 22., \u2020 Mv., 2003. m\u00e1rc. 7., eltemetve Lugoson: tan\u00e1r, sportol\u00f3. \u2013 L\u00edc.-ot Lugosban, Pedag\u00f3giai F\u0151isk.-t Temesv\u00e1ron v\u00e9gzett (1965). Ezut\u00e1n k\u00f6nyvt\u00e1ros lett. Helyettes tan\u00e1rk\u00e9nt Buk.-ben a 101.sz \u00c1lt. Isk.-ban tan\u00edtott testnevel\u00e9st (1968\u2013). Letette a tan\u00fcgyi v\u00e9gleges\u00edt\u0151 vizsg\u00e1t (1971), a II. tan\u00fcgyi fokozati vizsg\u00e1t (1979), az I. fokozatit (1985). Mag\u00e1n\u00faton tov\u00e1bb folytatta tanulm\u00e1nyait a [&hellip;]<\/p>\n","protected":false},"featured_media":0,"comment_status":"open","ping_status":"closed","template":"","meta":[],"product_brand":[],"product_cat":[137],"product_tag":[],"class_list":{"0":"post-24538","1":"product","2":"type-product","3":"status-publish","5":"product_cat-maros-megyei-eletrajzi-lexikon","7":"first","8":"instock","9":"shipping-taxable","10":"product-type-simple"},"_links":{"self":[{"href":"https:\/\/uj.adatbank.ro\/lexikon\/wp-json\/wp\/v2\/product\/24538","targetHints":{"allow":["GET"]}}],"collection":[{"href":"https:\/\/uj.adatbank.ro\/lexikon\/wp-json\/wp\/v2\/product"}],"about":[{"href":"https:\/\/uj.adatbank.ro\/lexikon\/wp-json\/wp\/v2\/types\/product"}],"replies":[{"embeddable":true,"href":"https:\/\/uj.adatbank.ro\/lexikon\/wp-json\/wp\/v2\/comments?post=24538"}],"wp:attachment":[{"href":"https:\/\/uj.adatbank.ro\/lexikon\/wp-json\/wp\/v2\/media?parent=24538"}],"wp:term":[{"taxonomy":"product_brand","embeddable":true,"href":"https:\/\/uj.adatbank.ro\/lexikon\/wp-json\/wp\/v2\/product_brand?post=24538"},{"taxonomy":"product_cat","embeddable":true,"href":"https:\/\/uj.adatbank.ro\/lexikon\/wp-json\/wp\/v2\/product_cat?post=24538"},{"taxonomy":"product_tag","embeddable":true,"href":"https:\/\/uj.adatbank.ro\/lexikon\/wp-json\/wp\/v2\/product_tag?post=24538"}],"curies":[{"name":"wp","href":"https:\/\/api.w.org\/{rel}","templated":true}]}}

<p>Lugos, 1944. dec. 22., † Mv., 2003. márc. 7., eltemetve Lugoson: tanár, sportoló. – Líc.-ot Lugosban, Pedagógiai Főisk.-t Temesváron végzett (1965). Ezután könyvtáros lett. Helyettes tanárként Buk.-ben a 101.sz Ált. Isk.-ban tanított testnevelést (1968–). Letette a tanügyi véglegesítő vizsgát (1971), a II. tanügyi fokozati vizsgát (1979), az I. fokozatit (1985). Magánúton tovább folytatta tanulmányait a buk.-i Testnevelési és Sport Intézet torna szakán (1974–). Temesváron tornaedzőként dolgozott az Olimpia Sportegyesületnél és több iskolában tanárként is oktatott (1973. febr. 1. –). Áttelepedett Mv.-re, ahol a 4. sz. Ált. Isk. tornatanára nyugdíjazásáig (2002). Nyugdíjasként a Papiu Líc.-ban tanított, ahol aerobik tornász csapatot létesített. Tagja volt az országos olimpiai keretnek. Sízett és úszott. <br /><strong>– Irod.:</strong> Dascălii Papiului.</br></p>

<p>Lugos, 1944. dec. 22., † Mv., 2003. márc. 7., eltemetve Lugoson: tanár, sportoló. – Líc.-ot Lugosban, Pedagógiai Főisk.-t Temesváron végzett (1965). Ezután könyvtáros lett. Helyettes tanárként Buk.-ben a 101.sz Ált. Isk.-ban tanított testnevelést (1968–). Letette a tanügyi véglegesítő vizsgát (1971), a II. tanügyi fokozati vizsgát (1979), az I. fokozatit (1985). Magánúton tovább folytatta tanulmányait a [&hellip;]</p>
