{"id":24545,"date":"2025-08-01T18:11:26","date_gmt":"2025-08-01T16:11:26","guid":{"rendered":"https:\/\/uj.adatbank.ro\/lexikon\/termek\/vida-gyula-vitez\/"},"modified":"2025-08-01T18:11:26","modified_gmt":"2025-08-01T16:11:26","slug":"vida-gyula-vitez","status":"publish","type":"product","link":"https:\/\/uj.adatbank.ro\/lexikon\/termek\/vida-gyula-vitez\/","title":{"rendered":"VIDA Gyula, vit\u00e9z"},"content":{"rendered":"<p>Mv., 1886. m\u00e1rc. 12., \u2020\u00a0Szombathely, 1969.: c\u00edmzetes t\u00e1bornok. A nagyv\u00e1radi hadapr\u00f3diskol\u00e1t v\u00e9gezte el, majd f\u0151hadnagyk\u00e9nt a gal\u00edciai \u00e9s az olasz fronton harcolt. Ezredess\u00e9 l\u00e9ptett\u00e9k el\u0151 (1934. m\u00e1j.1.), nyug\u00e1llom\u00e1nyba vonult (1939). C\u00edmzetes t\u00e1bornoki c\u00edmet kapott (1939). Az \u00e9szak-erd\u00e9lyi bevonul\u00e1st k\u00f6vet\u0151en Mv. katonai parancsnok\u00e1v\u00e1 nevezt\u00e9k ki.(1940. nov.\u20131944. j\u00fan. v\u00e9ge). Mv. katonai k\u00f6zigazgat\u00e1sa alatt, \u0151 \u00edrta al\u00e1 \u00e9s hajtotta v\u00e9gre a rom\u00e1nok kiutas\u00edt\u00e1s\u00e1t. Vida t\u00e1bornokt\u00f3l vette \u00e1t M\u00e1jai Ferenc a Mv. vezet\u00e9s\u00e9t (1940. nov.\u201344. j\u00fan. v\u00e9ge). Szovjet hadifogs\u00e1gban is volt. <br \/><strong>\u2013 Irod.:<\/strong> Berekm\u00e9ri 2015; Mv. t\u00f6rt.2.<\/br><\/p>\n","protected":false},"excerpt":{"rendered":"<p>Mv., 1886. m\u00e1rc. 12., \u2020\u00a0Szombathely, 1969.: c\u00edmzetes t\u00e1bornok. A nagyv\u00e1radi hadapr\u00f3diskol\u00e1t v\u00e9gezte el, majd f\u0151hadnagyk\u00e9nt a gal\u00edciai \u00e9s az olasz fronton harcolt. Ezredess\u00e9 l\u00e9ptett\u00e9k el\u0151 (1934. m\u00e1j.1.), nyug\u00e1llom\u00e1nyba vonult (1939). C\u00edmzetes t\u00e1bornoki c\u00edmet kapott (1939). Az \u00e9szak-erd\u00e9lyi bevonul\u00e1st k\u00f6vet\u0151en Mv. katonai parancsnok\u00e1v\u00e1 nevezt\u00e9k ki.(1940. nov.\u20131944. j\u00fan. v\u00e9ge). Mv. katonai k\u00f6zigazgat\u00e1sa alatt, \u0151 \u00edrta al\u00e1 \u00e9s [&hellip;]<\/p>\n","protected":false},"featured_media":0,"comment_status":"open","ping_status":"closed","template":"","meta":[],"product_brand":[],"product_cat":[137],"product_tag":[],"class_list":{"0":"post-24545","1":"product","2":"type-product","3":"status-publish","5":"product_cat-maros-megyei-eletrajzi-lexikon","7":"first","8":"instock","9":"shipping-taxable","10":"product-type-simple"},"_links":{"self":[{"href":"https:\/\/uj.adatbank.ro\/lexikon\/wp-json\/wp\/v2\/product\/24545","targetHints":{"allow":["GET"]}}],"collection":[{"href":"https:\/\/uj.adatbank.ro\/lexikon\/wp-json\/wp\/v2\/product"}],"about":[{"href":"https:\/\/uj.adatbank.ro\/lexikon\/wp-json\/wp\/v2\/types\/product"}],"replies":[{"embeddable":true,"href":"https:\/\/uj.adatbank.ro\/lexikon\/wp-json\/wp\/v2\/comments?post=24545"}],"wp:attachment":[{"href":"https:\/\/uj.adatbank.ro\/lexikon\/wp-json\/wp\/v2\/media?parent=24545"}],"wp:term":[{"taxonomy":"product_brand","embeddable":true,"href":"https:\/\/uj.adatbank.ro\/lexikon\/wp-json\/wp\/v2\/product_brand?post=24545"},{"taxonomy":"product_cat","embeddable":true,"href":"https:\/\/uj.adatbank.ro\/lexikon\/wp-json\/wp\/v2\/product_cat?post=24545"},{"taxonomy":"product_tag","embeddable":true,"href":"https:\/\/uj.adatbank.ro\/lexikon\/wp-json\/wp\/v2\/product_tag?post=24545"}],"curies":[{"name":"wp","href":"https:\/\/api.w.org\/{rel}","templated":true}]}}

VIDA Gyula, vitéz

<p>Mv., 1886. márc. 12., † Szombathely, 1969.: címzetes tábornok. A nagyváradi hadapródiskolát végezte el, majd főhadnagyként a galíciai és az olasz fronton harcolt. Ezredessé léptették elő (1934. máj.1.), nyugállományba vonult (1939). Címzetes tábornoki címet kapott (1939). Az észak-erdélyi bevonulást követően Mv. katonai parancsnokává nevezték ki.(1940. nov.–1944. jún. vége). Mv. katonai közigazgatása alatt, ő írta alá és hajtotta végre a románok kiutasítását. Vida tábornoktól vette át Májai Ferenc a Mv. vezetését (1940. nov.–44. jún. vége). Szovjet hadifogságban is volt. <br /><strong>– Irod.:</strong> Berekméri 2015; Mv. tört.2.</br></p>

<p>Mv., 1886. márc. 12., † Szombathely, 1969.: címzetes tábornok. A nagyváradi hadapródiskolát végezte el, majd főhadnagyként a galíciai és az olasz fronton harcolt. Ezredessé léptették elő (1934. máj.1.), nyugállományba vonult (1939). Címzetes tábornoki címet kapott (1939). Az észak-erdélyi bevonulást követően Mv. katonai parancsnokává nevezték ki.(1940. nov.–1944. jún. vége). Mv. katonai közigazgatása alatt, ő írta alá és [&hellip;]</p>
