{"id":24547,"date":"2025-08-01T18:11:30","date_gmt":"2025-08-01T16:11:30","guid":{"rendered":"https:\/\/uj.adatbank.ro\/lexikon\/termek\/vida-peter\/"},"modified":"2025-08-01T18:11:30","modified_gmt":"2025-08-01T16:11:30","slug":"vida-peter","status":"publish","type":"product","link":"https:\/\/uj.adatbank.ro\/lexikon\/termek\/vida-peter\/","title":{"rendered":"VIDA P\u00e9ter"},"content":{"rendered":"<p>? 1896., \u2020\u00a0?: cip\u00e9szmester. \u2013 Ipar\u00e1t Segesv\u00e1ron tanulta, \u00f6n\u00e1ll\u00f3 lett (1924), majd Mv.-re k\u00f6lt\u00f6z\u00f6tt (1940). Segesv\u00e1ron ref. presbiter volt., a Munkakamara tagja, a Sz\u00e9kely Alkalmazottak aleln\u00f6ke, a Magyar N\u00e9pk\u00f6z\u00f6ss\u00e9g int. Biz. tagja. Az els\u0151 vh.-ban az orosz, olasz, rom\u00e1n fronton harcolt, a K\u00e1roly Csapatkereszt kit\u00fcntet\u00e9st kapta. <br \/><strong>\u2013 Irod.:<\/strong> Sz\u00e9kelyf\u00f6ld \u00ed. k.<\/br><\/p>\n","protected":false},"excerpt":{"rendered":"<p>? 1896., \u2020\u00a0?: cip\u00e9szmester. \u2013 Ipar\u00e1t Segesv\u00e1ron tanulta, \u00f6n\u00e1ll\u00f3 lett (1924), majd Mv.-re k\u00f6lt\u00f6z\u00f6tt (1940). Segesv\u00e1ron ref. presbiter volt., a Munkakamara tagja, a Sz\u00e9kely Alkalmazottak aleln\u00f6ke, a Magyar N\u00e9pk\u00f6z\u00f6ss\u00e9g int. Biz. tagja. Az els\u0151 vh.-ban az orosz, olasz, rom\u00e1n fronton harcolt, a K\u00e1roly Csapatkereszt kit\u00fcntet\u00e9st kapta. \u2013 Irod.: Sz\u00e9kelyf\u00f6ld \u00ed. k.<\/p>\n","protected":false},"featured_media":0,"comment_status":"open","ping_status":"closed","template":"","meta":[],"product_brand":[],"product_cat":[137],"product_tag":[],"class_list":{"0":"post-24547","1":"product","2":"type-product","3":"status-publish","5":"product_cat-maros-megyei-eletrajzi-lexikon","7":"first","8":"instock","9":"shipping-taxable","10":"product-type-simple"},"_links":{"self":[{"href":"https:\/\/uj.adatbank.ro\/lexikon\/wp-json\/wp\/v2\/product\/24547","targetHints":{"allow":["GET"]}}],"collection":[{"href":"https:\/\/uj.adatbank.ro\/lexikon\/wp-json\/wp\/v2\/product"}],"about":[{"href":"https:\/\/uj.adatbank.ro\/lexikon\/wp-json\/wp\/v2\/types\/product"}],"replies":[{"embeddable":true,"href":"https:\/\/uj.adatbank.ro\/lexikon\/wp-json\/wp\/v2\/comments?post=24547"}],"wp:attachment":[{"href":"https:\/\/uj.adatbank.ro\/lexikon\/wp-json\/wp\/v2\/media?parent=24547"}],"wp:term":[{"taxonomy":"product_brand","embeddable":true,"href":"https:\/\/uj.adatbank.ro\/lexikon\/wp-json\/wp\/v2\/product_brand?post=24547"},{"taxonomy":"product_cat","embeddable":true,"href":"https:\/\/uj.adatbank.ro\/lexikon\/wp-json\/wp\/v2\/product_cat?post=24547"},{"taxonomy":"product_tag","embeddable":true,"href":"https:\/\/uj.adatbank.ro\/lexikon\/wp-json\/wp\/v2\/product_tag?post=24547"}],"curies":[{"name":"wp","href":"https:\/\/api.w.org\/{rel}","templated":true}]}}