{"id":24553,"date":"2025-08-01T18:11:44","date_gmt":"2025-08-01T16:11:44","guid":{"rendered":"https:\/\/uj.adatbank.ro\/lexikon\/termek\/vigh-istvan\/"},"modified":"2025-08-01T18:11:44","modified_gmt":"2025-08-01T16:11:44","slug":"vigh-istvan","status":"publish","type":"product","link":"https:\/\/uj.adatbank.ro\/lexikon\/termek\/vigh-istvan\/","title":{"rendered":"V\u00cdGH Istv\u00e1n"},"content":{"rendered":"<p>? \u2020\u00a0?: m\u0171b\u00fatorasztalos. \u2013 Erd\u00e9lyben \u00e9lt (1905\u2013). A mesters\u00e9get Bp.-en, Berlinben tanulta \u00e1llami \u00f6szt\u00f6nd\u00edjjal. V\u00e1llalkoz\u00f3 m\u0171b\u00fatorasztalos Mv.-en, r\u00e9szt vett a Kult\u00farpalota b\u00fatorainak k\u00e9sz\u00edt\u00e9s\u00e9ben. A reprezent\u00e1ci\u00f3s termek egyedi b\u00fatordarabjait, valamint Bern\u00e1dy Gy\u00f6rgy polg\u00e1rmester dolgoz\u00f3szob\u00e1j\u00e1nak b\u00fatorait k\u00e9sz\u00edtette T\u00f3thfalusi K\u00e1rollyal egy\u00fctt (1912). Az els\u0151 vh.-ban (1914\u201318) mint tizedes harcolt, a bronz v. \u00e9-el, a h\u00e1bor\u00fas eml\u00e9k\u00e9remmel \u00e9s a K\u00e1roly-csapatkereszttel t\u00fcntett\u00e9k ki. Az egyetlen \u00e9s els\u0151 m. kisiparos, aki 4 arany\u00e9rmet nyert a rom\u00e1n uralom alatt. Elk\u00e9sz\u00edtette a szov\u00e1tai Bern\u00e1dy, volt Etelka villa \u00e1t\u00e9p\u00edt\u00e9si \u00e9s jav\u00edt\u00e1si terv\u00e9t (1930). <br \/><strong>\u2013 Irod.:<\/strong> Csepreghy A. \u2013 Cs. H.; J\u00f3zsa Andr\u00e1s: B. Gy. Szov\u00e1t\u00e1n = Eml\u00e9kk. Szab\u00f3 Mikl\u00f3s; Keresztes 2000; Keresztes Gyula: A szecesszi\u00f3 Mv.-en 2. (N\u00fa., 1991. j\u00fal. 13.); Keresztes Gyula: Szecesszi\u00f3 Mv.-en: 5.: K\u00f6zm\u0171vel\u0151d\u00e9si h\u00e1z 1\u20135. (N\u00fa., 1991. nov. 23.; 1991. dec. 7.; 1991. dec. 14.; 1992. jan. 4.; 1992. jan. 11.); Man: Tg. M.; Visnai.<\/br><\/p>\n","protected":false},"excerpt":{"rendered":"<p>? \u2020\u00a0?: m\u0171b\u00fatorasztalos. \u2013 Erd\u00e9lyben \u00e9lt (1905\u2013). A mesters\u00e9get Bp.-en, Berlinben tanulta \u00e1llami \u00f6szt\u00f6nd\u00edjjal. V\u00e1llalkoz\u00f3 m\u0171b\u00fatorasztalos Mv.-en, r\u00e9szt vett a Kult\u00farpalota b\u00fatorainak k\u00e9sz\u00edt\u00e9s\u00e9ben. A reprezent\u00e1ci\u00f3s termek egyedi b\u00fatordarabjait, valamint Bern\u00e1dy Gy\u00f6rgy polg\u00e1rmester dolgoz\u00f3szob\u00e1j\u00e1nak b\u00fatorait k\u00e9sz\u00edtette T\u00f3thfalusi K\u00e1rollyal egy\u00fctt (1912). Az els\u0151 vh.-ban (1914\u201318) mint tizedes harcolt, a bronz v. \u00e9-el, a h\u00e1bor\u00fas eml\u00e9k\u00e9remmel \u00e9s a [&hellip;]<\/p>\n","protected":false},"featured_media":0,"comment_status":"open","ping_status":"closed","template":"","meta":[],"product_brand":[],"product_cat":[137],"product_tag":[],"class_list":{"0":"post-24553","1":"product","2":"type-product","3":"status-publish","5":"product_cat-maros-megyei-eletrajzi-lexikon","7":"first","8":"instock","9":"shipping-taxable","10":"product-type-simple"},"_links":{"self":[{"href":"https:\/\/uj.adatbank.ro\/lexikon\/wp-json\/wp\/v2\/product\/24553","targetHints":{"allow":["GET"]}}],"collection":[{"href":"https:\/\/uj.adatbank.ro\/lexikon\/wp-json\/wp\/v2\/product"}],"about":[{"href":"https:\/\/uj.adatbank.ro\/lexikon\/wp-json\/wp\/v2\/types\/product"}],"replies":[{"embeddable":true,"href":"https:\/\/uj.adatbank.ro\/lexikon\/wp-json\/wp\/v2\/comments?post=24553"}],"wp:attachment":[{"href":"https:\/\/uj.adatbank.ro\/lexikon\/wp-json\/wp\/v2\/media?parent=24553"}],"wp:term":[{"taxonomy":"product_brand","embeddable":true,"href":"https:\/\/uj.adatbank.ro\/lexikon\/wp-json\/wp\/v2\/product_brand?post=24553"},{"taxonomy":"product_cat","embeddable":true,"href":"https:\/\/uj.adatbank.ro\/lexikon\/wp-json\/wp\/v2\/product_cat?post=24553"},{"taxonomy":"product_tag","embeddable":true,"href":"https:\/\/uj.adatbank.ro\/lexikon\/wp-json\/wp\/v2\/product_tag?post=24553"}],"curies":[{"name":"wp","href":"https:\/\/api.w.org\/{rel}","templated":true}]}}

VÍGH István

<p>? † ?: műbútorasztalos. – Erdélyben élt (1905–). A mesterséget Bp.-en, Berlinben tanulta állami ösztöndíjjal. Vállalkozó műbútorasztalos Mv.-en, részt vett a Kultúrpalota bútorainak készítésében. A reprezentációs termek egyedi bútordarabjait, valamint Bernády György polgármester dolgozószobájának bútorait készítette Tóthfalusi Károllyal együtt (1912). Az első vh.-ban (1914–18) mint tizedes harcolt, a bronz v. é-el, a háborús emlékéremmel és a Károly-csapatkereszttel tüntették ki. Az egyetlen és első m. kisiparos, aki 4 aranyérmet nyert a román uralom alatt. Elkészítette a szovátai Bernády, volt Etelka villa átépítési és javítási tervét (1930). <br /><strong>– Irod.:</strong> Csepreghy A. – Cs. H.; Józsa András: B. Gy. Szovátán = Emlékk. Szabó Miklós; Keresztes 2000; Keresztes Gyula: A szecesszió Mv.-en 2. (Nú., 1991. júl. 13.); Keresztes Gyula: Szecesszió Mv.-en: 5.: Közművelődési ház 1–5. (Nú., 1991. nov. 23.; 1991. dec. 7.; 1991. dec. 14.; 1992. jan. 4.; 1992. jan. 11.); Man: Tg. M.; Visnai.</br></p>

<p>? † ?: műbútorasztalos. – Erdélyben élt (1905–). A mesterséget Bp.-en, Berlinben tanulta állami ösztöndíjjal. Vállalkozó műbútorasztalos Mv.-en, részt vett a Kultúrpalota bútorainak készítésében. A reprezentációs termek egyedi bútordarabjait, valamint Bernády György polgármester dolgozószobájának bútorait készítette Tóthfalusi Károllyal együtt (1912). Az első vh.-ban (1914–18) mint tizedes harcolt, a bronz v. é-el, a háborús emlékéremmel és a [&hellip;]</p>
