{"id":24561,"date":"2025-08-01T18:12:03","date_gmt":"2025-08-01T16:12:03","guid":{"rendered":"https:\/\/uj.adatbank.ro\/lexikon\/termek\/vilhelem-andras\/"},"modified":"2025-08-01T18:12:03","modified_gmt":"2025-08-01T16:12:03","slug":"vilhelem-andras","status":"publish","type":"product","link":"https:\/\/uj.adatbank.ro\/lexikon\/termek\/vilhelem-andras\/","title":{"rendered":"VILHELEM Andr\u00e1s"},"content":{"rendered":"<p>1911., \u2020 1968.: orvos. \u2013 Feles\u00e9ge: Z\u00f6ld M\u00e1ria (1915? \u2013 Mv., 1999. m\u00e1rc. 5.v. 6.). \u2013 Mv.-en v\u00e1rosi f\u0151orvos. Iskola-eg\u00e9szs\u00e9gtannal foglalkozott. <br \/><strong>\u2013 Irod.:<\/strong> MMK; Kiss\u2013P\u00e9terffy\u2013P\u00e9terffy; V.M.: [Nekrol\u00f3g] (N\u00fa., 1999. m\u00e1rc. 8.).<\/br><\/p>\n","protected":false},"excerpt":{"rendered":"<p>1911., \u2020 1968.: orvos. \u2013 Feles\u00e9ge: Z\u00f6ld M\u00e1ria (1915? \u2013 Mv., 1999. m\u00e1rc. 5.v. 6.). \u2013 Mv.-en v\u00e1rosi f\u0151orvos. Iskola-eg\u00e9szs\u00e9gtannal foglalkozott. \u2013 Irod.: MMK; Kiss\u2013P\u00e9terffy\u2013P\u00e9terffy; V.M.: [Nekrol\u00f3g] (N\u00fa., 1999. m\u00e1rc. 8.).<\/p>\n","protected":false},"featured_media":0,"comment_status":"open","ping_status":"closed","template":"","meta":[],"product_brand":[],"product_cat":[137],"product_tag":[],"class_list":{"0":"post-24561","1":"product","2":"type-product","3":"status-publish","5":"product_cat-maros-megyei-eletrajzi-lexikon","7":"first","8":"instock","9":"shipping-taxable","10":"product-type-simple"},"_links":{"self":[{"href":"https:\/\/uj.adatbank.ro\/lexikon\/wp-json\/wp\/v2\/product\/24561","targetHints":{"allow":["GET"]}}],"collection":[{"href":"https:\/\/uj.adatbank.ro\/lexikon\/wp-json\/wp\/v2\/product"}],"about":[{"href":"https:\/\/uj.adatbank.ro\/lexikon\/wp-json\/wp\/v2\/types\/product"}],"replies":[{"embeddable":true,"href":"https:\/\/uj.adatbank.ro\/lexikon\/wp-json\/wp\/v2\/comments?post=24561"}],"wp:attachment":[{"href":"https:\/\/uj.adatbank.ro\/lexikon\/wp-json\/wp\/v2\/media?parent=24561"}],"wp:term":[{"taxonomy":"product_brand","embeddable":true,"href":"https:\/\/uj.adatbank.ro\/lexikon\/wp-json\/wp\/v2\/product_brand?post=24561"},{"taxonomy":"product_cat","embeddable":true,"href":"https:\/\/uj.adatbank.ro\/lexikon\/wp-json\/wp\/v2\/product_cat?post=24561"},{"taxonomy":"product_tag","embeddable":true,"href":"https:\/\/uj.adatbank.ro\/lexikon\/wp-json\/wp\/v2\/product_tag?post=24561"}],"curies":[{"name":"wp","href":"https:\/\/api.w.org\/{rel}","templated":true}]}}