{"id":24562,"date":"2025-08-01T18:12:06","date_gmt":"2025-08-01T16:12:06","guid":{"rendered":"https:\/\/uj.adatbank.ro\/lexikon\/termek\/vilhelem-jozsef\/"},"modified":"2026-02-17T16:56:24","modified_gmt":"2026-02-17T15:56:24","slug":"vilhelem-jozsef","status":"publish","type":"product","link":"https:\/\/uj.adatbank.ro\/lexikon\/termek\/vilhelem-jozsef\/","title":{"rendered":"VILHELEM J\u00f3zsef"},"content":{"rendered":"<p>1956 \u2020 Mv., 2008. \u00e1pr. 16.: b\u00e1bsz\u00edn\u00e9sz a mv.-i Ariel B\u00e1bsz\u00ednh\u00e1zban.<\/p>\n","protected":false},"excerpt":{"rendered":"<p>1956 \u2020 Mv., 2008. \u00e1pr. 16.: b\u00e1bsz\u00edn\u00e9sz a mv.-i Ariel B\u00e1bsz\u00ednh\u00e1zban.<\/p>\n","protected":false},"featured_media":0,"comment_status":"open","ping_status":"closed","template":"","meta":[],"product_brand":[],"product_cat":[137],"product_tag":[],"class_list":{"0":"post-24562","1":"product","2":"type-product","3":"status-publish","5":"product_cat-maros-megyei-eletrajzi-lexikon","7":"first","8":"instock","9":"shipping-taxable","10":"product-type-simple"},"_links":{"self":[{"href":"https:\/\/uj.adatbank.ro\/lexikon\/wp-json\/wp\/v2\/product\/24562","targetHints":{"allow":["GET"]}}],"collection":[{"href":"https:\/\/uj.adatbank.ro\/lexikon\/wp-json\/wp\/v2\/product"}],"about":[{"href":"https:\/\/uj.adatbank.ro\/lexikon\/wp-json\/wp\/v2\/types\/product"}],"replies":[{"embeddable":true,"href":"https:\/\/uj.adatbank.ro\/lexikon\/wp-json\/wp\/v2\/comments?post=24562"}],"wp:attachment":[{"href":"https:\/\/uj.adatbank.ro\/lexikon\/wp-json\/wp\/v2\/media?parent=24562"}],"wp:term":[{"taxonomy":"product_brand","embeddable":true,"href":"https:\/\/uj.adatbank.ro\/lexikon\/wp-json\/wp\/v2\/product_brand?post=24562"},{"taxonomy":"product_cat","embeddable":true,"href":"https:\/\/uj.adatbank.ro\/lexikon\/wp-json\/wp\/v2\/product_cat?post=24562"},{"taxonomy":"product_tag","embeddable":true,"href":"https:\/\/uj.adatbank.ro\/lexikon\/wp-json\/wp\/v2\/product_tag?post=24562"}],"curies":[{"name":"wp","href":"https:\/\/api.w.org\/{rel}","templated":true}]}}

VILHELEM József

<p>1956 † Mv., 2008. ápr. 16.: bábszínész a mv.-i Ariel Bábszínházban.</p>
