{"id":24563,"date":"2025-08-01T18:12:08","date_gmt":"2025-08-01T16:12:08","guid":{"rendered":"https:\/\/uj.adatbank.ro\/lexikon\/termek\/vilhelem-karoly\/"},"modified":"2025-08-01T18:12:08","modified_gmt":"2025-08-01T16:12:08","slug":"vilhelem-karoly","status":"publish","type":"product","link":"https:\/\/uj.adatbank.ro\/lexikon\/termek\/vilhelem-karoly\/","title":{"rendered":"VILHELEM K\u00e1roly"},"content":{"rendered":"<p>Arad, 1943, \u2020 Pilissz\u00e1nt\u00f3, 2011.: tan\u00e1r, fest\u0151m\u0171v\u00e9sz. \u2013 A k\u00f6z\u00e9piskol\u00e1t Aradon v\u00e9gezte, Kv.-on a Ion Andreescu K\u00e9pz\u0151m\u0171v\u00e9szeti F\u0151iskola hallgat\u00f3ja, mesterei K\u00e1d\u00e1r Tibor, Abodi Nagy B\u00e9la, Aurel Ciupe. M\u0171v\u00e9szett\u00f6rt\u00e9netet tan\u00edtott Mv.-en tan\u00e1rjel\u00f6lteknek (1967\u201374).. Az erd\u00e9lyi n\u00e9pi-naiv 16\u201318.sz\u00e1zadb\u00f3l sz\u00e1rmaz\u00f3 falusi templomok fakazett\u00e1s mennyezet\u00e9nek figurat\u00edv fest\u00e9szet\u00e9t tanulm\u00e1nyozta. A Tancs k\u00f6zs\u00e9g ref. templom\u00e1nak fest\u0151je, Parajdi Illy\u00e9s J\u00e1nos munk\u00e1j\u00e1t a naiv fest\u00e9szet erd\u00e9lyi \u00e9rt\u00e9k\u00e9nek tekintette.H\u00e9t \u00e9v ut\u00e1n Bp.-re telepedett. K\u00f6tete: Festett famennyezetek (1974). A koll\u00e1zstechnika \u00e9s a nonfigurat\u00edv \u00e1br\u00e1zol\u00e1s fel\u00e9 fordult. D\u00edjakat kapott: Fiatal m\u0171v\u00e9szek d\u00edj (Buk., 1966), K\u00e1pl\u00e1r Mikl\u00f3s-d\u00edj Hajd\u00fab\u00f6sz\u00f6rm\u00e9ny (1970), Derkovits-\u00f6szt\u00f6nd\u00edj(1975\u201379), Derkovits-\u00f6szt\u00f6nd\u00edj n\u00edv\u00f3d\u00edja (1979), a szegedi Ny\u00e1ri T\u00e1rlat f\u0151d\u00edja (1980), a kassai Nemzetk\u00f6zi Fest\u00e9szeti Bien\u00e1l\u00e9 d\u00edja (1986), Munk\u00e1csy-d\u00edj (1998), a Magyar Fest\u0151k T\u00e1rsas\u00e1g\u00e1nak d\u00edja (1999), a szegedi Fest\u00e9szeti Bien\u00e1l\u00e9 f\u0151d\u00edja (2000), a Magyar Fest\u0151k T\u00e1rsas\u00e1g\u00e1nak d\u00edja (2002), A MAOE d\u00edja (2003), Szeged Megyei Jog\u00fa V\u00e1ros d\u00edja (2004), a M\u0171vel\u0151d\u00e9si Miniszt\u00e9rium f\u0151d\u00edja a Szegedi Ny\u00e1ri T\u00e1rlaton (2005). <br \/><strong>\u2013 Irod.:<\/strong> 100 \u00e9v; Erd\u00e9lyi L 2009, (Foto.1972); Erd\u00e9lyi Lajos 2018.<\/br><\/p>\n","protected":false},"excerpt":{"rendered":"<p>Arad, 1943, \u2020 Pilissz\u00e1nt\u00f3, 2011.: tan\u00e1r, fest\u0151m\u0171v\u00e9sz. \u2013 A k\u00f6z\u00e9piskol\u00e1t Aradon v\u00e9gezte, Kv.-on a Ion Andreescu K\u00e9pz\u0151m\u0171v\u00e9szeti F\u0151iskola hallgat\u00f3ja, mesterei K\u00e1d\u00e1r Tibor, Abodi Nagy B\u00e9la, Aurel Ciupe. M\u0171v\u00e9szett\u00f6rt\u00e9netet tan\u00edtott Mv.-en tan\u00e1rjel\u00f6lteknek (1967\u201374).. Az erd\u00e9lyi n\u00e9pi-naiv 16\u201318.sz\u00e1zadb\u00f3l sz\u00e1rmaz\u00f3 falusi templomok fakazett\u00e1s mennyezet\u00e9nek figurat\u00edv fest\u00e9szet\u00e9t tanulm\u00e1nyozta. A Tancs k\u00f6zs\u00e9g ref. templom\u00e1nak fest\u0151je, Parajdi Illy\u00e9s J\u00e1nos munk\u00e1j\u00e1t a [&hellip;]<\/p>\n","protected":false},"featured_media":0,"comment_status":"open","ping_status":"closed","template":"","meta":[],"product_brand":[],"product_cat":[137],"product_tag":[],"class_list":{"0":"post-24563","1":"product","2":"type-product","3":"status-publish","5":"product_cat-maros-megyei-eletrajzi-lexikon","7":"first","8":"instock","9":"shipping-taxable","10":"product-type-simple"},"_links":{"self":[{"href":"https:\/\/uj.adatbank.ro\/lexikon\/wp-json\/wp\/v2\/product\/24563","targetHints":{"allow":["GET"]}}],"collection":[{"href":"https:\/\/uj.adatbank.ro\/lexikon\/wp-json\/wp\/v2\/product"}],"about":[{"href":"https:\/\/uj.adatbank.ro\/lexikon\/wp-json\/wp\/v2\/types\/product"}],"replies":[{"embeddable":true,"href":"https:\/\/uj.adatbank.ro\/lexikon\/wp-json\/wp\/v2\/comments?post=24563"}],"wp:attachment":[{"href":"https:\/\/uj.adatbank.ro\/lexikon\/wp-json\/wp\/v2\/media?parent=24563"}],"wp:term":[{"taxonomy":"product_brand","embeddable":true,"href":"https:\/\/uj.adatbank.ro\/lexikon\/wp-json\/wp\/v2\/product_brand?post=24563"},{"taxonomy":"product_cat","embeddable":true,"href":"https:\/\/uj.adatbank.ro\/lexikon\/wp-json\/wp\/v2\/product_cat?post=24563"},{"taxonomy":"product_tag","embeddable":true,"href":"https:\/\/uj.adatbank.ro\/lexikon\/wp-json\/wp\/v2\/product_tag?post=24563"}],"curies":[{"name":"wp","href":"https:\/\/api.w.org\/{rel}","templated":true}]}}

VILHELEM Károly

<p>Arad, 1943, † Pilisszántó, 2011.: tanár, festőművész. – A középiskolát Aradon végezte, Kv.-on a Ion Andreescu Képzőművészeti Főiskola hallgatója, mesterei Kádár Tibor, Abodi Nagy Béla, Aurel Ciupe. Művészettörténetet tanított Mv.-en tanárjelölteknek (1967–74).. Az erdélyi népi-naiv 16–18.századból származó falusi templomok fakazettás mennyezetének figuratív festészetét tanulmányozta. A Tancs község ref. templomának festője, Parajdi Illyés János munkáját a naiv festészet erdélyi értékének tekintette.Hét év után Bp.-re telepedett. Kötete: Festett famennyezetek (1974). A kollázstechnika és a nonfiguratív ábrázolás felé fordult. Díjakat kapott: Fiatal művészek díj (Buk., 1966), Káplár Miklós-díj Hajdúböszörmény (1970), Derkovits-ösztöndíj(1975–79), Derkovits-ösztöndíj nívódíja (1979), a szegedi Nyári Tárlat fődíja (1980), a kassai Nemzetközi Festészeti Bienálé díja (1986), Munkácsy-díj (1998), a Magyar Festők Társaságának díja (1999), a szegedi Festészeti Bienálé fődíja (2000), a Magyar Festők Társaságának díja (2002), A MAOE díja (2003), Szeged Megyei Jogú Város díja (2004), a Művelődési Minisztérium fődíja a Szegedi Nyári Tárlaton (2005). <br /><strong>– Irod.:</strong> 100 év; Erdélyi L 2009, (Foto.1972); Erdélyi Lajos 2018.</br></p>

<p>Arad, 1943, † Pilisszántó, 2011.: tanár, festőművész. – A középiskolát Aradon végezte, Kv.-on a Ion Andreescu Képzőművészeti Főiskola hallgatója, mesterei Kádár Tibor, Abodi Nagy Béla, Aurel Ciupe. Művészettörténetet tanított Mv.-en tanárjelölteknek (1967–74).. Az erdélyi népi-naiv 16–18.századból származó falusi templomok fakazettás mennyezetének figuratív festészetét tanulmányozta. A Tancs község ref. templomának festője, Parajdi Illyés János munkáját a [&hellip;]</p>
