{"id":24567,"date":"2025-08-01T18:12:16","date_gmt":"2025-08-01T16:12:16","guid":{"rendered":"https:\/\/uj.adatbank.ro\/lexikon\/termek\/vilman-gyorgy-3\/"},"modified":"2025-08-01T18:12:16","modified_gmt":"2025-08-01T16:12:16","slug":"vilman-gyorgy-3","status":"publish","type":"product","link":"https:\/\/uj.adatbank.ro\/lexikon\/termek\/vilman-gyorgy-3\/","title":{"rendered":"VILM\u00c1N Gy\u00f6rgy"},"content":{"rendered":"<p>1851? \u2020\u00a0Mv., 1877. szept. 29.: r. k. pap. \u2013 V. Gy\u00f6rgy \u00e9s So\u00f3s K\u00e1rolina fia. Testv\u00e9rei: V. Lujza T\u00e1nczel Albertn\u00e9, Gyula; \u00c1rp\u00e1d, Mari Hartli J\u00e1nosn\u00e9; Gizella (1867? \u2013 Mv., 1890. febr. 2.), G\u00e9za; Istv\u00e1n. \u2013 Az erd\u00e9lyi egyh\u00e1zmegye \u00e1ldoz\u00f3 papja, a mv.-i r. k. nagygimn. Tan\u00e1ra \u00e9s a szemin\u00e1rium aligazgat\u00f3ja. <br \/><strong>\u2013 Irod.:<\/strong> Gy\u00e1szjelent\u0151.<\/br><\/p>\n","protected":false},"excerpt":{"rendered":"<p>1851? \u2020\u00a0Mv., 1877. szept. 29.: r. k. pap. \u2013 V. Gy\u00f6rgy \u00e9s So\u00f3s K\u00e1rolina fia. Testv\u00e9rei: V. Lujza T\u00e1nczel Albertn\u00e9, Gyula; \u00c1rp\u00e1d, Mari Hartli J\u00e1nosn\u00e9; Gizella (1867? \u2013 Mv., 1890. febr. 2.), G\u00e9za; Istv\u00e1n. \u2013 Az erd\u00e9lyi egyh\u00e1zmegye \u00e1ldoz\u00f3 papja, a mv.-i r. k. nagygimn. Tan\u00e1ra \u00e9s a szemin\u00e1rium aligazgat\u00f3ja. \u2013 Irod.: Gy\u00e1szjelent\u0151.<\/p>\n","protected":false},"featured_media":0,"comment_status":"open","ping_status":"closed","template":"","meta":[],"product_brand":[],"product_cat":[137],"product_tag":[],"class_list":{"0":"post-24567","1":"product","2":"type-product","3":"status-publish","5":"product_cat-maros-megyei-eletrajzi-lexikon","7":"first","8":"instock","9":"shipping-taxable","10":"product-type-simple"},"_links":{"self":[{"href":"https:\/\/uj.adatbank.ro\/lexikon\/wp-json\/wp\/v2\/product\/24567","targetHints":{"allow":["GET"]}}],"collection":[{"href":"https:\/\/uj.adatbank.ro\/lexikon\/wp-json\/wp\/v2\/product"}],"about":[{"href":"https:\/\/uj.adatbank.ro\/lexikon\/wp-json\/wp\/v2\/types\/product"}],"replies":[{"embeddable":true,"href":"https:\/\/uj.adatbank.ro\/lexikon\/wp-json\/wp\/v2\/comments?post=24567"}],"wp:attachment":[{"href":"https:\/\/uj.adatbank.ro\/lexikon\/wp-json\/wp\/v2\/media?parent=24567"}],"wp:term":[{"taxonomy":"product_brand","embeddable":true,"href":"https:\/\/uj.adatbank.ro\/lexikon\/wp-json\/wp\/v2\/product_brand?post=24567"},{"taxonomy":"product_cat","embeddable":true,"href":"https:\/\/uj.adatbank.ro\/lexikon\/wp-json\/wp\/v2\/product_cat?post=24567"},{"taxonomy":"product_tag","embeddable":true,"href":"https:\/\/uj.adatbank.ro\/lexikon\/wp-json\/wp\/v2\/product_tag?post=24567"}],"curies":[{"name":"wp","href":"https:\/\/api.w.org\/{rel}","templated":true}]}}