{"id":24568,"date":"2025-08-01T18:12:18","date_gmt":"2025-08-01T16:12:18","guid":{"rendered":"https:\/\/uj.adatbank.ro\/lexikon\/termek\/vince\/"},"modified":"2025-08-01T18:12:18","modified_gmt":"2025-08-01T16:12:18","slug":"vince","status":"publish","type":"product","link":"https:\/\/uj.adatbank.ro\/lexikon\/termek\/vince\/","title":{"rendered":"VINCE"},"content":{"rendered":"<p>? \u2020 ?: r. k. pap. \u2013 A szentkir\u00e1lyi p\u00e1los kolostorban f\u00e1ter (1467). Rendf\u0151n\u00f6kk\u00e9 v\u00e1lasztott\u00e1k \u2013 A kolozsmonostori konvent el\u0151tt megtiltotta meggyesfalvi Al\u00e1rdi L\u00e1szl\u00f3nak, hogy Kisfalud v\u00e9g\u00e9n a Maroson malmot \u00e9p\u00edtsen (1467). <br \/><strong>\u2013 Irod.:<\/strong> Darvas-Kozma J\u00f3zsef: A p\u00e1losok Erd\u00e9lyben (N\u00fa., Sz\u00ednes Vil\u00e1g, 2011. m\u00e1j. 7.); Id\u0151t\u00e1r 1; L\u00e9sty\u00e1n \u2013 templomok.<\/br><\/p>\n","protected":false},"excerpt":{"rendered":"<p>? \u2020 ?: r. k. pap. \u2013 A szentkir\u00e1lyi p\u00e1los kolostorban f\u00e1ter (1467). Rendf\u0151n\u00f6kk\u00e9 v\u00e1lasztott\u00e1k \u2013 A kolozsmonostori konvent el\u0151tt megtiltotta meggyesfalvi Al\u00e1rdi L\u00e1szl\u00f3nak, hogy Kisfalud v\u00e9g\u00e9n a Maroson malmot \u00e9p\u00edtsen (1467). \u2013 Irod.: Darvas-Kozma J\u00f3zsef: A p\u00e1losok Erd\u00e9lyben (N\u00fa., Sz\u00ednes Vil\u00e1g, 2011. m\u00e1j. 7.); Id\u0151t\u00e1r 1; L\u00e9sty\u00e1n \u2013 templomok.<\/p>\n","protected":false},"featured_media":0,"comment_status":"open","ping_status":"closed","template":"","meta":[],"product_brand":[],"product_cat":[137],"product_tag":[],"class_list":{"0":"post-24568","1":"product","2":"type-product","3":"status-publish","5":"product_cat-maros-megyei-eletrajzi-lexikon","7":"first","8":"instock","9":"shipping-taxable","10":"product-type-simple"},"_links":{"self":[{"href":"https:\/\/uj.adatbank.ro\/lexikon\/wp-json\/wp\/v2\/product\/24568","targetHints":{"allow":["GET"]}}],"collection":[{"href":"https:\/\/uj.adatbank.ro\/lexikon\/wp-json\/wp\/v2\/product"}],"about":[{"href":"https:\/\/uj.adatbank.ro\/lexikon\/wp-json\/wp\/v2\/types\/product"}],"replies":[{"embeddable":true,"href":"https:\/\/uj.adatbank.ro\/lexikon\/wp-json\/wp\/v2\/comments?post=24568"}],"wp:attachment":[{"href":"https:\/\/uj.adatbank.ro\/lexikon\/wp-json\/wp\/v2\/media?parent=24568"}],"wp:term":[{"taxonomy":"product_brand","embeddable":true,"href":"https:\/\/uj.adatbank.ro\/lexikon\/wp-json\/wp\/v2\/product_brand?post=24568"},{"taxonomy":"product_cat","embeddable":true,"href":"https:\/\/uj.adatbank.ro\/lexikon\/wp-json\/wp\/v2\/product_cat?post=24568"},{"taxonomy":"product_tag","embeddable":true,"href":"https:\/\/uj.adatbank.ro\/lexikon\/wp-json\/wp\/v2\/product_tag?post=24568"}],"curies":[{"name":"wp","href":"https:\/\/api.w.org\/{rel}","templated":true}]}}