{"id":24580,"date":"2025-08-01T18:12:47","date_gmt":"2025-08-01T16:12:47","guid":{"rendered":"https:\/\/uj.adatbank.ro\/lexikon\/termek\/viola-jozsef-%c2%a7-iosif\/"},"modified":"2025-08-01T18:12:47","modified_gmt":"2025-08-01T16:12:47","slug":"viola-jozsef-%c2%a7-iosif","status":"publish","type":"product","link":"https:\/\/uj.adatbank.ro\/lexikon\/termek\/viola-jozsef-%c2%a7-iosif\/","title":{"rendered":"VIOLA J\u00f3zsef, \u00a7 Iosif"},"content":{"rendered":"<p>Mv., vagy Ny\u00e1r\u00e1dk\u00f6szv\u00e9nyes, 1770. m\u00e1rc. 15., \u2020 Led\u00e9ny, 1858. m\u00e1rc. 16, Ia\u015fiban temett\u00e9k el: orvos, kirurgus, a moldovai fejedelem f\u0151orvosa. \u2013 Tanulm\u00e1nyait sz\u00fcl\u0151v\u00e1ros\u00e1ban kezdte, a pesti egy.-en, majd a b\u00e9csi orvosi int.-ben folytatta, ahol orvosi oklevelet szerzett (1787). II. J\u00f3zsef parancs\u00e1ra a t\u00f6r\u00f6k ellen harcol\u00f3 sereg temesv\u00e1ri t\u00e1bor\u00e1ba ment (1787\u2013), Belgr\u00e1d bev\u00e9tele ut\u00e1n ezredorvoss\u00e1 \u00e9s a hadik\u00f3rh\u00e1z parancsnok\u00e1v\u00e1 nevezt\u00e9k ki (1789 \u0151sz\u00e9n). A b\u00e9kek\u00f6t\u00e9s ut\u00e1n egy gyalogezredben, majd a J\u00f3zsef husz\u00e1rezred ezredorvosak\u00e9nt m\u0171k\u00f6d\u00f6tt. A francia h\u00e1bor\u00fa alatt az It\u00e1li\u00e1ban harcol\u00f3 osztr\u00e1k csapatok orvosa (1790\u2013), Mv. \u2013en v\u00e1rosi polg\u00e1ri esk\u00fct tett (1792), majd Erd\u00e9lyben szolg\u00e1lt (1801\u2013), Bukovin\u00e1ba helyezt\u00e9k \u00e1t sz\u00e1rnyorvosi min\u0151s\u00e9gben (1806\u2013). Az osztr\u00e1k szolg\u00e1latb\u00f3l kil\u00e9pett (1808), Ia\u015fiban telepedett le, ahol Sturza fejedelem h\u00e1ziorvosa, a moldvai k\u00f3rh\u00e1zak igazgat\u00f3-f\u0151orvosa (1808\u201334), a Spiridon k\u00f3rh\u00e1z igazgat\u00f3ja volt \u00e9s Roman, Boto\u015fani, Gala\u0163i, B\u00e2rlad v\u00e1rosok k\u00f3rh\u00e1zainak fiziskusa (1807\u201352). Hasznos orvosi szolg\u00e1latokat tett: \u00f6tsz\u00f6ri d\u00f6ghal\u00e1l \u00e9s koleraj\u00e1rv\u00e1nyt k\u00fczd\u00f6tt le. Mint az \u00f6sszes moldovai k\u00f3rh\u00e1zak eg\u00e9szs\u00e9g\u00fcgyi korm\u00e1nyz\u00f3ja \u00e9s a f\u0151v\u00e1rosi k\u00f3rh\u00e1z igazgat\u00f3ja, a k\u00f6zeg\u00e9szs\u00e9g\u00fcgy ter\u00e9n v\u00e9gzett kit\u0171n\u0151 szolg\u00e1latai\u00e9rt a t\u00f6r\u00f6k szult\u00e1nt\u00f3l a Nizzai renddel j\u00e1r\u00f3 agai m\u00e9lt\u00f3s\u00e1got nyerte, az orosz c\u00e1rt\u00f3l dr\u00e1ga gy\u0171r\u0171t, a p\u00e1p\u00e1t\u00f3l a Krisztus rend lovagkeresztj\u00e9t, majd az arany sarkanty\u00fas-rend nagykeresztj\u00e9t kapta, az osztr\u00e1k cs\u00e1sz\u00e1r \u2013 mert Ausztria konzuls\u00e1g\u00e1t Moldova ter\u00fclet\u00e9n d\u00edjtalanul v\u00e1llalta a polg\u00e1ri arany \u00e9rdemkereszttel t\u00fcntette ki. Tagja az 1830-ban l\u00e9trej\u00f6tt Ia\u015fi-i orvosi olvas\u00f3k\u00f6rnek. A fejedelem k\u00eds\u00e9ret\u00e9ben beutazta a T\u00f6r\u00f6k Birodalom egy r\u00e9sz\u00e9t (1834). Megalap\u00edtotta Ia\u015fiban a Societas Medicinalis et Naturae curiosum nev\u0171 tud\u00f3st\u00e1rsas\u00e1got (1838). Hosszas f\u0151orvosi m\u0171k\u00f6d\u00e9se alatt nagy vagyont szerzett, sz\u00e1mos moldvai falu tulajdonosa lett. Folkl\u00f3rgy\u0171jt\u00e9ssel is foglalkozott, \u00e9s cs\u00e1ng\u00f3 n\u00e9pdalokat k\u00f6z\u00f6lt (1840). Moldvai tev\u00e9kenys\u00e9ge \u00e9vtizedei ideje alatt szoros kapcsolatban maradt a m. tudom\u00e1nyos \u00e9lettel. 500 aranyat adom\u00e1nyozott a mv.-i k\u00f3rh\u00e1z \u00e9p\u00edt\u00e9s\u00e9re (1853). Mv. polg\u00e1rai k\u00f6z\u00e9 vett\u00e9k (1792. dec. 1.). A MTA r\u00e9sz\u00e9re t\u00f6bbsz\u00f6r jelent\u0151s \u00f6sszegeket juttatott, amely tudom\u00e1nyos \u00e9rdemei\u00e9rt levelez\u0151 tagj\u00e1nak v\u00e1lasztotta (1838). Led\u00e9nyi birtok\u00e1n halt meg, ahonnan holttest\u00e9t Ia\u015fiba sz\u00e1ll\u00edtott\u00e1k \u00e9s ott temett\u00e9k el. \u2013  <strong>F. m..:<\/strong> Diaetetik f\u00fcr einen Regenten (Jassy, 1833); Dietetica pentru un domnitor (Iasi, 1833); A moldvai magyar n\u00e9pk\u00f6lt\u00e9s (Tudom\u00e1nyt\u00e1r, 1840). <br \/><strong>\u2013 Irod.:<\/strong> Benk\u0151; Chiorean 2008; Gy\u0151ry; H\u00edres polg\u00e1rok; Id\u0151t\u00e1r 1; Id\u0151t\u00e1r 2; Kr\u00f3n. F\u00fcz. (1937 2\/7); Maros megye; M\u00c9L; MNL; Ny\u00e1r\u00e1dremete; Oroszhegyi J\u00f3zsa: Rom\u00e1n \u00e9let (Kv., 1942); P\u00e1l-Antal 2006; P\u00e1l-Antal 2009; P\u00e1l Antal S\u00e1ndor: K\u00f6zeg\u00e9szs\u00e9g\u00fcgy \u00e9s szoci\u00e1lis gondoskod\u00e1s a 18\u201319. sz\u00e1zadi Mv.-en (N\u00fa., Sz\u00ednes Vil\u00e1g, 2010. m\u00e1j. 22).; Profiluri mure\u015fene. 1.; Rugonfalvi Kiss; Samarian, Pompei: Medicina \u015fi farmacia trecutului rom\u00e2nesc (C\u0103l\u0103ra\u015fi, s.a.); Szab\u00f3\u2013Sz\u00f6gi; Szinnyei; Szinnyei J.; Szinnyei J \u2013 Sz.J.; \u00daIT; \u00daM\u00c9L, Veress.<\/br><\/p>\n","protected":false},"excerpt":{"rendered":"<p>Mv., vagy Ny\u00e1r\u00e1dk\u00f6szv\u00e9nyes, 1770. m\u00e1rc. 15., \u2020 Led\u00e9ny, 1858. m\u00e1rc. 16, Ia\u015fiban temett\u00e9k el: orvos, kirurgus, a moldovai fejedelem f\u0151orvosa. \u2013 Tanulm\u00e1nyait sz\u00fcl\u0151v\u00e1ros\u00e1ban kezdte, a pesti egy.-en, majd a b\u00e9csi orvosi int.-ben folytatta, ahol orvosi oklevelet szerzett (1787). II. J\u00f3zsef parancs\u00e1ra a t\u00f6r\u00f6k ellen harcol\u00f3 sereg temesv\u00e1ri t\u00e1bor\u00e1ba ment (1787\u2013), Belgr\u00e1d bev\u00e9tele ut\u00e1n ezredorvoss\u00e1 \u00e9s [&hellip;]<\/p>\n","protected":false},"featured_media":0,"comment_status":"open","ping_status":"closed","template":"","meta":[],"product_brand":[],"product_cat":[137],"product_tag":[],"class_list":{"0":"post-24580","1":"product","2":"type-product","3":"status-publish","5":"product_cat-maros-megyei-eletrajzi-lexikon","7":"first","8":"instock","9":"shipping-taxable","10":"product-type-simple"},"_links":{"self":[{"href":"https:\/\/uj.adatbank.ro\/lexikon\/wp-json\/wp\/v2\/product\/24580","targetHints":{"allow":["GET"]}}],"collection":[{"href":"https:\/\/uj.adatbank.ro\/lexikon\/wp-json\/wp\/v2\/product"}],"about":[{"href":"https:\/\/uj.adatbank.ro\/lexikon\/wp-json\/wp\/v2\/types\/product"}],"replies":[{"embeddable":true,"href":"https:\/\/uj.adatbank.ro\/lexikon\/wp-json\/wp\/v2\/comments?post=24580"}],"wp:attachment":[{"href":"https:\/\/uj.adatbank.ro\/lexikon\/wp-json\/wp\/v2\/media?parent=24580"}],"wp:term":[{"taxonomy":"product_brand","embeddable":true,"href":"https:\/\/uj.adatbank.ro\/lexikon\/wp-json\/wp\/v2\/product_brand?post=24580"},{"taxonomy":"product_cat","embeddable":true,"href":"https:\/\/uj.adatbank.ro\/lexikon\/wp-json\/wp\/v2\/product_cat?post=24580"},{"taxonomy":"product_tag","embeddable":true,"href":"https:\/\/uj.adatbank.ro\/lexikon\/wp-json\/wp\/v2\/product_tag?post=24580"}],"curies":[{"name":"wp","href":"https:\/\/api.w.org\/{rel}","templated":true}]}}