{"id":24581,"date":"2025-08-01T18:12:48","date_gmt":"2025-08-01T16:12:48","guid":{"rendered":"https:\/\/uj.adatbank.ro\/lexikon\/termek\/viotte-karoly-carl-von-viotte-charles-viotte\/"},"modified":"2025-08-01T18:12:48","modified_gmt":"2025-08-01T16:12:48","slug":"viotte-karoly-carl-von-viotte-charles-viotte","status":"publish","type":"product","link":"https:\/\/uj.adatbank.ro\/lexikon\/termek\/viotte-karoly-carl-von-viotte-charles-viotte\/","title":{"rendered":"VIOTTE K\u00e1roly, Carl von Viotte, Charles Viotte"},"content":{"rendered":"<p>? \u2020\u00a0?: tisztvisel\u0151. \u2013 A Nagyszebenben r\u00e9gi\u00f3 n\u00e9pbiztosi tisztvisel\u0151. J\u00f3sz\u00e1gigazgat\u00f3, a gr. Haller G\u00e1born\u00e9, gr. Bethlen Ant\u00f3nia (1792\u20131880) birtokainak direktora. Mint a korszer\u0171s\u00edt\u0151 f\u00f6ldm\u0171vel\u00e9s egyik \u00fatt\u00f6r\u0151je, err\u0151l \u00edrt ismeretei m\u00e9g ma is hasznosak lehetnek. \u2013  <strong>F. m..:<\/strong> A f\u00f6ldmivel\u00e9s ugar n\u00e9lk\u00fcl: Az erd\u00e9lyorsz\u00e1gi k\u00f6rny\u00fcl\u00e1ll\u00e1sokhoz alkalmaztatva \u00edrta V. K. (Nagyszeben, 1841). <br \/><strong>\u2013 Irod.:<\/strong> F\u00fcl\u00f6p\u2013Ferencz; Kom\u00e1n J\u00e1nos: \u00dajra kiadt\u00e1k P\u00e1rizsban Viotte K\u00e1roly marosugrai j\u00f3sz\u00e1gigazgat\u00f3 k\u00f6nyv\u00e9t (N\u00fa., Sz\u00ednes Vil\u00e1g, 2021. febr. 5.).<\/br><\/p>\n","protected":false},"excerpt":{"rendered":"<p>? \u2020\u00a0?: tisztvisel\u0151. \u2013 A Nagyszebenben r\u00e9gi\u00f3 n\u00e9pbiztosi tisztvisel\u0151. J\u00f3sz\u00e1gigazgat\u00f3, a gr. Haller G\u00e1born\u00e9, gr. Bethlen Ant\u00f3nia (1792\u20131880) birtokainak direktora. Mint a korszer\u0171s\u00edt\u0151 f\u00f6ldm\u0171vel\u00e9s egyik \u00fatt\u00f6r\u0151je, err\u0151l \u00edrt ismeretei m\u00e9g ma is hasznosak lehetnek. \u2013 F. m..: A f\u00f6ldmivel\u00e9s ugar n\u00e9lk\u00fcl: Az erd\u00e9lyorsz\u00e1gi k\u00f6rny\u00fcl\u00e1ll\u00e1sokhoz alkalmaztatva \u00edrta V. K. (Nagyszeben, 1841). \u2013 Irod.: F\u00fcl\u00f6p\u2013Ferencz; Kom\u00e1n J\u00e1nos: [&hellip;]<\/p>\n","protected":false},"featured_media":0,"comment_status":"open","ping_status":"closed","template":"","meta":[],"product_brand":[],"product_cat":[137],"product_tag":[],"class_list":{"0":"post-24581","1":"product","2":"type-product","3":"status-publish","5":"product_cat-maros-megyei-eletrajzi-lexikon","7":"first","8":"instock","9":"shipping-taxable","10":"product-type-simple"},"_links":{"self":[{"href":"https:\/\/uj.adatbank.ro\/lexikon\/wp-json\/wp\/v2\/product\/24581","targetHints":{"allow":["GET"]}}],"collection":[{"href":"https:\/\/uj.adatbank.ro\/lexikon\/wp-json\/wp\/v2\/product"}],"about":[{"href":"https:\/\/uj.adatbank.ro\/lexikon\/wp-json\/wp\/v2\/types\/product"}],"replies":[{"embeddable":true,"href":"https:\/\/uj.adatbank.ro\/lexikon\/wp-json\/wp\/v2\/comments?post=24581"}],"wp:attachment":[{"href":"https:\/\/uj.adatbank.ro\/lexikon\/wp-json\/wp\/v2\/media?parent=24581"}],"wp:term":[{"taxonomy":"product_brand","embeddable":true,"href":"https:\/\/uj.adatbank.ro\/lexikon\/wp-json\/wp\/v2\/product_brand?post=24581"},{"taxonomy":"product_cat","embeddable":true,"href":"https:\/\/uj.adatbank.ro\/lexikon\/wp-json\/wp\/v2\/product_cat?post=24581"},{"taxonomy":"product_tag","embeddable":true,"href":"https:\/\/uj.adatbank.ro\/lexikon\/wp-json\/wp\/v2\/product_tag?post=24581"}],"curies":[{"name":"wp","href":"https:\/\/api.w.org\/{rel}","templated":true}]}}

VIOTTE Károly, Carl von Viotte, Charles Viotte

<p>? † ?: tisztviselő. – A Nagyszebenben régió népbiztosi tisztviselő. Jószágigazgató, a gr. Haller Gáborné, gr. Bethlen Antónia (1792–1880) birtokainak direktora. Mint a korszerűsítő földművelés egyik úttörője, erről írt ismeretei még ma is hasznosak lehetnek. –  <strong>F. m..:</strong> A földmivelés ugar nélkül: Az erdélyországi környülállásokhoz alkalmaztatva írta V. K. (Nagyszeben, 1841). <br /><strong>– Irod.:</strong> Fülöp–Ferencz; Komán János: Újra kiadták Párizsban Viotte Károly marosugrai jószágigazgató könyvét (Nú., Színes Világ, 2021. febr. 5.).</br></p>

<p>? † ?: tisztviselő. – A Nagyszebenben régió népbiztosi tisztviselő. Jószágigazgató, a gr. Haller Gáborné, gr. Bethlen Antónia (1792–1880) birtokainak direktora. Mint a korszerűsítő földművelés egyik úttörője, erről írt ismeretei még ma is hasznosak lehetnek. – F. m..: A földmivelés ugar nélkül: Az erdélyországi környülállásokhoz alkalmaztatva írta V. K. (Nagyszeben, 1841). – Irod.: Fülöp–Ferencz; Komán János: [&hellip;]</p>
