{"id":24583,"date":"2025-08-01T18:12:53","date_gmt":"2025-08-01T16:12:53","guid":{"rendered":"https:\/\/uj.adatbank.ro\/lexikon\/termek\/virag-daniel-marosvasarhelyi\/"},"modified":"2025-08-01T18:12:53","modified_gmt":"2025-08-01T16:12:53","slug":"virag-daniel-marosvasarhelyi","status":"publish","type":"product","link":"https:\/\/uj.adatbank.ro\/lexikon\/termek\/virag-daniel-marosvasarhelyi\/","title":{"rendered":"VIR\u00c1G D\u00e1niel, marosv\u00e1s\u00e1rhelyi"},"content":{"rendered":"<p>Mv., 1784. jan. 3. \u2020 Mv., 1831. szept. 13.: lev\u00e9lt\u00e1ros, f\u0151jegyz\u0151, v\u00e1rosi szen\u00e1tor. \u2013 Mv. lev\u00e9lt\u00e1rosa (1805\u201311). A magisztr\u00e1tus a f\u0151korm\u00e1nysz\u00e9khez k\u00fcldte, ahol megtanulta az iratok rendez\u00e9s\u00e9nek \u00e9s a mutat\u00f3k elk\u00e9sz\u00edt\u00e9s\u00e9nek m\u00f3dj\u00e1t (1806). Visszat\u00e9rve korszer\u0171en rendezte a v\u00e1ros lev\u00e9lt\u00e1r\u00e1t, \u00e9s ma is haszn\u00e1lhat\u00f3 mutat\u00f3k\u00f6nyveket (lelt\u00e1rk\u00f6nyveket) k\u00e9sz\u00edtett. Mintegy 40\u00a0000 iratot t\u00e1rgyi jelleg\u00fck szerint n\u00e9gy sorozatba csoportos\u00edtotta. Ezzel a munk\u00e1val p\u00e1rhuzamosa kialakult a lev\u00e9lt\u00e1r hivatali \u00fcgyvitele is. Megv\u00e1lasztott\u00e1k a v\u00e1ros f\u0151jegyz\u0151j\u00e9v\u00e9, amely funkci\u00f3 a lev\u00e9lt\u00e1r igazgat\u00e1s\u00e1ra is kiterjedt (1811\u2013). Gecse D\u00e1niel v\u00e9gakarata szerint liszny\u00f3i Intze Istv\u00e1n \u00fcgyv\u00e9ddel egyetemben lelkiismeretesen tev\u00e9kenykedett a nemes hagyom\u00e1nyoz\u00f3 elgondol\u00e1sainak megfelel\u0151en. Jelent\u0151s tev\u00e9kenys\u00e9get folytatott a ref. egyh\u00e1zi \u00e9letben is. A mv.-i t\u00e1rsadalmi \u00e9letr\u0151l a harmincas \u00e9vek v\u00e9ge t\u00e1j\u00e1r\u00f3l memoir-f\u00e9le munk\u00e1j\u00e1ban sz\u00e1molt be. <br \/><strong>\u2013 Irod.:<\/strong> Csekme, H\u00edres polg\u00e1rok; Id\u0151t\u00e1r 1; Kr\u00f3n. F\u00fcz. (1939. 4\/5); P\u00e1lffy; P\u00e1lmay J\u00f3zsef.<\/br><\/p>\n","protected":false},"excerpt":{"rendered":"<p>Mv., 1784. jan. 3. \u2020 Mv., 1831. szept. 13.: lev\u00e9lt\u00e1ros, f\u0151jegyz\u0151, v\u00e1rosi szen\u00e1tor. \u2013 Mv. lev\u00e9lt\u00e1rosa (1805\u201311). A magisztr\u00e1tus a f\u0151korm\u00e1nysz\u00e9khez k\u00fcldte, ahol megtanulta az iratok rendez\u00e9s\u00e9nek \u00e9s a mutat\u00f3k elk\u00e9sz\u00edt\u00e9s\u00e9nek m\u00f3dj\u00e1t (1806). Visszat\u00e9rve korszer\u0171en rendezte a v\u00e1ros lev\u00e9lt\u00e1r\u00e1t, \u00e9s ma is haszn\u00e1lhat\u00f3 mutat\u00f3k\u00f6nyveket (lelt\u00e1rk\u00f6nyveket) k\u00e9sz\u00edtett. Mintegy 40\u00a0000 iratot t\u00e1rgyi jelleg\u00fck szerint n\u00e9gy sorozatba csoportos\u00edtotta. [&hellip;]<\/p>\n","protected":false},"featured_media":0,"comment_status":"open","ping_status":"closed","template":"","meta":[],"product_brand":[],"product_cat":[137],"product_tag":[],"class_list":{"0":"post-24583","1":"product","2":"type-product","3":"status-publish","5":"product_cat-maros-megyei-eletrajzi-lexikon","7":"first","8":"instock","9":"shipping-taxable","10":"product-type-simple"},"_links":{"self":[{"href":"https:\/\/uj.adatbank.ro\/lexikon\/wp-json\/wp\/v2\/product\/24583","targetHints":{"allow":["GET"]}}],"collection":[{"href":"https:\/\/uj.adatbank.ro\/lexikon\/wp-json\/wp\/v2\/product"}],"about":[{"href":"https:\/\/uj.adatbank.ro\/lexikon\/wp-json\/wp\/v2\/types\/product"}],"replies":[{"embeddable":true,"href":"https:\/\/uj.adatbank.ro\/lexikon\/wp-json\/wp\/v2\/comments?post=24583"}],"wp:attachment":[{"href":"https:\/\/uj.adatbank.ro\/lexikon\/wp-json\/wp\/v2\/media?parent=24583"}],"wp:term":[{"taxonomy":"product_brand","embeddable":true,"href":"https:\/\/uj.adatbank.ro\/lexikon\/wp-json\/wp\/v2\/product_brand?post=24583"},{"taxonomy":"product_cat","embeddable":true,"href":"https:\/\/uj.adatbank.ro\/lexikon\/wp-json\/wp\/v2\/product_cat?post=24583"},{"taxonomy":"product_tag","embeddable":true,"href":"https:\/\/uj.adatbank.ro\/lexikon\/wp-json\/wp\/v2\/product_tag?post=24583"}],"curies":[{"name":"wp","href":"https:\/\/api.w.org\/{rel}","templated":true}]}}

VIRÁG Dániel, marosvásárhelyi

<p>Mv., 1784. jan. 3. † Mv., 1831. szept. 13.: levéltáros, főjegyző, városi szenátor. – Mv. levéltárosa (1805–11). A magisztrátus a főkormányszékhez küldte, ahol megtanulta az iratok rendezésének és a mutatók elkészítésének módját (1806). Visszatérve korszerűen rendezte a város levéltárát, és ma is használható mutatókönyveket (leltárkönyveket) készített. Mintegy 40 000 iratot tárgyi jellegük szerint négy sorozatba csoportosította. Ezzel a munkával párhuzamosa kialakult a levéltár hivatali ügyvitele is. Megválasztották a város főjegyzőjévé, amely funkció a levéltár igazgatására is kiterjedt (1811–). Gecse Dániel végakarata szerint lisznyói Intze István ügyvéddel egyetemben lelkiismeretesen tevékenykedett a nemes hagyományozó elgondolásainak megfelelően. Jelentős tevékenységet folytatott a ref. egyházi életben is. A mv.-i társadalmi életről a harmincas évek vége tájáról memoir-féle munkájában számolt be. <br /><strong>– Irod.:</strong> Csekme, Híres polgárok; Időtár 1; Krón. Füz. (1939. 4/5); Pálffy; Pálmay József.</br></p>

<p>Mv., 1784. jan. 3. † Mv., 1831. szept. 13.: levéltáros, főjegyző, városi szenátor. – Mv. levéltárosa (1805–11). A magisztrátus a főkormányszékhez küldte, ahol megtanulta az iratok rendezésének és a mutatók elkészítésének módját (1806). Visszatérve korszerűen rendezte a város levéltárát, és ma is használható mutatókönyveket (leltárkönyveket) készített. Mintegy 40 000 iratot tárgyi jellegük szerint négy sorozatba csoportosította. [&hellip;]</p>
