{"id":24586,"date":"2025-08-01T18:12:59","date_gmt":"2025-08-01T16:12:59","guid":{"rendered":"https:\/\/uj.adatbank.ro\/lexikon\/termek\/virag-gyorgy-gyurika\/"},"modified":"2025-08-01T18:12:59","modified_gmt":"2025-08-01T16:12:59","slug":"virag-gyorgy-gyurika","status":"publish","type":"product","link":"https:\/\/uj.adatbank.ro\/lexikon\/termek\/virag-gyorgy-gyurika\/","title":{"rendered":"VIR\u00c1G Gy\u00f6rgy; Gyurika"},"content":{"rendered":"<p>? \u2020\u00a0?: sz\u00edn\u00e9sz. \u2013 Fell\u00e9pett a mv.-i Sz\u00e9kely Sz\u00ednh\u00e1zban mint gyermeksz\u00edn\u00e9sz. \u2013 <strong>F. sz.:<\/strong> Kisfi\u00fa (M\u00f3ricz Zs. Uri muri); Vid\u00e1m ny\u00e1ri m\u0171sor (1950); Sandu (L. Demetrius: Mai emberek); Petyko, Mujk\u00f3\u00e9k fia (Huszka Jen\u0151: G\u00fcl baba). <br \/><strong>\u2013 Irod.:<\/strong> Horv\u00e1th Bea.<\/br><\/p>\n","protected":false},"excerpt":{"rendered":"<p>? \u2020\u00a0?: sz\u00edn\u00e9sz. \u2013 Fell\u00e9pett a mv.-i Sz\u00e9kely Sz\u00ednh\u00e1zban mint gyermeksz\u00edn\u00e9sz. \u2013 F. sz.: Kisfi\u00fa (M\u00f3ricz Zs. Uri muri); Vid\u00e1m ny\u00e1ri m\u0171sor (1950); Sandu (L. Demetrius: Mai emberek); Petyko, Mujk\u00f3\u00e9k fia (Huszka Jen\u0151: G\u00fcl baba). \u2013 Irod.: Horv\u00e1th Bea.<\/p>\n","protected":false},"featured_media":0,"comment_status":"open","ping_status":"closed","template":"","meta":[],"product_brand":[],"product_cat":[137],"product_tag":[],"class_list":{"0":"post-24586","1":"product","2":"type-product","3":"status-publish","5":"product_cat-maros-megyei-eletrajzi-lexikon","7":"first","8":"instock","9":"shipping-taxable","10":"product-type-simple"},"_links":{"self":[{"href":"https:\/\/uj.adatbank.ro\/lexikon\/wp-json\/wp\/v2\/product\/24586","targetHints":{"allow":["GET"]}}],"collection":[{"href":"https:\/\/uj.adatbank.ro\/lexikon\/wp-json\/wp\/v2\/product"}],"about":[{"href":"https:\/\/uj.adatbank.ro\/lexikon\/wp-json\/wp\/v2\/types\/product"}],"replies":[{"embeddable":true,"href":"https:\/\/uj.adatbank.ro\/lexikon\/wp-json\/wp\/v2\/comments?post=24586"}],"wp:attachment":[{"href":"https:\/\/uj.adatbank.ro\/lexikon\/wp-json\/wp\/v2\/media?parent=24586"}],"wp:term":[{"taxonomy":"product_brand","embeddable":true,"href":"https:\/\/uj.adatbank.ro\/lexikon\/wp-json\/wp\/v2\/product_brand?post=24586"},{"taxonomy":"product_cat","embeddable":true,"href":"https:\/\/uj.adatbank.ro\/lexikon\/wp-json\/wp\/v2\/product_cat?post=24586"},{"taxonomy":"product_tag","embeddable":true,"href":"https:\/\/uj.adatbank.ro\/lexikon\/wp-json\/wp\/v2\/product_tag?post=24586"}],"curies":[{"name":"wp","href":"https:\/\/api.w.org\/{rel}","templated":true}]}}