{"id":24588,"date":"2025-08-01T18:13:04","date_gmt":"2025-08-01T16:13:04","guid":{"rendered":"https:\/\/uj.adatbank.ro\/lexikon\/termek\/virag-istvan-pistike\/"},"modified":"2025-08-01T18:13:04","modified_gmt":"2025-08-01T16:13:04","slug":"virag-istvan-pistike","status":"publish","type":"product","link":"https:\/\/uj.adatbank.ro\/lexikon\/termek\/virag-istvan-pistike\/","title":{"rendered":"VIR\u00c1G Istv\u00e1n; Pistike"},"content":{"rendered":"<p>? \u2020\u00a0?: sz\u00edn\u00e9sz, m\u0171szaki fel\u00fcgyel\u0151. \u2013 Fell\u00e9pett a mv.-i Sz\u00e9kely Sz\u00ednh\u00e1zban mint gyermeksz\u00edn\u00e9sz. Majd hossz\u00fa \u00e9vekig a Sz\u00e9kely Sz\u00ednh\u00e1z m\u0171szaki vezet\u0151je volt. \u2013 <strong><strong>F. sz.:<\/strong>:<\/strong>: Jancsi (G\u00e1rdonyi G\u00e9za: A bor); Pista (M\u00f3ricz Zs.: S\u00e1ri b\u00edr\u00f3); Vid\u00e1m ny\u00e1ri m\u0171sor (1950). <br \/><strong>\u2013 Irod.:<\/strong> Horv\u00e1th Bea; Imreh Ern\u0151: Az a bizonyos \u201em\u0171szak\u201d: Eml\u00e9kez\u00e9s az egykori Sz\u00e9kely Sz\u00ednh\u00e1zra (Erd\u00e9lyi Figyel\u0151, 1996. m\u00e1rc., 7. sz.).<\/br><\/p>\n","protected":false},"excerpt":{"rendered":"<p>? \u2020\u00a0?: sz\u00edn\u00e9sz, m\u0171szaki fel\u00fcgyel\u0151. \u2013 Fell\u00e9pett a mv.-i Sz\u00e9kely Sz\u00ednh\u00e1zban mint gyermeksz\u00edn\u00e9sz. Majd hossz\u00fa \u00e9vekig a Sz\u00e9kely Sz\u00ednh\u00e1z m\u0171szaki vezet\u0151je volt. \u2013 F. sz.::: Jancsi (G\u00e1rdonyi G\u00e9za: A bor); Pista (M\u00f3ricz Zs.: S\u00e1ri b\u00edr\u00f3); Vid\u00e1m ny\u00e1ri m\u0171sor (1950). \u2013 Irod.: Horv\u00e1th Bea; Imreh Ern\u0151: Az a bizonyos \u201em\u0171szak\u201d: Eml\u00e9kez\u00e9s az egykori Sz\u00e9kely Sz\u00ednh\u00e1zra (Erd\u00e9lyi [&hellip;]<\/p>\n","protected":false},"featured_media":0,"comment_status":"open","ping_status":"closed","template":"","meta":[],"product_brand":[],"product_cat":[137],"product_tag":[],"class_list":{"0":"post-24588","1":"product","2":"type-product","3":"status-publish","5":"product_cat-maros-megyei-eletrajzi-lexikon","7":"first","8":"instock","9":"shipping-taxable","10":"product-type-simple"},"_links":{"self":[{"href":"https:\/\/uj.adatbank.ro\/lexikon\/wp-json\/wp\/v2\/product\/24588","targetHints":{"allow":["GET"]}}],"collection":[{"href":"https:\/\/uj.adatbank.ro\/lexikon\/wp-json\/wp\/v2\/product"}],"about":[{"href":"https:\/\/uj.adatbank.ro\/lexikon\/wp-json\/wp\/v2\/types\/product"}],"replies":[{"embeddable":true,"href":"https:\/\/uj.adatbank.ro\/lexikon\/wp-json\/wp\/v2\/comments?post=24588"}],"wp:attachment":[{"href":"https:\/\/uj.adatbank.ro\/lexikon\/wp-json\/wp\/v2\/media?parent=24588"}],"wp:term":[{"taxonomy":"product_brand","embeddable":true,"href":"https:\/\/uj.adatbank.ro\/lexikon\/wp-json\/wp\/v2\/product_brand?post=24588"},{"taxonomy":"product_cat","embeddable":true,"href":"https:\/\/uj.adatbank.ro\/lexikon\/wp-json\/wp\/v2\/product_cat?post=24588"},{"taxonomy":"product_tag","embeddable":true,"href":"https:\/\/uj.adatbank.ro\/lexikon\/wp-json\/wp\/v2\/product_tag?post=24588"}],"curies":[{"name":"wp","href":"https:\/\/api.w.org\/{rel}","templated":true}]}}

VIRÁG István; Pistike

<p>? † ?: színész, műszaki felügyelő. – Fellépett a mv.-i Székely Színházban mint gyermekszínész. Majd hosszú évekig a Székely Színház műszaki vezetője volt. – <strong><strong>F. sz.:</strong>:</strong>: Jancsi (Gárdonyi Géza: A bor); Pista (Móricz Zs.: Sári bíró); Vidám nyári műsor (1950). <br /><strong>– Irod.:</strong> Horváth Bea; Imreh Ernő: Az a bizonyos „műszak”: Emlékezés az egykori Székely Színházra (Erdélyi Figyelő, 1996. márc., 7. sz.).</br></p>

<p>? † ?: színész, műszaki felügyelő. – Fellépett a mv.-i Székely Színházban mint gyermekszínész. Majd hosszú évekig a Székely Színház műszaki vezetője volt. – F. sz.::: Jancsi (Gárdonyi Géza: A bor); Pista (Móricz Zs.: Sári bíró); Vidám nyári műsor (1950). – Irod.: Horváth Bea; Imreh Ernő: Az a bizonyos „műszak”: Emlékezés az egykori Székely Színházra (Erdélyi [&hellip;]</p>
