{"id":24604,"date":"2025-08-01T18:13:41","date_gmt":"2025-08-01T16:13:41","guid":{"rendered":"https:\/\/uj.adatbank.ro\/lexikon\/termek\/viski-pal-wiski\/"},"modified":"2025-08-01T18:13:41","modified_gmt":"2025-08-01T16:13:41","slug":"viski-pal-wiski","status":"publish","type":"product","link":"https:\/\/uj.adatbank.ro\/lexikon\/termek\/viski-pal-wiski\/","title":{"rendered":"VISKI P\u00e1l, Wiski"},"content":{"rendered":"<p>? \u2020\u00a0Kib\u00e9d, 1837.: ref. lelk\u00e9sz. \u2013 Lelk\u00e9sz Gyalun (\u20131803), Mv.-en a v\u00e1rtemplomban (1803\u20131815. \u00e1pr. 19), majd Kib\u00e9den (1815\u20131837), ahol \u00e9lete v\u00e9g\u00e9ig \u00e1ld\u00e1sos tev\u00e9kenys\u00e9get fejtett ki \u00fagy a lelki \u00e9let mezej\u00e9n, mint anyagi t\u00e9ren is. Legjelent\u0151sebb megval\u00f3s\u00edt\u00e1sa a r\u00e9gi templom lebont\u00e1sa \u00e9s az \u00faj templomnak, valamint a toronynak a fel\u00e9p\u00edt\u00e9se (1820\u20131821, befejezve 1826), ma is ezeket haszn\u00e1lj\u00e1k. Az\u00e9rt, hogy j\u00f6vedelemre tegyen szert az egyh\u00e1z r\u00e9sz\u00e9re, k\u00e9tk\u00f6v\u0171 v\u00edzimalmot l\u00e9tes\u00edtett. \u00d6reg kor\u00e1ban, betegesked\u00e9se miatt, seg\u00e9dlelk\u00e9szt helyeztek mell\u00e9je, Pet\u0151 S\u00e1ndor szem\u00e9ly\u00e9ben (1835\u2013) \u00cdr\u00e1ssal is foglalkozott. \u2013  <strong>F. m..:<\/strong> Idvess\u00e9g tudom\u00e1nya, (1826). <br \/><strong>\u2013 Irod.:<\/strong> Farcz\u00e1dy; Imreh B.; A mv.-i ref. egyh\u00e1z (1727\u2013) anyak\u00f6nyve [k\u00e9zirat]; Kib\u00e9d \u00e9s egyh\u00e1za; Kib\u00e9d 2.; P\u00e1l-Antal 2009; V\u00e1rtemplomi lelk\u00e9szek n\u00e9vsora, 1571\u20132000 (\u00daj Kezdet, 2000, 2. sz.).<\/br><\/p>\n","protected":false},"excerpt":{"rendered":"<p>? \u2020\u00a0Kib\u00e9d, 1837.: ref. lelk\u00e9sz. \u2013 Lelk\u00e9sz Gyalun (\u20131803), Mv.-en a v\u00e1rtemplomban (1803\u20131815. \u00e1pr. 19), majd Kib\u00e9den (1815\u20131837), ahol \u00e9lete v\u00e9g\u00e9ig \u00e1ld\u00e1sos tev\u00e9kenys\u00e9get fejtett ki \u00fagy a lelki \u00e9let mezej\u00e9n, mint anyagi t\u00e9ren is. Legjelent\u0151sebb megval\u00f3s\u00edt\u00e1sa a r\u00e9gi templom lebont\u00e1sa \u00e9s az \u00faj templomnak, valamint a toronynak a fel\u00e9p\u00edt\u00e9se (1820\u20131821, befejezve 1826), ma is ezeket [&hellip;]<\/p>\n","protected":false},"featured_media":0,"comment_status":"open","ping_status":"closed","template":"","meta":[],"product_brand":[],"product_cat":[137],"product_tag":[],"class_list":{"0":"post-24604","1":"product","2":"type-product","3":"status-publish","5":"product_cat-maros-megyei-eletrajzi-lexikon","7":"first","8":"instock","9":"shipping-taxable","10":"product-type-simple"},"_links":{"self":[{"href":"https:\/\/uj.adatbank.ro\/lexikon\/wp-json\/wp\/v2\/product\/24604","targetHints":{"allow":["GET"]}}],"collection":[{"href":"https:\/\/uj.adatbank.ro\/lexikon\/wp-json\/wp\/v2\/product"}],"about":[{"href":"https:\/\/uj.adatbank.ro\/lexikon\/wp-json\/wp\/v2\/types\/product"}],"replies":[{"embeddable":true,"href":"https:\/\/uj.adatbank.ro\/lexikon\/wp-json\/wp\/v2\/comments?post=24604"}],"wp:attachment":[{"href":"https:\/\/uj.adatbank.ro\/lexikon\/wp-json\/wp\/v2\/media?parent=24604"}],"wp:term":[{"taxonomy":"product_brand","embeddable":true,"href":"https:\/\/uj.adatbank.ro\/lexikon\/wp-json\/wp\/v2\/product_brand?post=24604"},{"taxonomy":"product_cat","embeddable":true,"href":"https:\/\/uj.adatbank.ro\/lexikon\/wp-json\/wp\/v2\/product_cat?post=24604"},{"taxonomy":"product_tag","embeddable":true,"href":"https:\/\/uj.adatbank.ro\/lexikon\/wp-json\/wp\/v2\/product_tag?post=24604"}],"curies":[{"name":"wp","href":"https:\/\/api.w.org\/{rel}","templated":true}]}}