{"id":24605,"date":"2025-08-01T18:13:43","date_gmt":"2025-08-01T16:13:43","guid":{"rendered":"https:\/\/uj.adatbank.ro\/lexikon\/termek\/viski-pal-t-f\/"},"modified":"2025-08-01T18:13:43","modified_gmt":"2025-08-01T16:13:43","slug":"viski-pal-t-f","status":"publish","type":"product","link":"https:\/\/uj.adatbank.ro\/lexikon\/termek\/viski-pal-t-f\/","title":{"rendered":"VISKI P\u00e1l T. F"},"content":{"rendered":"<p>? \u2020\u00a0?: mv.-i ref. pr\u00e9dik\u00e1tor. K\u00e1poszt\u00e1sszentmikl\u00f3son (1761\u201376). \u2013  <strong>F. m..:<\/strong> Familiaris applausus in honorem Dni Sigismundi Pap Szathm\u00e1ri quum in ill. coll. ref. Claudiopolitano X-ma Maji studia sua scholastica egregio admodum specimine clausisset laetosque omnium applausus meruisset. In grati animi tesseram decantatus a civibus il. col. ref. (Claudipoli. Anno 1794.); Magyar Ovid, az \u00e1tv\u00e1ltoz\u00e1sokr\u00f3l. 1. Darab. (Claudipoli, 1802.); Jokasta, szomor\u00faj\u00e1t\u00e9k 5 fv. (Mv, 1805.); Ravaszdi, v\u00edg-\u00e9rz\u00e9kenyj\u00e1t\u00e9k 5 fv. (Mv., 1805). (Mindkett\u0151 Nemes Paksi Mih\u00e1ly k\u00f6lts\u00e9g\u00e9n). <br \/><strong>\u2013 Irod.:<\/strong> Imreh B.; Kr\u00f3n. F\u00fcz. (1939. 4\/9), Szinnyei.<\/br><\/p>\n","protected":false},"excerpt":{"rendered":"<p>? \u2020\u00a0?: mv.-i ref. pr\u00e9dik\u00e1tor. K\u00e1poszt\u00e1sszentmikl\u00f3son (1761\u201376). \u2013 F. m..: Familiaris applausus in honorem Dni Sigismundi Pap Szathm\u00e1ri quum in ill. coll. ref. Claudiopolitano X-ma Maji studia sua scholastica egregio admodum specimine clausisset laetosque omnium applausus meruisset. In grati animi tesseram decantatus a civibus il. col. ref. (Claudipoli. Anno 1794.); Magyar Ovid, az \u00e1tv\u00e1ltoz\u00e1sokr\u00f3l. 1. [&hellip;]<\/p>\n","protected":false},"featured_media":0,"comment_status":"open","ping_status":"closed","template":"","meta":[],"product_brand":[],"product_cat":[137],"product_tag":[],"class_list":{"0":"post-24605","1":"product","2":"type-product","3":"status-publish","5":"product_cat-maros-megyei-eletrajzi-lexikon","7":"first","8":"instock","9":"shipping-taxable","10":"product-type-simple"},"_links":{"self":[{"href":"https:\/\/uj.adatbank.ro\/lexikon\/wp-json\/wp\/v2\/product\/24605","targetHints":{"allow":["GET"]}}],"collection":[{"href":"https:\/\/uj.adatbank.ro\/lexikon\/wp-json\/wp\/v2\/product"}],"about":[{"href":"https:\/\/uj.adatbank.ro\/lexikon\/wp-json\/wp\/v2\/types\/product"}],"replies":[{"embeddable":true,"href":"https:\/\/uj.adatbank.ro\/lexikon\/wp-json\/wp\/v2\/comments?post=24605"}],"wp:attachment":[{"href":"https:\/\/uj.adatbank.ro\/lexikon\/wp-json\/wp\/v2\/media?parent=24605"}],"wp:term":[{"taxonomy":"product_brand","embeddable":true,"href":"https:\/\/uj.adatbank.ro\/lexikon\/wp-json\/wp\/v2\/product_brand?post=24605"},{"taxonomy":"product_cat","embeddable":true,"href":"https:\/\/uj.adatbank.ro\/lexikon\/wp-json\/wp\/v2\/product_cat?post=24605"},{"taxonomy":"product_tag","embeddable":true,"href":"https:\/\/uj.adatbank.ro\/lexikon\/wp-json\/wp\/v2\/product_tag?post=24605"}],"curies":[{"name":"wp","href":"https:\/\/api.w.org\/{rel}","templated":true}]}}

VISKI Pál T. F

<p>? † ?: mv.-i ref. prédikátor. Káposztásszentmiklóson (1761–76). –  <strong>F. m..:</strong> Familiaris applausus in honorem Dni Sigismundi Pap Szathmári quum in ill. coll. ref. Claudiopolitano X-ma Maji studia sua scholastica egregio admodum specimine clausisset laetosque omnium applausus meruisset. In grati animi tesseram decantatus a civibus il. col. ref. (Claudipoli. Anno 1794.); Magyar Ovid, az átváltozásokról. 1. Darab. (Claudipoli, 1802.); Jokasta, szomorújáték 5 fv. (Mv, 1805.); Ravaszdi, víg-érzékenyjáték 5 fv. (Mv., 1805). (Mindkettő Nemes Paksi Mihály költségén). <br /><strong>– Irod.:</strong> Imreh B.; Krón. Füz. (1939. 4/9), Szinnyei.</br></p>

<p>? † ?: mv.-i ref. prédikátor. Káposztásszentmiklóson (1761–76). – F. m..: Familiaris applausus in honorem Dni Sigismundi Pap Szathmári quum in ill. coll. ref. Claudiopolitano X-ma Maji studia sua scholastica egregio admodum specimine clausisset laetosque omnium applausus meruisset. In grati animi tesseram decantatus a civibus il. col. ref. (Claudipoli. Anno 1794.); Magyar Ovid, az átváltozásokról. 1. [&hellip;]</p>
