{"id":24606,"date":"2025-08-01T18:13:47","date_gmt":"2025-08-01T16:13:47","guid":{"rendered":"https:\/\/uj.adatbank.ro\/lexikon\/termek\/viskoczy-henrik\/"},"modified":"2025-08-01T18:13:47","modified_gmt":"2025-08-01T16:13:47","slug":"viskoczy-henrik","status":"publish","type":"product","link":"https:\/\/uj.adatbank.ro\/lexikon\/termek\/viskoczy-henrik\/","title":{"rendered":"VISKOCZY Henrik"},"content":{"rendered":"<p>Trencs\u00e9n, 1800. dec. 20., \u2020 Nagyenyed, 1891. j\u00fal. 31.: minorita szerzetes. \u2013 Mv.-en a minorita szerzetesrend h\u00e1zf\u0151n\u00f6ke (1840\u201345), majd Nagyenyedre ker\u00fclt. A nagyenyedi v\u00e9rengz\u00e9s idej\u00e9n az \u00e9jszakai \u00f6ld\u00f6kl\u00e9skor az utc\u00e1ra ment b\u00e9k\u00edteni. F\u00e9lholtra verve mentett\u00e9k be a kolostorba. Ott is k\u00f6vett\u00e9k, p\u00e9nzt k\u00f6veteltek t\u0151le. Kilenc l\u0151tt \u00e9s sz\u00fart sebet kapott. T\u00e1rsai kimentett\u00e9k a pusztul\u00f3 v\u00e1rosb\u00f3l (1849. jan. 8.), csak \u00e1pr.-ban t\u00e9rt vissza, amikor a templomot \u00e9s a rendh\u00e1zat felgy\u00fajtva tal\u00e1lta. <br \/><strong>\u2013 Irod.:<\/strong> P\u00e1l-Antal\u2013Szab\u00f3 2.<\/br><\/p>\n","protected":false},"excerpt":{"rendered":"<p>Trencs\u00e9n, 1800. dec. 20., \u2020 Nagyenyed, 1891. j\u00fal. 31.: minorita szerzetes. \u2013 Mv.-en a minorita szerzetesrend h\u00e1zf\u0151n\u00f6ke (1840\u201345), majd Nagyenyedre ker\u00fclt. A nagyenyedi v\u00e9rengz\u00e9s idej\u00e9n az \u00e9jszakai \u00f6ld\u00f6kl\u00e9skor az utc\u00e1ra ment b\u00e9k\u00edteni. F\u00e9lholtra verve mentett\u00e9k be a kolostorba. Ott is k\u00f6vett\u00e9k, p\u00e9nzt k\u00f6veteltek t\u0151le. Kilenc l\u0151tt \u00e9s sz\u00fart sebet kapott. T\u00e1rsai kimentett\u00e9k a pusztul\u00f3 v\u00e1rosb\u00f3l [&hellip;]<\/p>\n","protected":false},"featured_media":0,"comment_status":"open","ping_status":"closed","template":"","meta":[],"product_brand":[],"product_cat":[137],"product_tag":[],"class_list":{"0":"post-24606","1":"product","2":"type-product","3":"status-publish","5":"product_cat-maros-megyei-eletrajzi-lexikon","7":"first","8":"instock","9":"shipping-taxable","10":"product-type-simple"},"_links":{"self":[{"href":"https:\/\/uj.adatbank.ro\/lexikon\/wp-json\/wp\/v2\/product\/24606","targetHints":{"allow":["GET"]}}],"collection":[{"href":"https:\/\/uj.adatbank.ro\/lexikon\/wp-json\/wp\/v2\/product"}],"about":[{"href":"https:\/\/uj.adatbank.ro\/lexikon\/wp-json\/wp\/v2\/types\/product"}],"replies":[{"embeddable":true,"href":"https:\/\/uj.adatbank.ro\/lexikon\/wp-json\/wp\/v2\/comments?post=24606"}],"wp:attachment":[{"href":"https:\/\/uj.adatbank.ro\/lexikon\/wp-json\/wp\/v2\/media?parent=24606"}],"wp:term":[{"taxonomy":"product_brand","embeddable":true,"href":"https:\/\/uj.adatbank.ro\/lexikon\/wp-json\/wp\/v2\/product_brand?post=24606"},{"taxonomy":"product_cat","embeddable":true,"href":"https:\/\/uj.adatbank.ro\/lexikon\/wp-json\/wp\/v2\/product_cat?post=24606"},{"taxonomy":"product_tag","embeddable":true,"href":"https:\/\/uj.adatbank.ro\/lexikon\/wp-json\/wp\/v2\/product_tag?post=24606"}],"curies":[{"name":"wp","href":"https:\/\/api.w.org\/{rel}","templated":true}]}}

<p>Trencsén, 1800. dec. 20., † Nagyenyed, 1891. júl. 31.: minorita szerzetes. – Mv.-en a minorita szerzetesrend házfőnöke (1840–45), majd Nagyenyedre került. A nagyenyedi vérengzés idején az éjszakai öldökléskor az utcára ment békíteni. Félholtra verve mentették be a kolostorba. Ott is követték, pénzt követeltek tőle. Kilenc lőtt és szúrt sebet kapott. Társai kimentették a pusztuló városból (1849. jan. 8.), csak ápr.-ban tért vissza, amikor a templomot és a rendházat felgyújtva találta. <br /><strong>– Irod.:</strong> Pál-Antal–Szabó 2.</br></p>

<p>Trencsén, 1800. dec. 20., † Nagyenyed, 1891. júl. 31.: minorita szerzetes. – Mv.-en a minorita szerzetesrend házfőnöke (1840–45), majd Nagyenyedre került. A nagyenyedi vérengzés idején az éjszakai öldökléskor az utcára ment békíteni. Félholtra verve mentették be a kolostorba. Ott is követték, pénzt követeltek tőle. Kilenc lőtt és szúrt sebet kapott. Társai kimentették a pusztuló városból [&hellip;]</p>
