{"id":24607,"date":"2025-08-01T18:13:49","date_gmt":"2025-08-01T16:13:49","guid":{"rendered":"https:\/\/uj.adatbank.ro\/lexikon\/termek\/visky-arpad-%c2%a7\/"},"modified":"2025-08-01T18:13:49","modified_gmt":"2025-08-01T16:13:49","slug":"visky-arpad-%c2%a7","status":"publish","type":"product","link":"https:\/\/uj.adatbank.ro\/lexikon\/termek\/visky-arpad-%c2%a7\/","title":{"rendered":"VISKY \u00c1rp\u00e1d, \u00a7"},"content":{"rendered":"<p>Sz\u00e9kelyv\u00e9cke, 1940. j\u00fal. 8. \u2020 Sepsiszentgy\u00f6rgy, 1986. jan. 12., Mv.-en a ref. temet\u0151ben temett\u00e9k el: sz\u00ednm\u0171v\u00e9sz. \u2013 K\u00f6z\u00e9piskol\u00e1it Sz\u00e9kelykereszt\u00faron v\u00e9gezte majd Mv.-en a Szentgy\u00f6rgyi Istv\u00e1n Sz\u00ednm\u0171v\u00e9szeti F\u0151iskol\u00e1n szerzett diplom\u00e1t (1963). \u00cdg\u00e9retes tehets\u00e9g volt a f\u0151iskol\u00e1n, felv\u00e1ltva j\u00e1tszotta Tartuffe szerep\u00e9t tan\u00e1r\u00e1val, Kov\u00e1cs Gy\u00f6rggyel. Sz\u00edn\u00e9sz volt a sepsiszentgy\u00f6rgyi \u00c1ll. M. Sz\u00ednh\u00e1zban (1963\u201365), Mv.-en a Nemzeti Sz\u00ednh\u00e1zban (1965\u201375), ism\u00e9t Sepsiszentgy\u00f6rgy\u00f6n (1975\u201383). A sz\u00e9kelyudvarhelyi N\u00e9psz\u00ednh\u00e1zban sz\u00ednpadra \u00e1ll\u00edtotta H. Pint\u00e9r A gondnok c. darabj\u00e1t. M\u0171v\u00e9szi p\u00e1ly\u00e1ja sor\u00e1n ker\u00fclte a hars\u00e1nys\u00e1got, t\u00f6bbnyire visszafogott hangon sz\u00f3lalt meg, de mindig fesz\u00fclts\u00e9get hozott a sz\u00ednpadra. Karizmatikus egy\u00e9nis\u00e9ge a p\u00f3diumon is \u00e9rv\u00e9nyes\u00fclt. El\u0151ad\u00f3m\u0171v\u00e9szk\u00e9nt Sz\u00e1zszor is, v\u00e9g\u00fcl is c. Ady \u00e9s az \u00c9rtelemig \u00e9s tov\u00e1bb, Eszm\u00e9let c. J\u00f3zsef Attila m\u0171sorai a legjelent\u0151sebbek. Sz\u00e1mos irodalmi esten l\u00e9pett fel Pet\u0151fi, Ady, J\u00f3zsef Attila, Radn\u00f3ti versekkel. T\u00f6bbsz\u00f6r szerepelt a r\u00e1di\u00f3ban \u00e9s telev\u00edzi\u00f3ban. V\u00e1ratlanul \u00e9s titokban letart\u00f3ztatt\u00e1k (1983. febr. 23.), rendszerellenes izgat\u00e1s\u00e9rt \u00f6t \u00e9v szabads\u00e1gveszt\u00e9sre \u00edt\u00e9lt\u00e9k (1983. j\u00fal. 11.), politikai fogoly a nagyenyedi \u00e9s a zsil\u00e1vai b\u00f6rt\u00f6nben, kegyelemben r\u00e9szes\u00fclt, kiszabadult (1984. aug. 23.), de sz\u00ednpadra nem l\u00e9phetett, ez\u00e9rt seg\u00e9dmunk\u00e1s lett, Sepsiszentgy\u00f6rgy\u00f6n \u00e9s Mv.-en dolgozott. Hal\u00e1l\u00e1nak k\u00f6r\u00fclm\u00e9nyei tiszt\u00e1zatlanok, a hivatalos \u00e1ll\u00e1spont szerint \u00f6ngyilkos lett. Nev\u00e9t viseli a szentgy\u00f6rgyi M\u0171vel\u0151d\u00e9si H\u00e1z sz\u00ednj\u00e1tsz\u00f3 k\u00f6re \u00e9s a sz\u00e9kelyv\u00e9ckei kult\u00farotthon, a fal\u00e1ra Hunyadi L\u00e1szl\u00f3 szobr\u00e1szm\u0171v\u00e9sz plakettje ker\u00fclt (2005. aug. 14.). A Magyar M\u0171v\u00e9szet\u00e9rt poszthumusz d\u00edjjal t\u00fcntett\u00e9k ki (2007). \u2013 <strong>F. sz.:<\/strong>: Tolvaj (f. h. Mv.-en 1960, Rostand: Cyrano de Bergerac); Merk\u00far (Kleist: Amphitryon); Polg\u00e1rmester (D\u00fcrrenmatt: Az \u00f6reg h\u00f6lgy l\u00e1togat\u00e1sa); Kurrah (V\u00f6r\u00f6smarty M.: Csongor \u00e9s T\u00fcnde); De la Fontaine (S\u00fct\u0151 A.: Csillag a m\u00e1gly\u00e1n); Tiborc (Katona J: B\u00e1nk b\u00e1n); Tullio (Buero\u2013Vallejo: Az alap\u00edtv\u00e1ny); Tartuffe (Moliere), Pataki Istv\u00e1n (Szab\u00f3 Lajos: Ments\u00e9g); F\u00e9rj (Csiky L\u00e1szl\u00f3: A nagypapa l\u00e1tni akar benneteket); Ca\u0163avencu (Caragiale: Az elveszett lev\u00e9l); K\u00e1in (S\u00fct\u0151 A.: K\u00e1in \u00e9s \u00c1bel); Woyzeck (B\u00fcchner); Parmenion (S\u00fct\u0151 A.: A szuzai menyegz\u0151). <br \/><strong>\u2013 Irod.:<\/strong> Gazda\u2013T\u00f3falvi; A H\u00e9t \u00e9vk. (1982); Katona Szab\u00f3 Istv\u00e1n: Az \u00daj \u00c9let lexikona, 166. (\u00daj \u00c9let, 1977., 12. sz.); Kr\u00f3nika (2005. szept. 5.); MSZL; fot\u00f3; MSz\u00ednL.; M\u00e9szely R\u00e9ka: A p\u00e1rt vagy az \u00e1llam ellen v\u00e9tett V. \u00c1? (N\u00fa., 2005. szept. 1.); Nagy P\u00e1l: Gond; [Nekrol\u00f3g] (V. Z., 1986. jan. 14.); Nagy P\u00e1l: V. \u00c1. J\u00f3zsef Attil\u00e1ja (Erd\u00e9lyi Figyel\u0151, 1990, 1\u20132. sz.); RMIL; T\u00f3falvi Zolt\u00e1n: Kinek j\u00e1tszol a s\u00edrban, V. A? (N\u00fa., M\u00fazsa, 1994. jan. 20., 131. sz.; 1994. j\u00fal. 7., 155. sz.); T\u00f3falvi Zolt\u00e1n. Z\u00fazmora-koszor\u00fat a s\u00edrra: V. \u00c1. sz\u00ednm\u0171v\u00e9sz hal\u00e1l\u00e1nak 20. \u00e9vfordul\u00f3j\u00e1ra (Sz\u00e9kelyf\u00f6ld, 2006, 1. sz.); \u00daM\u00c9L.<\/br><\/p>\n","protected":false},"excerpt":{"rendered":"<p>Sz\u00e9kelyv\u00e9cke, 1940. j\u00fal. 8. \u2020 Sepsiszentgy\u00f6rgy, 1986. jan. 12., Mv.-en a ref. temet\u0151ben temett\u00e9k el: sz\u00ednm\u0171v\u00e9sz. \u2013 K\u00f6z\u00e9piskol\u00e1it Sz\u00e9kelykereszt\u00faron v\u00e9gezte majd Mv.-en a Szentgy\u00f6rgyi Istv\u00e1n Sz\u00ednm\u0171v\u00e9szeti F\u0151iskol\u00e1n szerzett diplom\u00e1t (1963). \u00cdg\u00e9retes tehets\u00e9g volt a f\u0151iskol\u00e1n, felv\u00e1ltva j\u00e1tszotta Tartuffe szerep\u00e9t tan\u00e1r\u00e1val, Kov\u00e1cs Gy\u00f6rggyel. Sz\u00edn\u00e9sz volt a sepsiszentgy\u00f6rgyi \u00c1ll. M. Sz\u00ednh\u00e1zban (1963\u201365), Mv.-en a Nemzeti Sz\u00ednh\u00e1zban (1965\u201375), [&hellip;]<\/p>\n","protected":false},"featured_media":0,"comment_status":"open","ping_status":"closed","template":"","meta":[],"product_brand":[],"product_cat":[137],"product_tag":[],"class_list":{"0":"post-24607","1":"product","2":"type-product","3":"status-publish","5":"product_cat-maros-megyei-eletrajzi-lexikon","7":"first","8":"instock","9":"shipping-taxable","10":"product-type-simple"},"_links":{"self":[{"href":"https:\/\/uj.adatbank.ro\/lexikon\/wp-json\/wp\/v2\/product\/24607","targetHints":{"allow":["GET"]}}],"collection":[{"href":"https:\/\/uj.adatbank.ro\/lexikon\/wp-json\/wp\/v2\/product"}],"about":[{"href":"https:\/\/uj.adatbank.ro\/lexikon\/wp-json\/wp\/v2\/types\/product"}],"replies":[{"embeddable":true,"href":"https:\/\/uj.adatbank.ro\/lexikon\/wp-json\/wp\/v2\/comments?post=24607"}],"wp:attachment":[{"href":"https:\/\/uj.adatbank.ro\/lexikon\/wp-json\/wp\/v2\/media?parent=24607"}],"wp:term":[{"taxonomy":"product_brand","embeddable":true,"href":"https:\/\/uj.adatbank.ro\/lexikon\/wp-json\/wp\/v2\/product_brand?post=24607"},{"taxonomy":"product_cat","embeddable":true,"href":"https:\/\/uj.adatbank.ro\/lexikon\/wp-json\/wp\/v2\/product_cat?post=24607"},{"taxonomy":"product_tag","embeddable":true,"href":"https:\/\/uj.adatbank.ro\/lexikon\/wp-json\/wp\/v2\/product_tag?post=24607"}],"curies":[{"name":"wp","href":"https:\/\/api.w.org\/{rel}","templated":true}]}}

VISKY Árpád, §

<p>Székelyvécke, 1940. júl. 8. † Sepsiszentgyörgy, 1986. jan. 12., Mv.-en a ref. temetőben temették el: színművész. – Középiskoláit Székelykeresztúron végezte majd Mv.-en a Szentgyörgyi István Színművészeti Főiskolán szerzett diplomát (1963). Ígéretes tehetség volt a főiskolán, felváltva játszotta Tartuffe szerepét tanárával, Kovács Györggyel. Színész volt a sepsiszentgyörgyi Áll. M. Színházban (1963–65), Mv.-en a Nemzeti Színházban (1965–75), ismét Sepsiszentgyörgyön (1975–83). A székelyudvarhelyi Népszínházban színpadra állította H. Pintér A gondnok c. darabját. Művészi pályája során kerülte a harsányságot, többnyire visszafogott hangon szólalt meg, de mindig feszültséget hozott a színpadra. Karizmatikus egyénisége a pódiumon is érvényesült. Előadóművészként Százszor is, végül is c. Ady és az Értelemig és tovább, Eszmélet c. József Attila műsorai a legjelentősebbek. Számos irodalmi esten lépett fel Petőfi, Ady, József Attila, Radnóti versekkel. Többször szerepelt a rádióban és televízióban. Váratlanul és titokban letartóztatták (1983. febr. 23.), rendszerellenes izgatásért öt év szabadságvesztésre ítélték (1983. júl. 11.), politikai fogoly a nagyenyedi és a zsilávai börtönben, kegyelemben részesült, kiszabadult (1984. aug. 23.), de színpadra nem léphetett, ezért segédmunkás lett, Sepsiszentgyörgyön és Mv.-en dolgozott. Halálának körülményei tisztázatlanok, a hivatalos álláspont szerint öngyilkos lett. Nevét viseli a szentgyörgyi Művelődési Ház színjátszó köre és a székelyvéckei kultúrotthon, a falára Hunyadi László szobrászművész plakettje került (2005. aug. 14.). A Magyar Művészetért poszthumusz díjjal tüntették ki (2007). – <strong>F. sz.:</strong>: Tolvaj (f. h. Mv.-en 1960, Rostand: Cyrano de Bergerac); Merkúr (Kleist: Amphitryon); Polgármester (Dürrenmatt: Az öreg hölgy látogatása); Kurrah (Vörösmarty M.: Csongor és Tünde); De la Fontaine (Sütő A.: Csillag a máglyán); Tiborc (Katona J: Bánk bán); Tullio (Buero–Vallejo: Az alapítvány); Tartuffe (Moliere), Pataki István (Szabó Lajos: Mentség); Férj (Csiky László: A nagypapa látni akar benneteket); Caţavencu (Caragiale: Az elveszett levél); Káin (Sütő A.: Káin és Ábel); Woyzeck (Büchner); Parmenion (Sütő A.: A szuzai menyegző). <br /><strong>– Irod.:</strong> Gazda–Tófalvi; A Hét évk. (1982); Katona Szabó István: Az Új Élet lexikona, 166. (Új Élet, 1977., 12. sz.); Krónika (2005. szept. 5.); MSZL; fotó; MSzínL.; Mészely Réka: A párt vagy az állam ellen vétett V. Á? (Nú., 2005. szept. 1.); Nagy Pál: Gond; [Nekrológ] (V. Z., 1986. jan. 14.); Nagy Pál: V. Á. József Attilája (Erdélyi Figyelő, 1990, 1–2. sz.); RMIL; Tófalvi Zoltán: Kinek játszol a sírban, V. A? (Nú., Múzsa, 1994. jan. 20., 131. sz.; 1994. júl. 7., 155. sz.); Tófalvi Zoltán. Zúzmora-koszorút a sírra: V. Á. színművész halálának 20. évfordulójára (Székelyföld, 2006, 1. sz.); ÚMÉL.</br></p>

<p>Székelyvécke, 1940. júl. 8. † Sepsiszentgyörgy, 1986. jan. 12., Mv.-en a ref. temetőben temették el: színművész. – Középiskoláit Székelykeresztúron végezte majd Mv.-en a Szentgyörgyi István Színművészeti Főiskolán szerzett diplomát (1963). Ígéretes tehetség volt a főiskolán, felváltva játszotta Tartuffe szerepét tanárával, Kovács Györggyel. Színész volt a sepsiszentgyörgyi Áll. M. Színházban (1963–65), Mv.-en a Nemzeti Színházban (1965–75), [&hellip;]</p>
