{"id":24620,"date":"2025-08-01T18:14:18","date_gmt":"2025-08-01T16:14:18","guid":{"rendered":"https:\/\/uj.adatbank.ro\/lexikon\/termek\/vita-zsigmond\/"},"modified":"2025-08-01T18:14:18","modified_gmt":"2025-08-01T16:14:18","slug":"vita-zsigmond","status":"publish","type":"product","link":"https:\/\/uj.adatbank.ro\/lexikon\/termek\/vita-zsigmond\/","title":{"rendered":"VITA Zsigmond"},"content":{"rendered":"<p>Nagyenyed, 1906. j\u00fan. 16., \u2020\u00a0Kv., 1998. jan. 1.: tan\u00e1r, tan\u00e1r, m\u0171vel\u0151d\u00e9st\u00f6rt\u00e9n\u00e9sz. \u2013 A Vita csal\u00e1d disznaj\u00f3i \u00e9s harangl\u00e1bi sz\u00e1rmaz\u00e1s\u00fa f\u00f6ldbirtokos. D\u00e9dapja: Zeyk Domokos, Bem J\u00f3zsef hadseg\u00e9de. Nagyapja Vita S\u00e1ndor, k\u00fariai b\u00edr\u00f3, a memorandum perben enyhe \u00edt\u00e9letre t\u00f6rekedett. V. \u00d6d\u00f6n husz\u00e1rkapit\u00e1ny \u00e9s Zeyk Gabriella (1879. \u2013 1955. jan. 4.) fia. Testv\u00e9rei: Matild \u2013 T\u00f6r\u00f6k D\u00e9nesn\u00e9 (1901. szept. 16. \u2013 1997. jan. 21.); S\u00e1ndor (Nagyszeben, 1904. febr. 1. \u2013 1993.), feles\u00e9ge Koczogh S\u00e1ra (1912\u20130997); Ella \u2013 Bodor Gy\u00f6rgyn\u00e9 (1912. j\u00fan. 17. \u2013). Feles\u00e9ge: Veress Roz\u00e1lia (1908. nov. 8. \u2013 1982. szept. 8.). Le\u00e1nyaik: \u00c1gnes \u2013 V\u00f6r\u00f6s Istv\u00e1nn\u00e9; Etel. \u2013 Gyulafeh\u00e9rv\u00e1ron, majd Nagyenyeden \u00e9ltek, de sok rokoni sz\u00e1lal \u00e9s gyakori jelenl\u00e9t\u00e9vel k\u00f6t\u0151d\u00f6tt Mv.-hez. Az enyedi koll. szelleme nagy hat\u00e1ssal volt neveltet\u00e9s\u00e9re, k\u00fcl\u00f6n\u00f6sen \u00c1prily Lajos biztat\u00e1sa jelentett sokat. \u00cdr\u00e1sait egyetemi \u00e9vei alatt m\u00e1r k\u00f6z\u00f6lni kezdt\u00e9k a kv.-i \u00e9s m\u00e1s erd\u00e9lyi foly\u00f3iratok. Tehets\u00e9g\u00e9re Kuncz Alad\u00e1r is felfigyel, az \u0151 biztat\u00e1s\u00e1ra ment a Sorbonne-ra, p\u00e1rizsi, illetve grenoble-i tanulm\u00e1ny\u00fatja ut\u00e1n a Bethlen Koll.-ban tan\u00edtott (1924\u2013) k\u00e9t \u00e9s f\u00e9l \u00e9vtizeden \u00e1t, \u00faj jelens\u00e9gekre ir\u00e1ny\u00edtotta di\u00e1kjainak figyelm\u00e9t. A tan\u00edt\u00f3k\u00e9pz\u0151s S\u00fct\u0151 Andr\u00e1s \u00edr\u00f3i tehets\u00e9g\u00e9re is \u0151 figyelt fel. A Tg.-jiui intern\u00e1l\u00f3t\u00e1bor sem tudta megt\u00f6rni jellem\u00e9t. Munk\u00e1ss\u00e1ga rendk\u00edv\u00fcl sokoldal\u00fa, publicista, irodalomkritikus, irodalomt\u00f6rt\u00e9n\u00e9sz, eszt\u00e9ta. A D\u00e9l-Erd\u00e9lyben maradt Kacs\u00f3 S\u00e1ndorral gazdalapot adott ki. Antol\u00f3gi\u00e1t szerkesztett, a P\u00e1sztort\u0171z, az Erd\u00e9lyi Helikon \u00e9s az Erd\u00e9lyi Fiatalok munkat\u00e1rsa, az Aradi Szemle egyik szerkeszt\u0151je (1943\u20131944). K\u00f3s K\u00e1roly levelei V.Zs.-hoz. A szocializmus \u00e9veiben t\u00f6bbsz\u00f6r\u00f6s nyom\u00e1s nehezedett r\u00e1, mint m. nemzetis\u00e9g\u0171 polg\u00e1ri \u00e9rtelmis\u00e9gre. Tan\u00e1ri katedr\u00e1j\u00e1t\u00f3l megfosztott\u00e1k, ezut\u00e1n k\u00f6nyvt\u00e1rosk\u00e9nt dolgozott a Koll.-ban. A k\u00f6nyvt\u00e1r gazdag k\u00e9ziratanyag\u00e1b\u00f3l nyilv\u00e1noss\u00e1gra seg\u00edt sok r\u00e9gi szellemet. Irodalomt\u00f6rt\u00e9neti kutat\u00f3i munk\u00e1ss\u00e1g\u00e1nak \u00e9s eg\u00e9sz \u00e9letm\u0171v\u00e9nek k\u00e9t legkiemelked\u0151bb alkot\u00e1sa \u00c1prily Lajos, az ember \u00e9s a k\u00f6lt\u0151 c. \u00e1tfog\u00f3 monogr\u00e1fi\u00e1ja, m\u00e1sik h\u00edres munk\u00e1ja a J\u00f3kai Erd\u00e9lyben c. k\u00f6tete. \u2013  <strong>F. m..:<\/strong> Nemzet \u00e9s sors a B\u00e1nk b\u00e1nban (1941); Erd\u00e9lyi m\u0171vel\u0151d\u00e9si t\u00f6rekv\u00e9sek sz\u00e1z \u00e9vvel ezel\u0151tt (1941); Rom\u00e1nia magyar irodalm\u00e1nak bibliogr\u00e1fi\u00e1ja 1940\u20131942 k\u00f6z\u00f6tt (1942, 1944); A nagyenyedi Bethlen koll\u00e9gium ifj\u00fas\u00e1gi irodalmi t\u00f6rekv\u00e9sei a reformkor kezdet\u00e9n (1943); Tudom\u00e1nnyal \u00e9s cselekedettel (Buk., 1968); \u00c1prily Lajos, az ember \u00e9s a k\u00f6lt\u0151 (Buk., 1972); J\u00f3kai Erd\u00e9lyben (Buk., 1975); M\u0171vel\u0151d\u00e9s \u00e9s n\u00e9pszolg\u00e1lat (Buk., 1983), Az enyedi koh\u00f3 (Bp., 1986); Enyedi \u00e9vek, enyedi emberek (1998); Erd\u00e9lyi s\u00e9t\u00e1l\u00f3 (2000); L\u00e9gy h\u00edv mindhal\u00e1lig. _Visszaeml\u00e9kez\u00e9s az \u00e9letemre = M\u00fazsa;  <strong>t\u00e1rssz.:<\/strong> Biblioteca Bethlen din Aiud (Turnowsky S\u00e1ndorral, Buk., 1957); N\u00e9pismereti dolgozatok (Buk., 1976, 1977, 1978, 1980); Gyermek \u00e9s ifj\u00fas\u00e1gi irodalom. Tank\u00f6nyv az \u00f3v\u00f3n\u0151- \u00e9s tan\u00edt\u00f3k\u00e9pz\u0151 pedag\u00f3giai l\u00edceumok sz\u00e1m\u00e1ra (J\u00f3zsa Mikl\u00f3s-, Kir\u00e1ly L\u00e1szl\u00f3val, Buk., 1977, 1983), Utunk Kod\u00e1lyhoz. Tanulm\u00e1nyok, eml\u00e9kez\u00e9sek (Buk., 1984), L\u00e9gy h\u00edv mindhal\u00e1lig: Visszaeml\u00e9kez\u00e9sek az \u00e9letemre = Volt j\u00f6v\u0151kbe n\u00e9zve;  <strong> szerk.:<\/strong> Gyulai P\u00e1l: A sz\u00e9l \u00e9s a nap. Versek \u00e9s mes\u00e9k (v\u00e1l. el\u0151sz\u0151; Buk., 1975); G\u00e1sp\u00e1r J\u00e1nos: Kerekecske dombocska. Mes\u00e9k, versek, mond\u00f3k\u00e1k. (V\u00e1logatta \u00e9s bevezette, Buk., 1977, 1978); P\u00f3sa Lajos: A tulip\u00e1nos l\u00e1da. Mes\u00e9k. V\u00e1logatta, jegyzetekkel ell\u00e1tta, az el\u0151sz\u00f3t \u00edrta; (Buk., 1981). <br \/><strong>\u2013 Irod.:<\/strong> Balogh B\u00e9ni: Egy nemzet a kult\u00far\u00e1j\u00e1t\u00f3l f\u00fcgg, az\u00e1ltal emelkedhet fel \u00e9s s\u00fcllyedhet le; Helikon 1924\u20131944; J\u00f3zsa Mikl\u00f3s: V. Zs eml\u00e9km\u0171sor (N\u00fa, 2002., m\u00e1rc 26); K\u00e1ntor\u2013L\u00e1ng; Korunk; Marosi Ildik\u00f3; Molter 3.; V. Zs.: L\u00e9gy h\u00edv mindhal\u00e1lig: Visszaeml\u00e9kez\u00e9sek az \u00e9letemre (N\u00fa., M\u00fazsa, 1996. j\u00fan. 14., 249. sz.; 1996. j\u00fal. 12., 253. sz.; 1996. szept. 20., 263. sz.); Kedves Zsigmond: Vita S\u00e1ndor levelei V. Zs.-hoz \/ Sajt\u00f3 al\u00e1 rendezte Gy\u00f6rfi D\u00e9nes (Mv., 2009); R\u00e9thy\u2013V\u00e1czy; R\u00e9thy\u2013\u00dajv\u00e1ri\u2013V\u00e1czi; Vita Zsigmond = Volt j\u00f6v\u0151kbe n\u00e9zve.<\/br><\/p>\n","protected":false},"excerpt":{"rendered":"<p>Nagyenyed, 1906. j\u00fan. 16., \u2020\u00a0Kv., 1998. jan. 1.: tan\u00e1r, tan\u00e1r, m\u0171vel\u0151d\u00e9st\u00f6rt\u00e9n\u00e9sz. \u2013 A Vita csal\u00e1d disznaj\u00f3i \u00e9s harangl\u00e1bi sz\u00e1rmaz\u00e1s\u00fa f\u00f6ldbirtokos. D\u00e9dapja: Zeyk Domokos, Bem J\u00f3zsef hadseg\u00e9de. Nagyapja Vita S\u00e1ndor, k\u00fariai b\u00edr\u00f3, a memorandum perben enyhe \u00edt\u00e9letre t\u00f6rekedett. V. \u00d6d\u00f6n husz\u00e1rkapit\u00e1ny \u00e9s Zeyk Gabriella (1879. \u2013 1955. jan. 4.) fia. Testv\u00e9rei: Matild \u2013 T\u00f6r\u00f6k D\u00e9nesn\u00e9 (1901. [&hellip;]<\/p>\n","protected":false},"featured_media":0,"comment_status":"open","ping_status":"closed","template":"","meta":[],"product_brand":[],"product_cat":[137],"product_tag":[],"class_list":{"0":"post-24620","1":"product","2":"type-product","3":"status-publish","5":"product_cat-maros-megyei-eletrajzi-lexikon","7":"first","8":"instock","9":"shipping-taxable","10":"product-type-simple"},"_links":{"self":[{"href":"https:\/\/uj.adatbank.ro\/lexikon\/wp-json\/wp\/v2\/product\/24620","targetHints":{"allow":["GET"]}}],"collection":[{"href":"https:\/\/uj.adatbank.ro\/lexikon\/wp-json\/wp\/v2\/product"}],"about":[{"href":"https:\/\/uj.adatbank.ro\/lexikon\/wp-json\/wp\/v2\/types\/product"}],"replies":[{"embeddable":true,"href":"https:\/\/uj.adatbank.ro\/lexikon\/wp-json\/wp\/v2\/comments?post=24620"}],"wp:attachment":[{"href":"https:\/\/uj.adatbank.ro\/lexikon\/wp-json\/wp\/v2\/media?parent=24620"}],"wp:term":[{"taxonomy":"product_brand","embeddable":true,"href":"https:\/\/uj.adatbank.ro\/lexikon\/wp-json\/wp\/v2\/product_brand?post=24620"},{"taxonomy":"product_cat","embeddable":true,"href":"https:\/\/uj.adatbank.ro\/lexikon\/wp-json\/wp\/v2\/product_cat?post=24620"},{"taxonomy":"product_tag","embeddable":true,"href":"https:\/\/uj.adatbank.ro\/lexikon\/wp-json\/wp\/v2\/product_tag?post=24620"}],"curies":[{"name":"wp","href":"https:\/\/api.w.org\/{rel}","templated":true}]}}

<p>Nagyenyed, 1906. jún. 16., † Kv., 1998. jan. 1.: tanár, tanár, művelődéstörténész. – A Vita család disznajói és haranglábi származású földbirtokos. Dédapja: Zeyk Domokos, Bem József hadsegéde. Nagyapja Vita Sándor, kúriai bíró, a memorandum perben enyhe ítéletre törekedett. V. Ödön huszárkapitány és Zeyk Gabriella (1879. – 1955. jan. 4.) fia. Testvérei: Matild – Török Dénesné (1901. szept. 16. – 1997. jan. 21.); Sándor (Nagyszeben, 1904. febr. 1. – 1993.), felesége Koczogh Sára (1912–0997); Ella – Bodor Györgyné (1912. jún. 17. –). Felesége: Veress Rozália (1908. nov. 8. – 1982. szept. 8.). Leányaik: Ágnes – Vörös Istvánné; Etel. – Gyulafehérváron, majd Nagyenyeden éltek, de sok rokoni szálal és gyakori jelenlétével kötődött Mv.-hez. Az enyedi koll. szelleme nagy hatással volt neveltetésére, különösen Áprily Lajos biztatása jelentett sokat. Írásait egyetemi évei alatt már közölni kezdték a kv.-i és más erdélyi folyóiratok. Tehetségére Kuncz Aladár is felfigyel, az ő biztatására ment a Sorbonne-ra, párizsi, illetve grenoble-i tanulmányútja után a Bethlen Koll.-ban tanított (1924–) két és fél évtizeden át, új jelenségekre irányította diákjainak figyelmét. A tanítóképzős Sütő András írói tehetségére is ő figyelt fel. A Tg.-jiui internálótábor sem tudta megtörni jellemét. Munkássága rendkívül sokoldalú, publicista, irodalomkritikus, irodalomtörténész, esztéta. A Dél-Erdélyben maradt Kacsó Sándorral gazdalapot adott ki. Antológiát szerkesztett, a Pásztortűz, az Erdélyi Helikon és az Erdélyi Fiatalok munkatársa, az Aradi Szemle egyik szerkesztője (1943–1944). Kós Károly levelei V.Zs.-hoz. A szocializmus éveiben többszörös nyomás nehezedett rá, mint m. nemzetiségű polgári értelmiségre. Tanári katedrájától megfosztották, ezután könyvtárosként dolgozott a Koll.-ban. A könyvtár gazdag kéziratanyagából nyilvánosságra segít sok régi szellemet. Irodalomtörténeti kutatói munkásságának és egész életművének két legkiemelkedőbb alkotása Áprily Lajos, az ember és a költő c. átfogó monográfiája, másik híres munkája a Jókai Erdélyben c. kötete. –  <strong>F. m..:</strong> Nemzet és sors a Bánk bánban (1941); Erdélyi művelődési törekvések száz évvel ezelőtt (1941); Románia magyar irodalmának bibliográfiája 1940–1942 között (1942, 1944); A nagyenyedi Bethlen kollégium ifjúsági irodalmi törekvései a reformkor kezdetén (1943); Tudománnyal és cselekedettel (Buk., 1968); Áprily Lajos, az ember és a költő (Buk., 1972); Jókai Erdélyben (Buk., 1975); Művelődés és népszolgálat (Buk., 1983), Az enyedi kohó (Bp., 1986); Enyedi évek, enyedi emberek (1998); Erdélyi sétáló (2000); Légy hív mindhalálig. _Visszaemlékezés az életemre = Múzsa;  <strong>társsz.:</strong> Biblioteca Bethlen din Aiud (Turnowsky Sándorral, Buk., 1957); Népismereti dolgozatok (Buk., 1976, 1977, 1978, 1980); Gyermek és ifjúsági irodalom. Tankönyv az óvónő- és tanítóképző pedagógiai líceumok számára (Józsa Miklós-, Király Lászlóval, Buk., 1977, 1983), Utunk Kodályhoz. Tanulmányok, emlékezések (Buk., 1984), Légy hív mindhalálig: Visszaemlékezések az életemre = Volt jövőkbe nézve;  <strong> szerk.:</strong> Gyulai Pál: A szél és a nap. Versek és mesék (vál. elősző; Buk., 1975); Gáspár János: Kerekecske dombocska. Mesék, versek, mondókák. (Válogatta és bevezette, Buk., 1977, 1978); Pósa Lajos: A tulipános láda. Mesék. Válogatta, jegyzetekkel ellátta, az előszót írta; (Buk., 1981). <br /><strong>– Irod.:</strong> Balogh Béni: Egy nemzet a kultúrájától függ, azáltal emelkedhet fel és süllyedhet le; Helikon 1924–1944; Józsa Miklós: V. Zs emlékműsor (Nú, 2002., márc 26); Kántor–Láng; Korunk; Marosi Ildikó; Molter 3.; V. Zs.: Légy hív mindhalálig: Visszaemlékezések az életemre (Nú., Múzsa, 1996. jún. 14., 249. sz.; 1996. júl. 12., 253. sz.; 1996. szept. 20., 263. sz.); Kedves Zsigmond: Vita Sándor levelei V. Zs.-hoz / Sajtó alá rendezte Györfi Dénes (Mv., 2009); Réthy–Váczy; Réthy–Újvári–Váczi; Vita Zsigmond = Volt jövőkbe nézve.</br></p>

<p>Nagyenyed, 1906. jún. 16., † Kv., 1998. jan. 1.: tanár, tanár, művelődéstörténész. – A Vita család disznajói és haranglábi származású földbirtokos. Dédapja: Zeyk Domokos, Bem József hadsegéde. Nagyapja Vita Sándor, kúriai bíró, a memorandum perben enyhe ítéletre törekedett. V. Ödön huszárkapitány és Zeyk Gabriella (1879. – 1955. jan. 4.) fia. Testvérei: Matild – Török Dénesné (1901. [&hellip;]</p>
