{"id":24623,"date":"2025-08-01T18:14:25","date_gmt":"2025-08-01T16:14:25","guid":{"rendered":"https:\/\/uj.adatbank.ro\/lexikon\/termek\/vitalis-ferenc\/"},"modified":"2025-08-01T18:14:25","modified_gmt":"2025-08-01T16:14:25","slug":"vitalis-ferenc","status":"publish","type":"product","link":"https:\/\/uj.adatbank.ro\/lexikon\/termek\/vitalis-ferenc\/","title":{"rendered":"VIT\u00c1LIS Ferenc"},"content":{"rendered":"<p>Dics\u0151szentm\u00e1rton, 1930. szept. 22., \u2020 Dics\u0151szentm\u00e1rton, 2000. jan. 4.: oktat\u00f3mester, m\u0171kedvel\u0151 sz\u00ednj\u00e1tsz\u00f3. \u2013 Szakk\u00f6z\u00e9piskol\u00e1t v\u00e9gzett Mv.-en (1949). Dics\u0151szentm\u00e1rtonban a Hercules Sz\u00f6vetkezet m\u0171szaki rajzol\u00f3ja (1949\u2013); Mv.-en a 8. sz. \u00c9p\u00edtkez\u00e9si Tr\u00f6szt munkatelepvezet\u0151je (1952\u201359), Dics\u0151szentm\u00e1rtonban a 4. sz. iskola oktat\u00f3mestere (1959\u201390). Nyugd\u00edjba vonult (1990). Hobbij\u00e1t a m\u0171kedvel\u0151 sz\u00ednj\u00e1tsz\u00e1st hivat\u00e1ss\u00e1 fejlesztette. A dics\u0151iszentm\u00e1rtoni m\u0171kedvel\u0151 sz\u00ednj\u00e1tsz\u00e1s kezdete \u00f3ta r\u00e9szt vett annak munk\u00e1j\u00e1ban (1954\u2013). k\u00f6r\u00fcket t\u00e1rsulatk\u00e9nt ismert\u00e9k el (1970\u2013), ennek vezet\u0151je volt. N\u00e9psz\u00ednh\u00e1zi st\u00e1tust szereztek (1993\u2013). A M. H\u00e1z alagsor\u00e1ban volt a n\u00e9psz\u00ednh\u00e1z pr\u00f3baterme. Ismertek lettek az eg\u00e9sz Kis-K\u00fck\u00fcll\u0151 ment\u00e9n, fell\u00e9ptek Mo.-on, Sv\u00e9do.-ban S\u00f6t\u0151 Andr\u00e1s: Advent a Hargit\u00e1n c. Darabj\u00e1val. Minden jelent\u0151s hazai m\u0171kedvel\u0151 seregszeml\u00e9n r\u00e9szt vettek sikerrel. Megkapta az EMKE Szentgy\u00f6rgyi Isv\u00e1n-d\u00edj\u00e1t (1992), a sepsiszentgy\u00f6rgyi Concordia Fesztiv\u00e1lon kit\u00fcntet\u00e9st kapott mint rendez\u0151. R\u00f3la nevezt\u00e9k el a dics\u0151szentm\u00e1rtoni N\u00e9psz\u00ednh\u00e1zat. \u2013 <strong>F. r.:<\/strong> M\u00f3ricz Zs.: L\u00e9gy j\u00f3 mindhal\u00e1lig (1970); G\u00e1rdonyi G\u00e9za: A l\u00e1mp\u00e1s (1971); M\u00e9hes Gy\u00f6rgy: 33 n\u00e9vtelen lev\u00e9l (1973); Harci feladat (1974); J\u00f3kai M\u00f3r: Fekete gy\u00e9m\u00e1ntok (1976); Le\u00e1nyok (1977); Arany ember (1979); Hasek: Svejk (1981); Br\u00f3dy S\u00e1ndor: A tan\u00edt\u00f3n\u0151 (1983); G\u00e1rdonyi G\u00e9za: Ida reg\u00e9nye (1985); G\u00e9czi: Gimesi vadvir\u00e1g (1987); Barta Lajos: Szerelem (1989); Fruska (1991); S\u00fct\u0151 Andr\u00e1s: Advent a Hargit\u00e1n (1993) \u2013  <strong>F. ki\u00e1ll.:<\/strong> grafikai ki\u00e1ll\u00edt\u00e1sai Dics\u0151szentm\u00e1rtonban: 1974, 1978. <br \/><strong>\u2013 Irod.:<\/strong> B\u00f6l\u00f6ni Domokos: Mennyire halunk meg?: V. F. (1930\u20132000) (N\u00fa., 2000. jan. 7.); Damian; Kelemen; KKACs.<\/br><\/p>\n","protected":false},"excerpt":{"rendered":"<p>Dics\u0151szentm\u00e1rton, 1930. szept. 22., \u2020 Dics\u0151szentm\u00e1rton, 2000. jan. 4.: oktat\u00f3mester, m\u0171kedvel\u0151 sz\u00ednj\u00e1tsz\u00f3. \u2013 Szakk\u00f6z\u00e9piskol\u00e1t v\u00e9gzett Mv.-en (1949). Dics\u0151szentm\u00e1rtonban a Hercules Sz\u00f6vetkezet m\u0171szaki rajzol\u00f3ja (1949\u2013); Mv.-en a 8. sz. \u00c9p\u00edtkez\u00e9si Tr\u00f6szt munkatelepvezet\u0151je (1952\u201359), Dics\u0151szentm\u00e1rtonban a 4. sz. iskola oktat\u00f3mestere (1959\u201390). Nyugd\u00edjba vonult (1990). Hobbij\u00e1t a m\u0171kedvel\u0151 sz\u00ednj\u00e1tsz\u00e1st hivat\u00e1ss\u00e1 fejlesztette. A dics\u0151iszentm\u00e1rtoni m\u0171kedvel\u0151 sz\u00ednj\u00e1tsz\u00e1s kezdete \u00f3ta r\u00e9szt [&hellip;]<\/p>\n","protected":false},"featured_media":0,"comment_status":"open","ping_status":"closed","template":"","meta":[],"product_brand":[],"product_cat":[137],"product_tag":[],"class_list":{"0":"post-24623","1":"product","2":"type-product","3":"status-publish","5":"product_cat-maros-megyei-eletrajzi-lexikon","7":"first","8":"instock","9":"shipping-taxable","10":"product-type-simple"},"_links":{"self":[{"href":"https:\/\/uj.adatbank.ro\/lexikon\/wp-json\/wp\/v2\/product\/24623","targetHints":{"allow":["GET"]}}],"collection":[{"href":"https:\/\/uj.adatbank.ro\/lexikon\/wp-json\/wp\/v2\/product"}],"about":[{"href":"https:\/\/uj.adatbank.ro\/lexikon\/wp-json\/wp\/v2\/types\/product"}],"replies":[{"embeddable":true,"href":"https:\/\/uj.adatbank.ro\/lexikon\/wp-json\/wp\/v2\/comments?post=24623"}],"wp:attachment":[{"href":"https:\/\/uj.adatbank.ro\/lexikon\/wp-json\/wp\/v2\/media?parent=24623"}],"wp:term":[{"taxonomy":"product_brand","embeddable":true,"href":"https:\/\/uj.adatbank.ro\/lexikon\/wp-json\/wp\/v2\/product_brand?post=24623"},{"taxonomy":"product_cat","embeddable":true,"href":"https:\/\/uj.adatbank.ro\/lexikon\/wp-json\/wp\/v2\/product_cat?post=24623"},{"taxonomy":"product_tag","embeddable":true,"href":"https:\/\/uj.adatbank.ro\/lexikon\/wp-json\/wp\/v2\/product_tag?post=24623"}],"curies":[{"name":"wp","href":"https:\/\/api.w.org\/{rel}","templated":true}]}}

VITÁLIS Ferenc

<p>Dicsőszentmárton, 1930. szept. 22., † Dicsőszentmárton, 2000. jan. 4.: oktatómester, műkedvelő színjátszó. – Szakközépiskolát végzett Mv.-en (1949). Dicsőszentmártonban a Hercules Szövetkezet műszaki rajzolója (1949–); Mv.-en a 8. sz. Építkezési Tröszt munkatelepvezetője (1952–59), Dicsőszentmártonban a 4. sz. iskola oktatómestere (1959–90). Nyugdíjba vonult (1990). Hobbiját a műkedvelő színjátszást hivatássá fejlesztette. A dicsőiszentmártoni műkedvelő színjátszás kezdete óta részt vett annak munkájában (1954–). körüket társulatként ismerték el (1970–), ennek vezetője volt. Népszínházi státust szereztek (1993–). A M. Ház alagsorában volt a népszínház próbaterme. Ismertek lettek az egész Kis-Küküllő mentén, felléptek Mo.-on, Svédo.-ban Sötő András: Advent a Hargitán c. Darabjával. Minden jelentős hazai műkedvelő seregszemlén részt vettek sikerrel. Megkapta az EMKE Szentgyörgyi Isván-díját (1992), a sepsiszentgyörgyi Concordia Fesztiválon kitüntetést kapott mint rendező. Róla nevezték el a dicsőszentmártoni Népszínházat. – <strong>F. r.:</strong> Móricz Zs.: Légy jó mindhalálig (1970); Gárdonyi Géza: A lámpás (1971); Méhes György: 33 névtelen levél (1973); Harci feladat (1974); Jókai Mór: Fekete gyémántok (1976); Leányok (1977); Arany ember (1979); Hasek: Svejk (1981); Bródy Sándor: A tanítónő (1983); Gárdonyi Géza: Ida regénye (1985); Géczi: Gimesi vadvirág (1987); Barta Lajos: Szerelem (1989); Fruska (1991); Sütő András: Advent a Hargitán (1993) –  <strong>F. kiáll.:</strong> grafikai kiállításai Dicsőszentmártonban: 1974, 1978. <br /><strong>– Irod.:</strong> Bölöni Domokos: Mennyire halunk meg?: V. F. (1930–2000) (Nú., 2000. jan. 7.); Damian; Kelemen; KKACs.</br></p>

<p>Dicsőszentmárton, 1930. szept. 22., † Dicsőszentmárton, 2000. jan. 4.: oktatómester, műkedvelő színjátszó. – Szakközépiskolát végzett Mv.-en (1949). Dicsőszentmártonban a Hercules Szövetkezet műszaki rajzolója (1949–); Mv.-en a 8. sz. Építkezési Tröszt munkatelepvezetője (1952–59), Dicsőszentmártonban a 4. sz. iskola oktatómestere (1959–90). Nyugdíjba vonult (1990). Hobbiját a műkedvelő színjátszást hivatássá fejlesztette. A dicsőiszentmártoni műkedvelő színjátszás kezdete óta részt [&hellip;]</p>
