{"id":24625,"date":"2025-08-01T18:14:28","date_gmt":"2025-08-01T16:14:28","guid":{"rendered":"https:\/\/uj.adatbank.ro\/lexikon\/termek\/vitalis-jeno-2\/"},"modified":"2025-08-01T18:14:28","modified_gmt":"2025-08-01T16:14:28","slug":"vitalis-jeno-2","status":"publish","type":"product","link":"https:\/\/uj.adatbank.ro\/lexikon\/termek\/vitalis-jeno-2\/","title":{"rendered":"VIT\u00c1LIS Jen\u0151"},"content":{"rendered":"<p>? \u2020\u00a0?: malomtulajdonos. \u2013 A mez\u0151felei P\u00e1ll \u00e9s Vit\u00e1lis Malom \u00e9s Gyapj\u00fav\u00e1nyol\u00f3 tulajdonosa (alap\u00edtott\u00e1k 1946). Az \u00e1llamos\u00edt\u00e1skor Balogh P\u00e9ter (*1912) cip\u00e9szt nevezt\u00e9k ki a megnevezett malom \u00fcgyint\u00e9z\u0151j\u00e9nek. A malom naponta egy vagon gabon\u00e1t \u0151r\u00f6lt \u00e9s 600 l olajat pr\u00e9selt 11 alkalmazottal. A Maros Megyei Prefekt\u00fara javaslat\u00e1ra az \u00fcgyint\u00e9z\u0151t lev\u00e1ltj\u00e1k, \u00e9s hely\u00e9be Trombit\u00e1s Ferencet nevezik ki (1949. febr. 15.\u2013), majd Maros Megye Ideiglenes Tan\u00e1csa hat\u00e1rozata \u00e9rtelm\u00e9ben a malmot \u00e9s az olajpr\u00e9st beolvasztott\u00e1k az Interna\u0163ionala V\u00e1llalatba, amelynek sz\u00e9khelye Mv.-en volt (1950. j\u00fal. 1\u2013). <br \/><strong>\u2013 Irod.:<\/strong> Bartos Zolt\u00e1n.<\/br><\/p>\n","protected":false},"excerpt":{"rendered":"<p>? \u2020\u00a0?: malomtulajdonos. \u2013 A mez\u0151felei P\u00e1ll \u00e9s Vit\u00e1lis Malom \u00e9s Gyapj\u00fav\u00e1nyol\u00f3 tulajdonosa (alap\u00edtott\u00e1k 1946). Az \u00e1llamos\u00edt\u00e1skor Balogh P\u00e9ter (*1912) cip\u00e9szt nevezt\u00e9k ki a megnevezett malom \u00fcgyint\u00e9z\u0151j\u00e9nek. A malom naponta egy vagon gabon\u00e1t \u0151r\u00f6lt \u00e9s 600 l olajat pr\u00e9selt 11 alkalmazottal. A Maros Megyei Prefekt\u00fara javaslat\u00e1ra az \u00fcgyint\u00e9z\u0151t lev\u00e1ltj\u00e1k, \u00e9s hely\u00e9be Trombit\u00e1s Ferencet nevezik ki [&hellip;]<\/p>\n","protected":false},"featured_media":0,"comment_status":"open","ping_status":"closed","template":"","meta":[],"product_brand":[],"product_cat":[137],"product_tag":[],"class_list":{"0":"post-24625","1":"product","2":"type-product","3":"status-publish","5":"product_cat-maros-megyei-eletrajzi-lexikon","7":"first","8":"instock","9":"shipping-taxable","10":"product-type-simple"},"_links":{"self":[{"href":"https:\/\/uj.adatbank.ro\/lexikon\/wp-json\/wp\/v2\/product\/24625","targetHints":{"allow":["GET"]}}],"collection":[{"href":"https:\/\/uj.adatbank.ro\/lexikon\/wp-json\/wp\/v2\/product"}],"about":[{"href":"https:\/\/uj.adatbank.ro\/lexikon\/wp-json\/wp\/v2\/types\/product"}],"replies":[{"embeddable":true,"href":"https:\/\/uj.adatbank.ro\/lexikon\/wp-json\/wp\/v2\/comments?post=24625"}],"wp:attachment":[{"href":"https:\/\/uj.adatbank.ro\/lexikon\/wp-json\/wp\/v2\/media?parent=24625"}],"wp:term":[{"taxonomy":"product_brand","embeddable":true,"href":"https:\/\/uj.adatbank.ro\/lexikon\/wp-json\/wp\/v2\/product_brand?post=24625"},{"taxonomy":"product_cat","embeddable":true,"href":"https:\/\/uj.adatbank.ro\/lexikon\/wp-json\/wp\/v2\/product_cat?post=24625"},{"taxonomy":"product_tag","embeddable":true,"href":"https:\/\/uj.adatbank.ro\/lexikon\/wp-json\/wp\/v2\/product_tag?post=24625"}],"curies":[{"name":"wp","href":"https:\/\/api.w.org\/{rel}","templated":true}]}}

VITÁLIS Jenő

<p>? † ?: malomtulajdonos. – A mezőfelei Páll és Vitális Malom és Gyapjúványoló tulajdonosa (alapították 1946). Az államosításkor Balogh Péter (*1912) cipészt nevezték ki a megnevezett malom ügyintézőjének. A malom naponta egy vagon gabonát őrölt és 600 l olajat préselt 11 alkalmazottal. A Maros Megyei Prefektúra javaslatára az ügyintézőt leváltják, és helyébe Trombitás Ferencet nevezik ki (1949. febr. 15.–), majd Maros Megye Ideiglenes Tanácsa határozata értelmében a malmot és az olajprést beolvasztották az Internaţionala Vállalatba, amelynek székhelye Mv.-en volt (1950. júl. 1–). <br /><strong>– Irod.:</strong> Bartos Zoltán.</br></p>

<p>? † ?: malomtulajdonos. – A mezőfelei Páll és Vitális Malom és Gyapjúványoló tulajdonosa (alapították 1946). Az államosításkor Balogh Péter (*1912) cipészt nevezték ki a megnevezett malom ügyintézőjének. A malom naponta egy vagon gabonát őrölt és 600 l olajat préselt 11 alkalmazottal. A Maros Megyei Prefektúra javaslatára az ügyintézőt leváltják, és helyébe Trombitás Ferencet nevezik ki [&hellip;]</p>
