{"id":24627,"date":"2025-08-01T18:14:34","date_gmt":"2025-08-01T16:14:34","guid":{"rendered":"https:\/\/uj.adatbank.ro\/lexikon\/termek\/vitalis-mihaly\/"},"modified":"2025-08-01T18:14:34","modified_gmt":"2025-08-01T16:14:34","slug":"vitalis-mihaly","status":"publish","type":"product","link":"https:\/\/uj.adatbank.ro\/lexikon\/termek\/vitalis-mihaly\/","title":{"rendered":"VIT\u00c1LIS Mih\u00e1ly"},"content":{"rendered":"<p>Ny\u00e1r\u00e1dszentl\u00e1szl\u00f3, 1804.\u2020\u00a0Medes\u00e9r, 1889.: lelk\u00e9sz. \u2013 Sz\u00e9kelykereszt\u00faron tan\u00edtott (1823\u201324). Felel\u0151s di\u00e1kk\u00e9nt Martonoson lelk\u00e9sz (1823\u201324). Az egyh\u00e1zi Nyugd\u00edjint\u00e9zet els\u0151 fizetett nyugd\u00edjasa. <br \/><strong>\u2013 Irod.:<\/strong> Kelemen.<\/br><\/p>\n","protected":false},"excerpt":{"rendered":"<p>Ny\u00e1r\u00e1dszentl\u00e1szl\u00f3, 1804.\u2020\u00a0Medes\u00e9r, 1889.: lelk\u00e9sz. \u2013 Sz\u00e9kelykereszt\u00faron tan\u00edtott (1823\u201324). Felel\u0151s di\u00e1kk\u00e9nt Martonoson lelk\u00e9sz (1823\u201324). Az egyh\u00e1zi Nyugd\u00edjint\u00e9zet els\u0151 fizetett nyugd\u00edjasa. \u2013 Irod.: Kelemen.<\/p>\n","protected":false},"featured_media":0,"comment_status":"open","ping_status":"closed","template":"","meta":[],"product_brand":[],"product_cat":[137],"product_tag":[],"class_list":{"0":"post-24627","1":"product","2":"type-product","3":"status-publish","5":"product_cat-maros-megyei-eletrajzi-lexikon","7":"first","8":"instock","9":"shipping-taxable","10":"product-type-simple"},"_links":{"self":[{"href":"https:\/\/uj.adatbank.ro\/lexikon\/wp-json\/wp\/v2\/product\/24627","targetHints":{"allow":["GET"]}}],"collection":[{"href":"https:\/\/uj.adatbank.ro\/lexikon\/wp-json\/wp\/v2\/product"}],"about":[{"href":"https:\/\/uj.adatbank.ro\/lexikon\/wp-json\/wp\/v2\/types\/product"}],"replies":[{"embeddable":true,"href":"https:\/\/uj.adatbank.ro\/lexikon\/wp-json\/wp\/v2\/comments?post=24627"}],"wp:attachment":[{"href":"https:\/\/uj.adatbank.ro\/lexikon\/wp-json\/wp\/v2\/media?parent=24627"}],"wp:term":[{"taxonomy":"product_brand","embeddable":true,"href":"https:\/\/uj.adatbank.ro\/lexikon\/wp-json\/wp\/v2\/product_brand?post=24627"},{"taxonomy":"product_cat","embeddable":true,"href":"https:\/\/uj.adatbank.ro\/lexikon\/wp-json\/wp\/v2\/product_cat?post=24627"},{"taxonomy":"product_tag","embeddable":true,"href":"https:\/\/uj.adatbank.ro\/lexikon\/wp-json\/wp\/v2\/product_tag?post=24627"}],"curies":[{"name":"wp","href":"https:\/\/api.w.org\/{rel}","templated":true}]}}