{"id":24629,"date":"2025-08-01T18:14:38","date_gmt":"2025-08-01T16:14:38","guid":{"rendered":"https:\/\/uj.adatbank.ro\/lexikon\/termek\/vitalyos-andras-laszlo\/"},"modified":"2025-08-01T18:14:38","modified_gmt":"2025-08-01T16:14:38","slug":"vitalyos-andras-laszlo","status":"publish","type":"product","link":"https:\/\/uj.adatbank.ro\/lexikon\/termek\/vitalyos-andras-laszlo\/","title":{"rendered":"VIT\u00c1LYOS Andr\u00e1s L\u00e1szl\u00f3"},"content":{"rendered":"<p>Mv., 1940., \u2020 Mv., 2010. m\u00e1j. 22.: orvos. \u2013 A Bolyai l\u00edc.-ban \u00e9retts\u00e9gizett (1957). Az \u00c9p\u00edt\u00e9szeti M\u0171szaki F\u0151iskol\u00e1t (1958\u20131961), a Szentgy\u00f6rgyi Istv\u00e1n Sz\u00ednm\u0171v\u00e9szeti Int\u00e9zetet (1962\u20131965) v\u00e9gezte el. A Sepsiszentgy\u00f6rgyi \u00c1llami Magyar Sz\u00ednh\u00e1z tagja volt. Folytatta tanulm\u00e1nyait a MOGYE hallgat\u00f3ja (1966\u20131972). K\u00f6rzeti orvos Maros megy\u00e9ben Szentp\u00e9teren (1972\u20131975), majd k\u00f6rorvos Ny\u00e1r\u00e1dg\u00e1lfalv\u00e1n nyugd\u00edjaz\u00e1s\u00e1ig (1976\u20132005).  <strong>F. m..:<\/strong> Ember \u00e9s eg\u00e9szs\u00e9g (Kiss Zolt\u00e1n-, Holicska Dezs\u0151vel; Buk., 1974). <br \/><strong>\u2013 Irod.:<\/strong> [Nekrol\u00f3g], (N\u00fa., 2010. m\u00e1j. 27.).<\/br><\/p>\n","protected":false},"excerpt":{"rendered":"<p>Mv., 1940., \u2020 Mv., 2010. m\u00e1j. 22.: orvos. \u2013 A Bolyai l\u00edc.-ban \u00e9retts\u00e9gizett (1957). Az \u00c9p\u00edt\u00e9szeti M\u0171szaki F\u0151iskol\u00e1t (1958\u20131961), a Szentgy\u00f6rgyi Istv\u00e1n Sz\u00ednm\u0171v\u00e9szeti Int\u00e9zetet (1962\u20131965) v\u00e9gezte el. A Sepsiszentgy\u00f6rgyi \u00c1llami Magyar Sz\u00ednh\u00e1z tagja volt. Folytatta tanulm\u00e1nyait a MOGYE hallgat\u00f3ja (1966\u20131972). K\u00f6rzeti orvos Maros megy\u00e9ben Szentp\u00e9teren (1972\u20131975), majd k\u00f6rorvos Ny\u00e1r\u00e1dg\u00e1lfalv\u00e1n nyugd\u00edjaz\u00e1s\u00e1ig (1976\u20132005). F. m..: Ember \u00e9s [&hellip;]<\/p>\n","protected":false},"featured_media":0,"comment_status":"open","ping_status":"closed","template":"","meta":[],"product_brand":[],"product_cat":[137],"product_tag":[],"class_list":{"0":"post-24629","1":"product","2":"type-product","3":"status-publish","5":"product_cat-maros-megyei-eletrajzi-lexikon","7":"first","8":"instock","9":"shipping-taxable","10":"product-type-simple"},"_links":{"self":[{"href":"https:\/\/uj.adatbank.ro\/lexikon\/wp-json\/wp\/v2\/product\/24629","targetHints":{"allow":["GET"]}}],"collection":[{"href":"https:\/\/uj.adatbank.ro\/lexikon\/wp-json\/wp\/v2\/product"}],"about":[{"href":"https:\/\/uj.adatbank.ro\/lexikon\/wp-json\/wp\/v2\/types\/product"}],"replies":[{"embeddable":true,"href":"https:\/\/uj.adatbank.ro\/lexikon\/wp-json\/wp\/v2\/comments?post=24629"}],"wp:attachment":[{"href":"https:\/\/uj.adatbank.ro\/lexikon\/wp-json\/wp\/v2\/media?parent=24629"}],"wp:term":[{"taxonomy":"product_brand","embeddable":true,"href":"https:\/\/uj.adatbank.ro\/lexikon\/wp-json\/wp\/v2\/product_brand?post=24629"},{"taxonomy":"product_cat","embeddable":true,"href":"https:\/\/uj.adatbank.ro\/lexikon\/wp-json\/wp\/v2\/product_cat?post=24629"},{"taxonomy":"product_tag","embeddable":true,"href":"https:\/\/uj.adatbank.ro\/lexikon\/wp-json\/wp\/v2\/product_tag?post=24629"}],"curies":[{"name":"wp","href":"https:\/\/api.w.org\/{rel}","templated":true}]}}

VITÁLYOS András László

<p>Mv., 1940., † Mv., 2010. máj. 22.: orvos. – A Bolyai líc.-ban érettségizett (1957). Az Építészeti Műszaki Főiskolát (1958–1961), a Szentgyörgyi István Színművészeti Intézetet (1962–1965) végezte el. A Sepsiszentgyörgyi Állami Magyar Színház tagja volt. Folytatta tanulmányait a MOGYE hallgatója (1966–1972). Körzeti orvos Maros megyében Szentpéteren (1972–1975), majd körorvos Nyárádgálfalván nyugdíjazásáig (1976–2005).  <strong>F. m..:</strong> Ember és egészség (Kiss Zoltán-, Holicska Dezsővel; Buk., 1974). <br /><strong>– Irod.:</strong> [Nekrológ], (Nú., 2010. máj. 27.).</br></p>

<p>Mv., 1940., † Mv., 2010. máj. 22.: orvos. – A Bolyai líc.-ban érettségizett (1957). Az Építészeti Műszaki Főiskolát (1958–1961), a Szentgyörgyi István Színművészeti Intézetet (1962–1965) végezte el. A Sepsiszentgyörgyi Állami Magyar Színház tagja volt. Folytatta tanulmányait a MOGYE hallgatója (1966–1972). Körzeti orvos Maros megyében Szentpéteren (1972–1975), majd körorvos Nyárádgálfalván nyugdíjazásáig (1976–2005). F. m..: Ember és [&hellip;]</p>
