{"id":24634,"date":"2025-08-01T18:14:49","date_gmt":"2025-08-01T16:14:49","guid":{"rendered":"https:\/\/uj.adatbank.ro\/lexikon\/termek\/vitalyos-ildiko\/"},"modified":"2025-08-01T18:14:49","modified_gmt":"2025-08-01T16:14:49","slug":"vitalyos-ildiko","status":"publish","type":"product","link":"https:\/\/uj.adatbank.ro\/lexikon\/termek\/vitalyos-ildiko\/","title":{"rendered":"VIT\u00c1LYOS Ildik\u00f3"},"content":{"rendered":"<p>Erzs\u00e9betv\u00e1ros, 1935. \u2020\u00a02018. febr.8.: sz\u00edn\u00e9szn\u0151. \u2013 Mv.-en v\u00e9gezte az elemi oszt\u00e1lyokat a ref. le\u00e1nyiskol\u00e1ban, folytatta a le\u00e1nygimn\u00e1ziumban, zongor\u00e1zni a Kult\u00farpalot\u00e1ban tanult. Sz\u00ednh\u00e1zi tanulm\u00e1nyait Kv.-on kedte, de az int\u00e9zm\u00e9ny Mv.-re k\u00f6lt\u00f6z\u00f6tt \u00e9s itt fejezte be az egyetemet \u00e9s itt kapott oklevelet. P\u00e1lyakezd\u0151 a Nagyv\u00e1radi \u00c1llami Sz\u00ednh\u00e1zban. Kv.-on teljesedett ki m\u0171v\u00e9szi karrierje, sok darabban j\u00e1tszott, nagy alak\u00edt\u00e1sa a B\u00f6ske szerepe; B\u00e1lint Tibor S\u00e1nta angyalok utc\u00e1ja c. darabban. Tompa Mikl\u00f3s utols\u00f3 rendez\u00e9s\u00e9ben a Bernarda Alba h\u00e1za darabban j\u00e1tszotta a c\u00edmszerepet (1990). Nyugalomba vonult (1995). <br \/><strong>\u2013 Irod.:<\/strong> Gy\u00e1rf\u00e1s 2013; Nekrol\u00f3g (N\u00fa., 2018. febr. 10.); Elhunyt Vit\u00e1lyos Ildik\u00f3, az erd\u00e9lyi magyar sz\u00ednj\u00e1tsz\u00e1s kiemelked\u0151 alakja (Kr\u00f3nika, 2018. febr. 12.).<\/br><\/p>\n","protected":false},"excerpt":{"rendered":"<p>Erzs\u00e9betv\u00e1ros, 1935. \u2020\u00a02018. febr.8.: sz\u00edn\u00e9szn\u0151. \u2013 Mv.-en v\u00e9gezte az elemi oszt\u00e1lyokat a ref. le\u00e1nyiskol\u00e1ban, folytatta a le\u00e1nygimn\u00e1ziumban, zongor\u00e1zni a Kult\u00farpalot\u00e1ban tanult. Sz\u00ednh\u00e1zi tanulm\u00e1nyait Kv.-on kedte, de az int\u00e9zm\u00e9ny Mv.-re k\u00f6lt\u00f6z\u00f6tt \u00e9s itt fejezte be az egyetemet \u00e9s itt kapott oklevelet. P\u00e1lyakezd\u0151 a Nagyv\u00e1radi \u00c1llami Sz\u00ednh\u00e1zban. Kv.-on teljesedett ki m\u0171v\u00e9szi karrierje, sok darabban j\u00e1tszott, nagy alak\u00edt\u00e1sa [&hellip;]<\/p>\n","protected":false},"featured_media":0,"comment_status":"open","ping_status":"closed","template":"","meta":[],"product_brand":[],"product_cat":[137],"product_tag":[],"class_list":{"0":"post-24634","1":"product","2":"type-product","3":"status-publish","5":"product_cat-maros-megyei-eletrajzi-lexikon","7":"first","8":"instock","9":"shipping-taxable","10":"product-type-simple"},"_links":{"self":[{"href":"https:\/\/uj.adatbank.ro\/lexikon\/wp-json\/wp\/v2\/product\/24634","targetHints":{"allow":["GET"]}}],"collection":[{"href":"https:\/\/uj.adatbank.ro\/lexikon\/wp-json\/wp\/v2\/product"}],"about":[{"href":"https:\/\/uj.adatbank.ro\/lexikon\/wp-json\/wp\/v2\/types\/product"}],"replies":[{"embeddable":true,"href":"https:\/\/uj.adatbank.ro\/lexikon\/wp-json\/wp\/v2\/comments?post=24634"}],"wp:attachment":[{"href":"https:\/\/uj.adatbank.ro\/lexikon\/wp-json\/wp\/v2\/media?parent=24634"}],"wp:term":[{"taxonomy":"product_brand","embeddable":true,"href":"https:\/\/uj.adatbank.ro\/lexikon\/wp-json\/wp\/v2\/product_brand?post=24634"},{"taxonomy":"product_cat","embeddable":true,"href":"https:\/\/uj.adatbank.ro\/lexikon\/wp-json\/wp\/v2\/product_cat?post=24634"},{"taxonomy":"product_tag","embeddable":true,"href":"https:\/\/uj.adatbank.ro\/lexikon\/wp-json\/wp\/v2\/product_tag?post=24634"}],"curies":[{"name":"wp","href":"https:\/\/api.w.org\/{rel}","templated":true}]}}

VITÁLYOS Ildikó

<p>Erzsébetváros, 1935. † 2018. febr.8.: színésznő. – Mv.-en végezte az elemi osztályokat a ref. leányiskolában, folytatta a leánygimnáziumban, zongorázni a Kultúrpalotában tanult. Színházi tanulmányait Kv.-on kedte, de az intézmény Mv.-re költözött és itt fejezte be az egyetemet és itt kapott oklevelet. Pályakezdő a Nagyváradi Állami Színházban. Kv.-on teljesedett ki művészi karrierje, sok darabban játszott, nagy alakítása a Böske szerepe; Bálint Tibor Sánta angyalok utcája c. darabban. Tompa Miklós utolsó rendezésében a Bernarda Alba háza darabban játszotta a címszerepet (1990). Nyugalomba vonult (1995). <br /><strong>– Irod.:</strong> Gyárfás 2013; Nekrológ (Nú., 2018. febr. 10.); Elhunyt Vitályos Ildikó, az erdélyi magyar színjátszás kiemelkedő alakja (Krónika, 2018. febr. 12.).</br></p>

<p>Erzsébetváros, 1935. † 2018. febr.8.: színésznő. – Mv.-en végezte az elemi osztályokat a ref. leányiskolában, folytatta a leánygimnáziumban, zongorázni a Kultúrpalotában tanult. Színházi tanulmányait Kv.-on kedte, de az intézmény Mv.-re költözött és itt fejezte be az egyetemet és itt kapott oklevelet. Pályakezdő a Nagyváradi Állami Színházban. Kv.-on teljesedett ki művészi karrierje, sok darabban játszott, nagy alakítása [&hellip;]</p>
