{"id":24637,"date":"2025-08-01T18:14:57","date_gmt":"2025-08-01T16:14:57","guid":{"rendered":"https:\/\/uj.adatbank.ro\/lexikon\/termek\/vitez-berard-p-nagyszolosi-es-szilagykrasznai-dr\/"},"modified":"2025-08-01T18:14:57","modified_gmt":"2025-08-01T16:14:57","slug":"vitez-berard-p-nagyszolosi-es-szilagykrasznai-dr","status":"publish","type":"product","link":"https:\/\/uj.adatbank.ro\/lexikon\/termek\/vitez-berard-p-nagyszolosi-es-szilagykrasznai-dr\/","title":{"rendered":"VIT\u00c9Z Ber\u00e1rd, P. nagysz\u0151l\u0151si \u00e9s szil\u00e1gykrasznai; dr."},"content":{"rendered":"<p>Szil\u00e1gysonly\u00f3, 1896., \u2020\u00a0?: ferencrendi szerzetes, iskolaigazgat\u00f3. \u2013 Sz\u00e1szv\u00e1roson, Kv.-on \u00e9s Szegeden v\u00e9gezte tanulm\u00e1nyait, papp\u00e1 szentelt\u00e9k (1921), majd Cs\u00edksomly\u00f3n tan\u00e1ri oklevelet szerzett (1922). Mint teol\u00f3giai tan\u00e1r Vajdahunyadon, mint h\u00e1zf\u0151n\u00f6k M\u00e1riaradn\u00e1n, Cs\u00edksomly\u00f3n tev\u00e9kenykedett, majd Mo.-ra menek\u00fclt (1939), azut\u00e1n Mv.-en a R. k. Fi\u00faiskola igazgat\u00f3ja lett (1940\u2013). <br \/><strong>\u2013 Irod.:<\/strong> Sz\u00e9kelyf\u00f6ld \u00ed. k.<\/br><\/p>\n","protected":false},"excerpt":{"rendered":"<p>Szil\u00e1gysonly\u00f3, 1896., \u2020\u00a0?: ferencrendi szerzetes, iskolaigazgat\u00f3. \u2013 Sz\u00e1szv\u00e1roson, Kv.-on \u00e9s Szegeden v\u00e9gezte tanulm\u00e1nyait, papp\u00e1 szentelt\u00e9k (1921), majd Cs\u00edksomly\u00f3n tan\u00e1ri oklevelet szerzett (1922). Mint teol\u00f3giai tan\u00e1r Vajdahunyadon, mint h\u00e1zf\u0151n\u00f6k M\u00e1riaradn\u00e1n, Cs\u00edksomly\u00f3n tev\u00e9kenykedett, majd Mo.-ra menek\u00fclt (1939), azut\u00e1n Mv.-en a R. k. Fi\u00faiskola igazgat\u00f3ja lett (1940\u2013). \u2013 Irod.: Sz\u00e9kelyf\u00f6ld \u00ed. k.<\/p>\n","protected":false},"featured_media":0,"comment_status":"open","ping_status":"closed","template":"","meta":[],"product_brand":[],"product_cat":[137],"product_tag":[],"class_list":{"0":"post-24637","1":"product","2":"type-product","3":"status-publish","5":"product_cat-maros-megyei-eletrajzi-lexikon","7":"first","8":"instock","9":"shipping-taxable","10":"product-type-simple"},"_links":{"self":[{"href":"https:\/\/uj.adatbank.ro\/lexikon\/wp-json\/wp\/v2\/product\/24637","targetHints":{"allow":["GET"]}}],"collection":[{"href":"https:\/\/uj.adatbank.ro\/lexikon\/wp-json\/wp\/v2\/product"}],"about":[{"href":"https:\/\/uj.adatbank.ro\/lexikon\/wp-json\/wp\/v2\/types\/product"}],"replies":[{"embeddable":true,"href":"https:\/\/uj.adatbank.ro\/lexikon\/wp-json\/wp\/v2\/comments?post=24637"}],"wp:attachment":[{"href":"https:\/\/uj.adatbank.ro\/lexikon\/wp-json\/wp\/v2\/media?parent=24637"}],"wp:term":[{"taxonomy":"product_brand","embeddable":true,"href":"https:\/\/uj.adatbank.ro\/lexikon\/wp-json\/wp\/v2\/product_brand?post=24637"},{"taxonomy":"product_cat","embeddable":true,"href":"https:\/\/uj.adatbank.ro\/lexikon\/wp-json\/wp\/v2\/product_cat?post=24637"},{"taxonomy":"product_tag","embeddable":true,"href":"https:\/\/uj.adatbank.ro\/lexikon\/wp-json\/wp\/v2\/product_tag?post=24637"}],"curies":[{"name":"wp","href":"https:\/\/api.w.org\/{rel}","templated":true}]}}

VITÉZ Berárd, P. nagyszőlősi és szilágykrasznai; dr.

<p>Szilágysonlyó, 1896., † ?: ferencrendi szerzetes, iskolaigazgató. – Szászvároson, Kv.-on és Szegeden végezte tanulmányait, pappá szentelték (1921), majd Csíksomlyón tanári oklevelet szerzett (1922). Mint teológiai tanár Vajdahunyadon, mint házfőnök Máriaradnán, Csíksomlyón tevékenykedett, majd Mo.-ra menekült (1939), azután Mv.-en a R. k. Fiúiskola igazgatója lett (1940–). <br /><strong>– Irod.:</strong> Székelyföld í. k.</br></p>

<p>Szilágysonlyó, 1896., † ?: ferencrendi szerzetes, iskolaigazgató. – Szászvároson, Kv.-on és Szegeden végezte tanulmányait, pappá szentelték (1921), majd Csíksomlyón tanári oklevelet szerzett (1922). Mint teológiai tanár Vajdahunyadon, mint házfőnök Máriaradnán, Csíksomlyón tevékenykedett, majd Mo.-ra menekült (1939), azután Mv.-en a R. k. Fiúiskola igazgatója lett (1940–). – Irod.: Székelyföld í. k.</p>
