{"id":24638,"date":"2025-08-01T18:14:59","date_gmt":"2025-08-01T16:14:59","guid":{"rendered":"https:\/\/uj.adatbank.ro\/lexikon\/termek\/vitez-laszlo-nemeskurti-vitez-laszlo\/"},"modified":"2025-08-01T18:14:59","modified_gmt":"2025-08-01T16:14:59","slug":"vitez-laszlo-nemeskurti-vitez-laszlo","status":"publish","type":"product","link":"https:\/\/uj.adatbank.ro\/lexikon\/termek\/vitez-laszlo-nemeskurti-vitez-laszlo\/","title":{"rendered":"VIT\u00c9Z L\u00e1szl\u00f3, Nemesk\u00fcrti Vit\u00e9z L\u00e1szl\u00f3"},"content":{"rendered":"<p>? \u2020?: titk\u00e1r. \u2013 Apja Nemesk\u00fcrti Vit\u00e9z Imre (.\u20201620 k\u00f6r\u00fcl). \u2013 Az \u00f6zv. K\u00e1rolyi Zs\u00f3fia m\u00e1sodik f\u00e9rje, els\u0151 f\u00e9rje Tarn\u00f3czy Sebesty\u00e9n. \u2013 Szolg\u00e1lta B\u00e1thory G\u00e1bort, Bethlen G\u00e1bort, majd Gavril Movil\u0103 \u00e9s Alexandru Coconul havasalf\u00f6ldi vajd\u00e1kat, t\u00f6bb funkci\u00f3ban: inas, secretarius, majd k\u00f6vet. A havasalf\u00f6ldi vajda magyar secretariusak\u00e9nt tev\u00e9kenykedett (1620 k.). <br \/><strong>\u2013 Irod.:<\/strong> Jak\u00f3 Kl\u00e1ra = Tonk S. 2020.<\/br><\/p>\n","protected":false},"excerpt":{"rendered":"<p>? \u2020?: titk\u00e1r. \u2013 Apja Nemesk\u00fcrti Vit\u00e9z Imre (.\u20201620 k\u00f6r\u00fcl). \u2013 Az \u00f6zv. K\u00e1rolyi Zs\u00f3fia m\u00e1sodik f\u00e9rje, els\u0151 f\u00e9rje Tarn\u00f3czy Sebesty\u00e9n. \u2013 Szolg\u00e1lta B\u00e1thory G\u00e1bort, Bethlen G\u00e1bort, majd Gavril Movil\u0103 \u00e9s Alexandru Coconul havasalf\u00f6ldi vajd\u00e1kat, t\u00f6bb funkci\u00f3ban: inas, secretarius, majd k\u00f6vet. A havasalf\u00f6ldi vajda magyar secretariusak\u00e9nt tev\u00e9kenykedett (1620 k.). \u2013 Irod.: Jak\u00f3 Kl\u00e1ra = Tonk [&hellip;]<\/p>\n","protected":false},"featured_media":0,"comment_status":"open","ping_status":"closed","template":"","meta":[],"product_brand":[],"product_cat":[137],"product_tag":[],"class_list":{"0":"post-24638","1":"product","2":"type-product","3":"status-publish","5":"product_cat-maros-megyei-eletrajzi-lexikon","7":"first","8":"instock","9":"shipping-taxable","10":"product-type-simple"},"_links":{"self":[{"href":"https:\/\/uj.adatbank.ro\/lexikon\/wp-json\/wp\/v2\/product\/24638","targetHints":{"allow":["GET"]}}],"collection":[{"href":"https:\/\/uj.adatbank.ro\/lexikon\/wp-json\/wp\/v2\/product"}],"about":[{"href":"https:\/\/uj.adatbank.ro\/lexikon\/wp-json\/wp\/v2\/types\/product"}],"replies":[{"embeddable":true,"href":"https:\/\/uj.adatbank.ro\/lexikon\/wp-json\/wp\/v2\/comments?post=24638"}],"wp:attachment":[{"href":"https:\/\/uj.adatbank.ro\/lexikon\/wp-json\/wp\/v2\/media?parent=24638"}],"wp:term":[{"taxonomy":"product_brand","embeddable":true,"href":"https:\/\/uj.adatbank.ro\/lexikon\/wp-json\/wp\/v2\/product_brand?post=24638"},{"taxonomy":"product_cat","embeddable":true,"href":"https:\/\/uj.adatbank.ro\/lexikon\/wp-json\/wp\/v2\/product_cat?post=24638"},{"taxonomy":"product_tag","embeddable":true,"href":"https:\/\/uj.adatbank.ro\/lexikon\/wp-json\/wp\/v2\/product_tag?post=24638"}],"curies":[{"name":"wp","href":"https:\/\/api.w.org\/{rel}","templated":true}]}}

VITÉZ László, Nemeskürti Vitéz László

<p>? †?: titkár. – Apja Nemeskürti Vitéz Imre (.†1620 körül). – Az özv. Károlyi Zsófia második férje, első férje Tarnóczy Sebestyén. – Szolgálta Báthory Gábort, Bethlen Gábort, majd Gavril Movilă és Alexandru Coconul havasalföldi vajdákat, több funkcióban: inas, secretarius, majd követ. A havasalföldi vajda magyar secretariusaként tevékenykedett (1620 k.). <br /><strong>– Irod.:</strong> Jakó Klára = Tonk S. 2020.</br></p>

<p>? †?: titkár. – Apja Nemeskürti Vitéz Imre (.†1620 körül). – Az özv. Károlyi Zsófia második férje, első férje Tarnóczy Sebestyén. – Szolgálta Báthory Gábort, Bethlen Gábort, majd Gavril Movilă és Alexandru Coconul havasalföldi vajdákat, több funkcióban: inas, secretarius, majd követ. A havasalföldi vajda magyar secretariusaként tevékenykedett (1620 k.). – Irod.: Jakó Klára = Tonk [&hellip;]</p>
