{"id":24639,"date":"2025-08-01T18:15:02","date_gmt":"2025-08-01T16:15:02","guid":{"rendered":"https:\/\/uj.adatbank.ro\/lexikon\/termek\/vitez-zsuzsanna-beldi-palne\/"},"modified":"2025-08-01T18:15:02","modified_gmt":"2025-08-01T16:15:02","slug":"vitez-zsuzsanna-beldi-palne","status":"publish","type":"product","link":"https:\/\/uj.adatbank.ro\/lexikon\/termek\/vitez-zsuzsanna-beldi-palne\/","title":{"rendered":"VIT\u00c9Z Zsuzs\u00e1nna, B\u00e9ldi P\u00e1ln\u00e9."},"content":{"rendered":"<p>? \u2020 Szamos\u00fajv\u00e1r, 1686. \u2013 A legnagyobb erd\u00e9lyi boszork\u00e1nyper kirobbant\u00f3ja volt. A f\u00e9rje fejedelems\u00e9gre t\u00f6r\u0151 c\u00e9ljait t\u00e1mogatta, boszork\u00e1nyok seg\u00edts\u00e9g\u00e9vel akarta el\u0151id\u00e9zni Bornemissza Anna fejedelemasszony hal\u00e1l\u00e1t, ezzel a fejedelem t\u00f6nkret\u00e9tel\u00e9t \u00e9s a fejedelem megszerz\u00e9s\u00e9t. Mv.-en mondt\u00e1k ki az \u00edt\u00e9letet. Val\u00f3ban szervezkedtek a fejedelem ellen. Fogs\u00e1gba ker\u00fclt (1678\u2013), 9 \u00e9vig raboskodott Szamos\u00fajv\u00e1ron \u00e9s ott is halt meg. <br \/><strong>\u2013 Irod.:<\/strong> Castellum \u00c9rtes\u00edt\u0151 (2000., 3. sz.), Hentaller Mariska, F\u00e1yn\u00e9: A magyar \u00edr\u00f3n\u0151kr\u0151l (Bp., 1889); Teleki Mih\u00e1ly udvartart\u00e1si napl\u00f3ja (1673\u20131681) (Kv., 2007).<\/br><\/p>\n","protected":false},"excerpt":{"rendered":"<p>? \u2020 Szamos\u00fajv\u00e1r, 1686. \u2013 A legnagyobb erd\u00e9lyi boszork\u00e1nyper kirobbant\u00f3ja volt. A f\u00e9rje fejedelems\u00e9gre t\u00f6r\u0151 c\u00e9ljait t\u00e1mogatta, boszork\u00e1nyok seg\u00edts\u00e9g\u00e9vel akarta el\u0151id\u00e9zni Bornemissza Anna fejedelemasszony hal\u00e1l\u00e1t, ezzel a fejedelem t\u00f6nkret\u00e9tel\u00e9t \u00e9s a fejedelem megszerz\u00e9s\u00e9t. Mv.-en mondt\u00e1k ki az \u00edt\u00e9letet. Val\u00f3ban szervezkedtek a fejedelem ellen. Fogs\u00e1gba ker\u00fclt (1678\u2013), 9 \u00e9vig raboskodott Szamos\u00fajv\u00e1ron \u00e9s ott is halt meg. [&hellip;]<\/p>\n","protected":false},"featured_media":0,"comment_status":"open","ping_status":"closed","template":"","meta":[],"product_brand":[],"product_cat":[137],"product_tag":[],"class_list":{"0":"post-24639","1":"product","2":"type-product","3":"status-publish","5":"product_cat-maros-megyei-eletrajzi-lexikon","7":"first","8":"instock","9":"shipping-taxable","10":"product-type-simple"},"_links":{"self":[{"href":"https:\/\/uj.adatbank.ro\/lexikon\/wp-json\/wp\/v2\/product\/24639","targetHints":{"allow":["GET"]}}],"collection":[{"href":"https:\/\/uj.adatbank.ro\/lexikon\/wp-json\/wp\/v2\/product"}],"about":[{"href":"https:\/\/uj.adatbank.ro\/lexikon\/wp-json\/wp\/v2\/types\/product"}],"replies":[{"embeddable":true,"href":"https:\/\/uj.adatbank.ro\/lexikon\/wp-json\/wp\/v2\/comments?post=24639"}],"wp:attachment":[{"href":"https:\/\/uj.adatbank.ro\/lexikon\/wp-json\/wp\/v2\/media?parent=24639"}],"wp:term":[{"taxonomy":"product_brand","embeddable":true,"href":"https:\/\/uj.adatbank.ro\/lexikon\/wp-json\/wp\/v2\/product_brand?post=24639"},{"taxonomy":"product_cat","embeddable":true,"href":"https:\/\/uj.adatbank.ro\/lexikon\/wp-json\/wp\/v2\/product_cat?post=24639"},{"taxonomy":"product_tag","embeddable":true,"href":"https:\/\/uj.adatbank.ro\/lexikon\/wp-json\/wp\/v2\/product_tag?post=24639"}],"curies":[{"name":"wp","href":"https:\/\/api.w.org\/{rel}","templated":true}]}}

VITÉZ Zsuzsánna, Béldi Pálné.

<p>? † Szamosújvár, 1686. – A legnagyobb erdélyi boszorkányper kirobbantója volt. A férje fejedelemségre törő céljait támogatta, boszorkányok segítségével akarta előidézni Bornemissza Anna fejedelemasszony halálát, ezzel a fejedelem tönkretételét és a fejedelem megszerzését. Mv.-en mondták ki az ítéletet. Valóban szervezkedtek a fejedelem ellen. Fogságba került (1678–), 9 évig raboskodott Szamosújváron és ott is halt meg. <br /><strong>– Irod.:</strong> Castellum Értesítő (2000., 3. sz.), Hentaller Mariska, Fáyné: A magyar írónőkről (Bp., 1889); Teleki Mihály udvartartási naplója (1673–1681) (Kv., 2007).</br></p>

<p>? † Szamosújvár, 1686. – A legnagyobb erdélyi boszorkányper kirobbantója volt. A férje fejedelemségre törő céljait támogatta, boszorkányok segítségével akarta előidézni Bornemissza Anna fejedelemasszony halálát, ezzel a fejedelem tönkretételét és a fejedelem megszerzését. Mv.-en mondták ki az ítéletet. Valóban szervezkedtek a fejedelem ellen. Fogságba került (1678–), 9 évig raboskodott Szamosújváron és ott is halt meg. [&hellip;]</p>
