{"id":24643,"date":"2025-08-01T18:15:09","date_gmt":"2025-08-01T16:15:09","guid":{"rendered":"https:\/\/uj.adatbank.ro\/lexikon\/termek\/vitos-lajos-%c2%a7\/"},"modified":"2025-08-01T18:15:09","modified_gmt":"2025-08-01T16:15:09","slug":"vitos-lajos-%c2%a7","status":"publish","type":"product","link":"https:\/\/uj.adatbank.ro\/lexikon\/termek\/vitos-lajos-%c2%a7\/","title":{"rendered":"VITOS Lajos, \u00a7"},"content":{"rendered":"<p>Mad\u00e9falva, 1936. j\u00fal. 25., \u2020\u00a0Mv., 1996. jan. 24.: f\u0151\u00fcgy\u00e9sz. \u2013 Az elemi iskol\u00e1t Mad\u00e9falv\u00e1n \u00e9s a k\u00f6z\u00e9piskol\u00e1t a cs\u00edkszeredai r. k. gimn.-ban (ma M\u00e1rton \u00c1ron f\u0151gimn.). A kv.-i Bolyai TE-en jogi kar\u00e1n v\u00e9gzett (1957). \u00dcgy\u00e9szk\u00e9nt kezdte tev\u00e9kenys\u00e9g\u00e9t Gyergy\u00f3szentmikl\u00f3son (1957. aug. 1.), majd Cs\u00edkszered\u00e1ban, \u00e1thelyezt\u00e9k a mv.-i T\u00e1blab\u00edr\u00f3s\u00e1g melletti \u00fcgy\u00e9szs\u00e9gre (1958. j\u00fal. 1. \u2013). A Legf\u0151bb \u00dcgy\u00e9szs\u00e9g tov\u00e1bbk\u00e9pz\u0151 tanfolyamain vett r\u00e9szt, megszerezte a b\u00fcntet\u0151jogi, valamint a kriminalisztikai \u00e9s kriminol\u00f3gia diplom\u00e1t. F\u0151\u00fcgy\u00e9szk\u00e9nt az \u00e9let elleni b\u0171ncselekm\u00e9nyek kivizsg\u00e1l\u00e1s\u00e1val foglalkozott 38 \u00e9ven \u00e1t, hal\u00e1l\u00e1ig. Sz\u00e1mos tanulm\u00e1ny, jogi elemz\u00e9s szerz\u0151je, de korai hal\u00e1la miatt \u00e9lm\u00e9nyinek, \u00e9lettapasztalat\u00e1nak kis r\u00e9sz\u00e9t tudta k\u00f6z\u00f6lni. A cs\u00edkszeredai B\u0171nt\u00e9ny magazin f\u0151munkat\u00e1rsa (1991\u201396), ennek mell\u00e9klete a Sajnos csupa gyilkoss\u00e1g. Cikkeit k\u00f6zli a V.Z., N\u00fa. B\u0171nt\u00e9ny rovata. Sz\u00e1mos tudom\u00e1nyos dolgozat szerz\u0151je \u00e9s t\u00e1rsszerz\u0151je, kedvelt t\u00e9mak\u00f6re a viktimiol\u00f3gia. \u2013  <strong>F. m..:<\/strong> Sajnos csupa gyilkoss\u00e1g 1\u20134. k\u00f6t. (Cs\u00edkszereda, 1991?) \u2013 1. f\u00fczet. 1992: Anyatej helyett szalmi\u00e1kszesz. A gyilkos csup\u00e1n egy \u00e1rva lejt tal\u00e1lt. A hal\u00e1l post\u00e1n \u00e9rkezett. T\u00fck\u00f6rgyilkoss\u00e1gok; 3. f\u00fczet.: Mi\u00e9rt gyilkolt Dorina. Gyilkoss\u00e1g a vonaton. Csal\u00e1d\u00edrt\u00e1s? V\u00e9letlen trag\u00e9dia?; 4. f\u00fczet.: Azok a kromosz\u00f3m\u00e1k. A kett\u0151s gyilkos \u00f6nk\u00e9nt jelentkezett d\u00e9lel\u0151tt. L\u00f6v\u00f6ld\u00f6z\u00e9s a post\u00e1n; 5. f\u00fczet.: K\u00fczdelem az igaz\u00e9rt. F\u00e1raszt\u00f3 nyomoz\u00e1s; 6. f\u00fczet.: \u00c9n se tudom. A ny\u00e1r\u00e1dszeredai k\u00e9jgyilkos. Istenem, csak viccelni akartam. <br \/><strong>\u2013 Irod.:<\/strong> csal\u00e1di inf.; Erd\u00e9lyi Lajos: Viktimol\u00f3gia avagy az \u00e1ldozatok felel\u0151ss\u00e9ge (\u00daj \u00c9let, 1985, 5. sz.); [Nekrol\u00f3g] (N\u00fa., 1996. jan. 25.; jan. 26.); Szigethy Rudolf.<\/br><\/p>\n","protected":false},"excerpt":{"rendered":"<p>Mad\u00e9falva, 1936. j\u00fal. 25., \u2020\u00a0Mv., 1996. jan. 24.: f\u0151\u00fcgy\u00e9sz. \u2013 Az elemi iskol\u00e1t Mad\u00e9falv\u00e1n \u00e9s a k\u00f6z\u00e9piskol\u00e1t a cs\u00edkszeredai r. k. gimn.-ban (ma M\u00e1rton \u00c1ron f\u0151gimn.). A kv.-i Bolyai TE-en jogi kar\u00e1n v\u00e9gzett (1957). \u00dcgy\u00e9szk\u00e9nt kezdte tev\u00e9kenys\u00e9g\u00e9t Gyergy\u00f3szentmikl\u00f3son (1957. aug. 1.), majd Cs\u00edkszered\u00e1ban, \u00e1thelyezt\u00e9k a mv.-i T\u00e1blab\u00edr\u00f3s\u00e1g melletti \u00fcgy\u00e9szs\u00e9gre (1958. j\u00fal. 1. \u2013). A Legf\u0151bb [&hellip;]<\/p>\n","protected":false},"featured_media":0,"comment_status":"open","ping_status":"closed","template":"","meta":[],"product_brand":[],"product_cat":[137],"product_tag":[],"class_list":{"0":"post-24643","1":"product","2":"type-product","3":"status-publish","5":"product_cat-maros-megyei-eletrajzi-lexikon","7":"first","8":"instock","9":"shipping-taxable","10":"product-type-simple"},"_links":{"self":[{"href":"https:\/\/uj.adatbank.ro\/lexikon\/wp-json\/wp\/v2\/product\/24643","targetHints":{"allow":["GET"]}}],"collection":[{"href":"https:\/\/uj.adatbank.ro\/lexikon\/wp-json\/wp\/v2\/product"}],"about":[{"href":"https:\/\/uj.adatbank.ro\/lexikon\/wp-json\/wp\/v2\/types\/product"}],"replies":[{"embeddable":true,"href":"https:\/\/uj.adatbank.ro\/lexikon\/wp-json\/wp\/v2\/comments?post=24643"}],"wp:attachment":[{"href":"https:\/\/uj.adatbank.ro\/lexikon\/wp-json\/wp\/v2\/media?parent=24643"}],"wp:term":[{"taxonomy":"product_brand","embeddable":true,"href":"https:\/\/uj.adatbank.ro\/lexikon\/wp-json\/wp\/v2\/product_brand?post=24643"},{"taxonomy":"product_cat","embeddable":true,"href":"https:\/\/uj.adatbank.ro\/lexikon\/wp-json\/wp\/v2\/product_cat?post=24643"},{"taxonomy":"product_tag","embeddable":true,"href":"https:\/\/uj.adatbank.ro\/lexikon\/wp-json\/wp\/v2\/product_tag?post=24643"}],"curies":[{"name":"wp","href":"https:\/\/api.w.org\/{rel}","templated":true}]}}

<p>Madéfalva, 1936. júl. 25., † Mv., 1996. jan. 24.: főügyész. – Az elemi iskolát Madéfalván és a középiskolát a csíkszeredai r. k. gimn.-ban (ma Márton Áron főgimn.). A kv.-i Bolyai TE-en jogi karán végzett (1957). Ügyészként kezdte tevékenységét Gyergyószentmiklóson (1957. aug. 1.), majd Csíkszeredában, áthelyezték a mv.-i Táblabíróság melletti ügyészségre (1958. júl. 1. –). A Legfőbb Ügyészség továbbképző tanfolyamain vett részt, megszerezte a büntetőjogi, valamint a kriminalisztikai és kriminológia diplomát. Főügyészként az élet elleni bűncselekmények kivizsgálásával foglalkozott 38 éven át, haláláig. Számos tanulmány, jogi elemzés szerzője, de korai halála miatt élményinek, élettapasztalatának kis részét tudta közölni. A csíkszeredai Bűntény magazin főmunkatársa (1991–96), ennek melléklete a Sajnos csupa gyilkosság. Cikkeit közli a V.Z., Nú. Bűntény rovata. Számos tudományos dolgozat szerzője és társszerzője, kedvelt témaköre a viktimiológia. –  <strong>F. m..:</strong> Sajnos csupa gyilkosság 1–4. köt. (Csíkszereda, 1991?) – 1. füzet. 1992: Anyatej helyett szalmiákszesz. A gyilkos csupán egy árva lejt talált. A halál postán érkezett. Tükörgyilkosságok; 3. füzet.: Miért gyilkolt Dorina. Gyilkosság a vonaton. Családírtás? Véletlen tragédia?; 4. füzet.: Azok a kromoszómák. A kettős gyilkos önként jelentkezett délelőtt. Lövöldözés a postán; 5. füzet.: Küzdelem az igazért. Fárasztó nyomozás; 6. füzet.: Én se tudom. A nyárádszeredai kéjgyilkos. Istenem, csak viccelni akartam. <br /><strong>– Irod.:</strong> családi inf.; Erdélyi Lajos: Viktimológia avagy az áldozatok felelőssége (Új Élet, 1985, 5. sz.); [Nekrológ] (Nú., 1996. jan. 25.; jan. 26.); Szigethy Rudolf.</br></p>

<p>Madéfalva, 1936. júl. 25., † Mv., 1996. jan. 24.: főügyész. – Az elemi iskolát Madéfalván és a középiskolát a csíkszeredai r. k. gimn.-ban (ma Márton Áron főgimn.). A kv.-i Bolyai TE-en jogi karán végzett (1957). Ügyészként kezdte tevékenységét Gyergyószentmiklóson (1957. aug. 1.), majd Csíkszeredában, áthelyezték a mv.-i Táblabíróság melletti ügyészségre (1958. júl. 1. –). A Legfőbb [&hellip;]</p>
