{"id":24650,"date":"2025-08-01T18:15:22","date_gmt":"2025-08-01T16:15:22","guid":{"rendered":"https:\/\/uj.adatbank.ro\/lexikon\/termek\/vizaknai-miklos\/"},"modified":"2025-08-01T18:15:22","modified_gmt":"2025-08-01T16:15:22","slug":"vizaknai-miklos","status":"publish","type":"product","link":"https:\/\/uj.adatbank.ro\/lexikon\/termek\/vizaknai-miklos\/","title":{"rendered":"V\u00cdZAKNAI Mikl\u00f3s"},"content":{"rendered":"<p>? \u2020\u00a0?: erd\u00e9lyi alvajda, f\u00f6ldbirtokos. \u2013 Hunyadi J\u00e1nos korm\u00e1nyz\u00f3 megb\u00edzta, hogy Ving\u00e1rdi Ger\u00e9b J\u00e1nos g\u00f6rg\u00e9nyi v\u00e1rnagy \u00e9s a mv.-i 24 esk\u00fcdttel t\u00f6rv\u00e9nyt hozzanak a vagyon \u00f6r\u00f6k\u00f6s\u00f6d\u00e9s\u00e9r\u0151l, a f\u00f6ld v\u00e9rs\u00e9gi jogon \u00f6r\u00f6kl\u0151d\u00f6tt Marossz\u00e9ken (1451). Ez a sz\u00e9kelys\u00e9g legr\u00e9gibb fennmaradt t\u00f6rv\u00e9nye . Feles\u00e9ge v\u00e9grendelete alapj\u00e1n Magyar\u00f3zd a feh\u00e9rv\u00e1ri k\u00e1ptalan birtoka (1469\u2013). <br \/><strong>\u2013 Irod.:<\/strong> Egyed \u00c1. 2006; L\u00e9sty\u00e1n \u2013 templomok.<\/br><\/p>\n","protected":false},"excerpt":{"rendered":"<p>? \u2020\u00a0?: erd\u00e9lyi alvajda, f\u00f6ldbirtokos. \u2013 Hunyadi J\u00e1nos korm\u00e1nyz\u00f3 megb\u00edzta, hogy Ving\u00e1rdi Ger\u00e9b J\u00e1nos g\u00f6rg\u00e9nyi v\u00e1rnagy \u00e9s a mv.-i 24 esk\u00fcdttel t\u00f6rv\u00e9nyt hozzanak a vagyon \u00f6r\u00f6k\u00f6s\u00f6d\u00e9s\u00e9r\u0151l, a f\u00f6ld v\u00e9rs\u00e9gi jogon \u00f6r\u00f6kl\u0151d\u00f6tt Marossz\u00e9ken (1451). Ez a sz\u00e9kelys\u00e9g legr\u00e9gibb fennmaradt t\u00f6rv\u00e9nye . Feles\u00e9ge v\u00e9grendelete alapj\u00e1n Magyar\u00f3zd a feh\u00e9rv\u00e1ri k\u00e1ptalan birtoka (1469\u2013). \u2013 Irod.: Egyed \u00c1. 2006; L\u00e9sty\u00e1n [&hellip;]<\/p>\n","protected":false},"featured_media":0,"comment_status":"open","ping_status":"closed","template":"","meta":[],"product_brand":[],"product_cat":[137],"product_tag":[],"class_list":{"0":"post-24650","1":"product","2":"type-product","3":"status-publish","5":"product_cat-maros-megyei-eletrajzi-lexikon","7":"first","8":"instock","9":"shipping-taxable","10":"product-type-simple"},"_links":{"self":[{"href":"https:\/\/uj.adatbank.ro\/lexikon\/wp-json\/wp\/v2\/product\/24650","targetHints":{"allow":["GET"]}}],"collection":[{"href":"https:\/\/uj.adatbank.ro\/lexikon\/wp-json\/wp\/v2\/product"}],"about":[{"href":"https:\/\/uj.adatbank.ro\/lexikon\/wp-json\/wp\/v2\/types\/product"}],"replies":[{"embeddable":true,"href":"https:\/\/uj.adatbank.ro\/lexikon\/wp-json\/wp\/v2\/comments?post=24650"}],"wp:attachment":[{"href":"https:\/\/uj.adatbank.ro\/lexikon\/wp-json\/wp\/v2\/media?parent=24650"}],"wp:term":[{"taxonomy":"product_brand","embeddable":true,"href":"https:\/\/uj.adatbank.ro\/lexikon\/wp-json\/wp\/v2\/product_brand?post=24650"},{"taxonomy":"product_cat","embeddable":true,"href":"https:\/\/uj.adatbank.ro\/lexikon\/wp-json\/wp\/v2\/product_cat?post=24650"},{"taxonomy":"product_tag","embeddable":true,"href":"https:\/\/uj.adatbank.ro\/lexikon\/wp-json\/wp\/v2\/product_tag?post=24650"}],"curies":[{"name":"wp","href":"https:\/\/api.w.org\/{rel}","templated":true}]}}

VÍZAKNAI Miklós

<p>? † ?: erdélyi alvajda, földbirtokos. – Hunyadi János kormányzó megbízta, hogy Vingárdi Geréb János görgényi várnagy és a mv.-i 24 esküdttel törvényt hozzanak a vagyon örökösödéséről, a föld vérségi jogon öröklődött Marosszéken (1451). Ez a székelység legrégibb fennmaradt törvénye . Felesége végrendelete alapján Magyarózd a fehérvári káptalan birtoka (1469–). <br /><strong>– Irod.:</strong> Egyed Á. 2006; Léstyán – templomok.</br></p>

<p>? † ?: erdélyi alvajda, földbirtokos. – Hunyadi János kormányzó megbízta, hogy Vingárdi Geréb János görgényi várnagy és a mv.-i 24 esküdttel törvényt hozzanak a vagyon örökösödéséről, a föld vérségi jogon öröklődött Marosszéken (1451). Ez a székelység legrégibb fennmaradt törvénye . Felesége végrendelete alapján Magyarózd a fehérvári káptalan birtoka (1469–). – Irod.: Egyed Á. 2006; Léstyán [&hellip;]</p>
