{"id":24657,"date":"2025-08-01T18:15:36","date_gmt":"2025-08-01T16:15:36","guid":{"rendered":"https:\/\/uj.adatbank.ro\/lexikon\/termek\/vizi-lajos\/"},"modified":"2025-08-01T18:15:36","modified_gmt":"2025-08-01T16:15:36","slug":"vizi-lajos","status":"publish","type":"product","link":"https:\/\/uj.adatbank.ro\/lexikon\/termek\/vizi-lajos\/","title":{"rendered":"V\u00cdZI Lajos"},"content":{"rendered":"<p>1788. jan. 15., \u2020\u00a01850. \u00e1pr. 7.: r. k. pap. \u2013 Gyulafeh\u00e9rv\u00e1ron szentelt\u00e9k papp\u00e1 (1813. j\u00fal. 4.). Pl\u00e9b\u00e1nos Mez\u0151szengyelen (1816), Kaj\u00e1nt\u00f3n (1821). K\u00e1pl\u00e1n Szentegyh\u00e1zasfaluban (1829), Feny\u00e9den pl\u00e9b\u00e1nos (1835). <br \/><strong>\u2013 Irod.:<\/strong> Ferenczi S\u00e1ndor 2009.<\/br><\/p>\n","protected":false},"excerpt":{"rendered":"<p>1788. jan. 15., \u2020\u00a01850. \u00e1pr. 7.: r. k. pap. \u2013 Gyulafeh\u00e9rv\u00e1ron szentelt\u00e9k papp\u00e1 (1813. j\u00fal. 4.). Pl\u00e9b\u00e1nos Mez\u0151szengyelen (1816), Kaj\u00e1nt\u00f3n (1821). K\u00e1pl\u00e1n Szentegyh\u00e1zasfaluban (1829), Feny\u00e9den pl\u00e9b\u00e1nos (1835). \u2013 Irod.: Ferenczi S\u00e1ndor 2009.<\/p>\n","protected":false},"featured_media":0,"comment_status":"open","ping_status":"closed","template":"","meta":[],"product_brand":[],"product_cat":[137],"product_tag":[],"class_list":{"0":"post-24657","1":"product","2":"type-product","3":"status-publish","5":"product_cat-maros-megyei-eletrajzi-lexikon","7":"first","8":"instock","9":"shipping-taxable","10":"product-type-simple"},"_links":{"self":[{"href":"https:\/\/uj.adatbank.ro\/lexikon\/wp-json\/wp\/v2\/product\/24657","targetHints":{"allow":["GET"]}}],"collection":[{"href":"https:\/\/uj.adatbank.ro\/lexikon\/wp-json\/wp\/v2\/product"}],"about":[{"href":"https:\/\/uj.adatbank.ro\/lexikon\/wp-json\/wp\/v2\/types\/product"}],"replies":[{"embeddable":true,"href":"https:\/\/uj.adatbank.ro\/lexikon\/wp-json\/wp\/v2\/comments?post=24657"}],"wp:attachment":[{"href":"https:\/\/uj.adatbank.ro\/lexikon\/wp-json\/wp\/v2\/media?parent=24657"}],"wp:term":[{"taxonomy":"product_brand","embeddable":true,"href":"https:\/\/uj.adatbank.ro\/lexikon\/wp-json\/wp\/v2\/product_brand?post=24657"},{"taxonomy":"product_cat","embeddable":true,"href":"https:\/\/uj.adatbank.ro\/lexikon\/wp-json\/wp\/v2\/product_cat?post=24657"},{"taxonomy":"product_tag","embeddable":true,"href":"https:\/\/uj.adatbank.ro\/lexikon\/wp-json\/wp\/v2\/product_tag?post=24657"}],"curies":[{"name":"wp","href":"https:\/\/api.w.org\/{rel}","templated":true}]}}