{"id":24666,"date":"2025-08-01T18:15:53","date_gmt":"2025-08-01T16:15:53","guid":{"rendered":"https:\/\/uj.adatbank.ro\/lexikon\/termek\/vladar-adam\/"},"modified":"2025-08-01T18:15:53","modified_gmt":"2025-08-01T16:15:53","slug":"vladar-adam","status":"publish","type":"product","link":"https:\/\/uj.adatbank.ro\/lexikon\/termek\/vladar-adam\/","title":{"rendered":"VLAD\u00c1R \u00c1d\u00e1m"},"content":{"rendered":"<p>? \u2020\u00a0?: gy\u00f3gyszer\u00e9sz. \u2013 Mv.-en vezette a Maucksch f\u00e9le gy\u00f3gyszert\u00e1rat ideiglenesen (1778), majd t\u00f6bb \u00e9vig tart\u00f3 huzavona ut\u00e1n \u00faj patik\u00e1t nyitott (1777\u201382) \u00e9s a tan\u00e1cst\u00f3l a N\u00e9metv\u00e1rosban h\u00e1zhelyet kapott (1786), ezzel k\u00e9t patika m\u0171k\u00f6d\u00f6tt a v\u00e1rosban. <br \/><strong>\u2013 Irod.:<\/strong> Id\u0151t\u00e1r 1, P\u00e1l-Antal 2009; P\u00e1l Antal S\u00e1ndor: K\u00f6zeg\u00e9szs\u00e9g\u00fcgy \u00e9s szoci\u00e1lis gondoskod\u00e1s a 18\u201319. sz\u00e1zadi Mv.-en (N\u00fa., Sz\u00ednes Vil\u00e1g, 2010. j\u00fan. 12.).<\/br><\/p>\n","protected":false},"excerpt":{"rendered":"<p>? \u2020\u00a0?: gy\u00f3gyszer\u00e9sz. \u2013 Mv.-en vezette a Maucksch f\u00e9le gy\u00f3gyszert\u00e1rat ideiglenesen (1778), majd t\u00f6bb \u00e9vig tart\u00f3 huzavona ut\u00e1n \u00faj patik\u00e1t nyitott (1777\u201382) \u00e9s a tan\u00e1cst\u00f3l a N\u00e9metv\u00e1rosban h\u00e1zhelyet kapott (1786), ezzel k\u00e9t patika m\u0171k\u00f6d\u00f6tt a v\u00e1rosban. \u2013 Irod.: Id\u0151t\u00e1r 1, P\u00e1l-Antal 2009; P\u00e1l Antal S\u00e1ndor: K\u00f6zeg\u00e9szs\u00e9g\u00fcgy \u00e9s szoci\u00e1lis gondoskod\u00e1s a 18\u201319. sz\u00e1zadi Mv.-en (N\u00fa., Sz\u00ednes [&hellip;]<\/p>\n","protected":false},"featured_media":0,"comment_status":"open","ping_status":"closed","template":"","meta":[],"product_brand":[],"product_cat":[137],"product_tag":[],"class_list":{"0":"post-24666","1":"product","2":"type-product","3":"status-publish","5":"product_cat-maros-megyei-eletrajzi-lexikon","7":"first","8":"instock","9":"shipping-taxable","10":"product-type-simple"},"_links":{"self":[{"href":"https:\/\/uj.adatbank.ro\/lexikon\/wp-json\/wp\/v2\/product\/24666","targetHints":{"allow":["GET"]}}],"collection":[{"href":"https:\/\/uj.adatbank.ro\/lexikon\/wp-json\/wp\/v2\/product"}],"about":[{"href":"https:\/\/uj.adatbank.ro\/lexikon\/wp-json\/wp\/v2\/types\/product"}],"replies":[{"embeddable":true,"href":"https:\/\/uj.adatbank.ro\/lexikon\/wp-json\/wp\/v2\/comments?post=24666"}],"wp:attachment":[{"href":"https:\/\/uj.adatbank.ro\/lexikon\/wp-json\/wp\/v2\/media?parent=24666"}],"wp:term":[{"taxonomy":"product_brand","embeddable":true,"href":"https:\/\/uj.adatbank.ro\/lexikon\/wp-json\/wp\/v2\/product_brand?post=24666"},{"taxonomy":"product_cat","embeddable":true,"href":"https:\/\/uj.adatbank.ro\/lexikon\/wp-json\/wp\/v2\/product_cat?post=24666"},{"taxonomy":"product_tag","embeddable":true,"href":"https:\/\/uj.adatbank.ro\/lexikon\/wp-json\/wp\/v2\/product_tag?post=24666"}],"curies":[{"name":"wp","href":"https:\/\/api.w.org\/{rel}","templated":true}]}}

VLADÁR Ádám

<p>? † ?: gyógyszerész. – Mv.-en vezette a Maucksch féle gyógyszertárat ideiglenesen (1778), majd több évig tartó huzavona után új patikát nyitott (1777–82) és a tanácstól a Németvárosban házhelyet kapott (1786), ezzel két patika működött a városban. <br /><strong>– Irod.:</strong> Időtár 1, Pál-Antal 2009; Pál Antal Sándor: Közegészségügy és szociális gondoskodás a 18–19. századi Mv.-en (Nú., Színes Világ, 2010. jún. 12.).</br></p>

<p>? † ?: gyógyszerész. – Mv.-en vezette a Maucksch féle gyógyszertárat ideiglenesen (1778), majd több évig tartó huzavona után új patikát nyitott (1777–82) és a tanácstól a Németvárosban házhelyet kapott (1786), ezzel két patika működött a városban. – Irod.: Időtár 1, Pál-Antal 2009; Pál Antal Sándor: Közegészségügy és szociális gondoskodás a 18–19. századi Mv.-en (Nú., Színes [&hellip;]</p>
