{"id":24667,"date":"2025-08-01T18:15:55","date_gmt":"2025-08-01T16:15:55","guid":{"rendered":"https:\/\/uj.adatbank.ro\/lexikon\/termek\/vladescu-mircea\/"},"modified":"2025-08-01T18:15:55","modified_gmt":"2025-08-01T16:15:55","slug":"vladescu-mircea","status":"publish","type":"product","link":"https:\/\/uj.adatbank.ro\/lexikon\/termek\/vladescu-mircea\/","title":{"rendered":"VL\u0102DESCU, Mircea"},"content":{"rendered":"<p>T\u00e2rgovi\u015fte, 1899. febr. 25., \u2020\u00a0?: tisztvisel\u0151. \u2013 Mv.-en k\u00f6nyvel\u0151 volt a K\u00f6z\u00e9lelmez\u00e9si Tr\u00f6sztn\u00e9l. A Faliboga-f\u00e9le szervezked\u00e9s II. cs.-nak tagja. Letart\u00f3ztatt\u00e1k (1956. nov. 2.). <br \/><strong>\u2013 Irod.:<\/strong> \u00c1ldozatok.<\/br><\/p>\n","protected":false},"excerpt":{"rendered":"<p>T\u00e2rgovi\u015fte, 1899. febr. 25., \u2020\u00a0?: tisztvisel\u0151. \u2013 Mv.-en k\u00f6nyvel\u0151 volt a K\u00f6z\u00e9lelmez\u00e9si Tr\u00f6sztn\u00e9l. A Faliboga-f\u00e9le szervezked\u00e9s II. cs.-nak tagja. Letart\u00f3ztatt\u00e1k (1956. nov. 2.). \u2013 Irod.: \u00c1ldozatok.<\/p>\n","protected":false},"featured_media":0,"comment_status":"open","ping_status":"closed","template":"","meta":[],"product_brand":[],"product_cat":[137],"product_tag":[],"class_list":{"0":"post-24667","1":"product","2":"type-product","3":"status-publish","5":"product_cat-maros-megyei-eletrajzi-lexikon","7":"first","8":"instock","9":"shipping-taxable","10":"product-type-simple"},"_links":{"self":[{"href":"https:\/\/uj.adatbank.ro\/lexikon\/wp-json\/wp\/v2\/product\/24667","targetHints":{"allow":["GET"]}}],"collection":[{"href":"https:\/\/uj.adatbank.ro\/lexikon\/wp-json\/wp\/v2\/product"}],"about":[{"href":"https:\/\/uj.adatbank.ro\/lexikon\/wp-json\/wp\/v2\/types\/product"}],"replies":[{"embeddable":true,"href":"https:\/\/uj.adatbank.ro\/lexikon\/wp-json\/wp\/v2\/comments?post=24667"}],"wp:attachment":[{"href":"https:\/\/uj.adatbank.ro\/lexikon\/wp-json\/wp\/v2\/media?parent=24667"}],"wp:term":[{"taxonomy":"product_brand","embeddable":true,"href":"https:\/\/uj.adatbank.ro\/lexikon\/wp-json\/wp\/v2\/product_brand?post=24667"},{"taxonomy":"product_cat","embeddable":true,"href":"https:\/\/uj.adatbank.ro\/lexikon\/wp-json\/wp\/v2\/product_cat?post=24667"},{"taxonomy":"product_tag","embeddable":true,"href":"https:\/\/uj.adatbank.ro\/lexikon\/wp-json\/wp\/v2\/product_tag?post=24667"}],"curies":[{"name":"wp","href":"https:\/\/api.w.org\/{rel}","templated":true}]}}