{"id":24669,"date":"2025-08-01T18:16:01","date_gmt":"2025-08-01T16:16:01","guid":{"rendered":"https:\/\/uj.adatbank.ro\/lexikon\/termek\/vladut-iosif-vladucz-jozsef\/"},"modified":"2025-08-01T18:16:01","modified_gmt":"2025-08-01T16:16:01","slug":"vladut-iosif-vladucz-jozsef","status":"publish","type":"product","link":"https:\/\/uj.adatbank.ro\/lexikon\/termek\/vladut-iosif-vladucz-jozsef\/","title":{"rendered":"VL\u0102DU\u0162, Iosif, Vladucz J\u00f3zsef"},"content":{"rendered":"<p>? \u2020 ?: tan\u00e1r. \u2013 A mv.-i Ref. Koll. poetica classis\u00e1nak tan\u00edt\u00f3ja volt, n\u00e9metet tan\u00edtott. Bekapcsol\u00f3dott a mv.-i forradalmi esem\u00e9nyekbe (1848. m\u00e1rc. 21.), harcok egyik vez\u00e9re, Avram Iancu bar\u00e1tja. Urh\u00e1zy Gy\u00f6rgy r\u00e9v\u00e9n ismerte meg a pesti ifj\u00fas\u00e1g 12 pontos k\u00f6vetel\u00e9s\u00e9t \u00e9s a h\u00edrt eljuttatta a Mv.-en tanul\u00f3 jog\u00e1szoknak. <br \/><strong>\u2013 Irod.:<\/strong> Id\u0151t\u00e1r 2; T\u00f3falvi Zolt\u00e1n: 1848 m\u00e1rciusa a Sz\u00e9kelyf\u00f6ld\u00f6n, Mv.-en (N\u00fa., 1998. m\u00e1rc. 12\u201313.); \u015eincan 2006.<\/br><\/p>\n","protected":false},"excerpt":{"rendered":"<p>? \u2020 ?: tan\u00e1r. \u2013 A mv.-i Ref. Koll. poetica classis\u00e1nak tan\u00edt\u00f3ja volt, n\u00e9metet tan\u00edtott. Bekapcsol\u00f3dott a mv.-i forradalmi esem\u00e9nyekbe (1848. m\u00e1rc. 21.), harcok egyik vez\u00e9re, Avram Iancu bar\u00e1tja. Urh\u00e1zy Gy\u00f6rgy r\u00e9v\u00e9n ismerte meg a pesti ifj\u00fas\u00e1g 12 pontos k\u00f6vetel\u00e9s\u00e9t \u00e9s a h\u00edrt eljuttatta a Mv.-en tanul\u00f3 jog\u00e1szoknak. \u2013 Irod.: Id\u0151t\u00e1r 2; T\u00f3falvi Zolt\u00e1n: 1848 [&hellip;]<\/p>\n","protected":false},"featured_media":0,"comment_status":"open","ping_status":"closed","template":"","meta":[],"product_brand":[],"product_cat":[137],"product_tag":[],"class_list":{"0":"post-24669","1":"product","2":"type-product","3":"status-publish","5":"product_cat-maros-megyei-eletrajzi-lexikon","7":"first","8":"instock","9":"shipping-taxable","10":"product-type-simple"},"_links":{"self":[{"href":"https:\/\/uj.adatbank.ro\/lexikon\/wp-json\/wp\/v2\/product\/24669","targetHints":{"allow":["GET"]}}],"collection":[{"href":"https:\/\/uj.adatbank.ro\/lexikon\/wp-json\/wp\/v2\/product"}],"about":[{"href":"https:\/\/uj.adatbank.ro\/lexikon\/wp-json\/wp\/v2\/types\/product"}],"replies":[{"embeddable":true,"href":"https:\/\/uj.adatbank.ro\/lexikon\/wp-json\/wp\/v2\/comments?post=24669"}],"wp:attachment":[{"href":"https:\/\/uj.adatbank.ro\/lexikon\/wp-json\/wp\/v2\/media?parent=24669"}],"wp:term":[{"taxonomy":"product_brand","embeddable":true,"href":"https:\/\/uj.adatbank.ro\/lexikon\/wp-json\/wp\/v2\/product_brand?post=24669"},{"taxonomy":"product_cat","embeddable":true,"href":"https:\/\/uj.adatbank.ro\/lexikon\/wp-json\/wp\/v2\/product_cat?post=24669"},{"taxonomy":"product_tag","embeddable":true,"href":"https:\/\/uj.adatbank.ro\/lexikon\/wp-json\/wp\/v2\/product_tag?post=24669"}],"curies":[{"name":"wp","href":"https:\/\/api.w.org\/{rel}","templated":true}]}}