{"id":24670,"date":"2025-08-01T18:16:04","date_gmt":"2025-08-01T16:16:04","guid":{"rendered":"https:\/\/uj.adatbank.ro\/lexikon\/termek\/vladutiu-ion-ioan\/"},"modified":"2025-08-01T18:16:04","modified_gmt":"2025-08-01T16:16:04","slug":"vladutiu-ion-ioan","status":"publish","type":"product","link":"https:\/\/uj.adatbank.ro\/lexikon\/termek\/vladutiu-ion-ioan\/","title":{"rendered":"VL\u0102DU\u0162IU, Ion\u00a0Ioan"},"content":{"rendered":"<p>Marosbog\u00e1t, 1929. jan. 30, \u2020 Berlin, 1991. okt. 11., Marosludason temett\u00e9k: folkl\u00f3rkutat\u00f3, etnogr\u00e1fus. \u2013 Elemi iskol\u00e1t Ludason, l\u00edc.-ot Mv.-en, a Lomonoszov Egyetemet Moszkv\u00e1ban v\u00e9gezte (1954), doktor\u00e1tust Buk.-ben szerzett (1957). \u00c9let\u00e9t a rom\u00e1n \u00e9s nemzetk\u00f6zi n\u00e9prajzi \u00e9s n\u00e9pm\u0171v\u00e9szeti kutat\u00e1soknak szentelte. Buk.-ben a Folkl\u00f3r Int\u00e9zetben dolgozott. T\u00f6bb hazai \u00e9s k\u00fclf\u00f6ldi tudom\u00e1nyos int\u00e9zm\u00e9ny, egyes\u00fclet, valamint Rom\u00e1nia Archeol\u00f3giai Int\u00e9zete Tudom\u00e1nyos Tan\u00e1cs\u00e1nak tagja, tudom\u00e1nyos kutat\u00f3 \u00e9s egyetemi tan\u00e1r, sz\u00e1mos sajt\u00f3term\u00e9k, a Rom\u00e1n R\u00e1di\u00f3 \u00e9s Telev\u00edzi\u00f3 munkat\u00e1rsa volt. Gottfried von Herder d\u00edjjal t\u00fcntett\u00e9k ki (1997). Hal\u00e1la el\u0151tt n\u00e9h\u00e1ny nappal kinevezt\u00e9k Rom. Magyaro.-i nagyk\u00f6vet\u00e9nek. A ludasi 2-es sz. \u00c1ltal\u00e1nos Iskola felvette a nev\u00e9t (2002), \u00e9s utc\u00e1t is neveztek el r\u00f3la. \u2013  <strong>F. m..:<\/strong> Polinezienii (Buc., 1967); Ingeniozitatea omului: M\u0103rturii din via\u0163a \u015fi cultura popoarelor (Bu., 1968); Etnografia rom\u00e2neasc\u0103: Istoric. Cultura matrial\u0103. Obiceiuri. (Buc., 1973); Turism cu manualul de etnografie (Buc., 1976); Creatori populari contemporani din Rom\u00e2nia (Buc., 1981). <br \/><strong>\u2013 Irod.:<\/strong> Datcu; MMK; Todea 2013.<\/br><\/p>\n","protected":false},"excerpt":{"rendered":"<p>Marosbog\u00e1t, 1929. jan. 30, \u2020 Berlin, 1991. okt. 11., Marosludason temett\u00e9k: folkl\u00f3rkutat\u00f3, etnogr\u00e1fus. \u2013 Elemi iskol\u00e1t Ludason, l\u00edc.-ot Mv.-en, a Lomonoszov Egyetemet Moszkv\u00e1ban v\u00e9gezte (1954), doktor\u00e1tust Buk.-ben szerzett (1957). \u00c9let\u00e9t a rom\u00e1n \u00e9s nemzetk\u00f6zi n\u00e9prajzi \u00e9s n\u00e9pm\u0171v\u00e9szeti kutat\u00e1soknak szentelte. Buk.-ben a Folkl\u00f3r Int\u00e9zetben dolgozott. T\u00f6bb hazai \u00e9s k\u00fclf\u00f6ldi tudom\u00e1nyos int\u00e9zm\u00e9ny, egyes\u00fclet, valamint Rom\u00e1nia Archeol\u00f3giai Int\u00e9zete [&hellip;]<\/p>\n","protected":false},"featured_media":0,"comment_status":"open","ping_status":"closed","template":"","meta":[],"product_brand":[],"product_cat":[137],"product_tag":[],"class_list":{"0":"post-24670","1":"product","2":"type-product","3":"status-publish","5":"product_cat-maros-megyei-eletrajzi-lexikon","7":"first","8":"instock","9":"shipping-taxable","10":"product-type-simple"},"_links":{"self":[{"href":"https:\/\/uj.adatbank.ro\/lexikon\/wp-json\/wp\/v2\/product\/24670","targetHints":{"allow":["GET"]}}],"collection":[{"href":"https:\/\/uj.adatbank.ro\/lexikon\/wp-json\/wp\/v2\/product"}],"about":[{"href":"https:\/\/uj.adatbank.ro\/lexikon\/wp-json\/wp\/v2\/types\/product"}],"replies":[{"embeddable":true,"href":"https:\/\/uj.adatbank.ro\/lexikon\/wp-json\/wp\/v2\/comments?post=24670"}],"wp:attachment":[{"href":"https:\/\/uj.adatbank.ro\/lexikon\/wp-json\/wp\/v2\/media?parent=24670"}],"wp:term":[{"taxonomy":"product_brand","embeddable":true,"href":"https:\/\/uj.adatbank.ro\/lexikon\/wp-json\/wp\/v2\/product_brand?post=24670"},{"taxonomy":"product_cat","embeddable":true,"href":"https:\/\/uj.adatbank.ro\/lexikon\/wp-json\/wp\/v2\/product_cat?post=24670"},{"taxonomy":"product_tag","embeddable":true,"href":"https:\/\/uj.adatbank.ro\/lexikon\/wp-json\/wp\/v2\/product_tag?post=24670"}],"curies":[{"name":"wp","href":"https:\/\/api.w.org\/{rel}","templated":true}]}}

VLĂDUŢIU, Ion Ioan

<p>Marosbogát, 1929. jan. 30, † Berlin, 1991. okt. 11., Marosludason temették: folklórkutató, etnográfus. – Elemi iskolát Ludason, líc.-ot Mv.-en, a Lomonoszov Egyetemet Moszkvában végezte (1954), doktorátust Buk.-ben szerzett (1957). Életét a román és nemzetközi néprajzi és népművészeti kutatásoknak szentelte. Buk.-ben a Folklór Intézetben dolgozott. Több hazai és külföldi tudományos intézmény, egyesület, valamint Románia Archeológiai Intézete Tudományos Tanácsának tagja, tudományos kutató és egyetemi tanár, számos sajtótermék, a Román Rádió és Televízió munkatársa volt. Gottfried von Herder díjjal tüntették ki (1997). Halála előtt néhány nappal kinevezték Rom. Magyaro.-i nagykövetének. A ludasi 2-es sz. Általános Iskola felvette a nevét (2002), és utcát is neveztek el róla. –  <strong>F. m..:</strong> Polinezienii (Buc., 1967); Ingeniozitatea omului: Mărturii din viaţa şi cultura popoarelor (Bu., 1968); Etnografia românească: Istoric. Cultura matrială. Obiceiuri. (Buc., 1973); Turism cu manualul de etnografie (Buc., 1976); Creatori populari contemporani din România (Buc., 1981). <br /><strong>– Irod.:</strong> Datcu; MMK; Todea 2013.</br></p>

<p>Marosbogát, 1929. jan. 30, † Berlin, 1991. okt. 11., Marosludason temették: folklórkutató, etnográfus. – Elemi iskolát Ludason, líc.-ot Mv.-en, a Lomonoszov Egyetemet Moszkvában végezte (1954), doktorátust Buk.-ben szerzett (1957). Életét a román és nemzetközi néprajzi és népművészeti kutatásoknak szentelte. Buk.-ben a Folklór Intézetben dolgozott. Több hazai és külföldi tudományos intézmény, egyesület, valamint Románia Archeológiai Intézete [&hellip;]</p>
