{"id":24672,"date":"2025-08-01T18:16:10","date_gmt":"2025-08-01T16:16:10","guid":{"rendered":"https:\/\/uj.adatbank.ro\/lexikon\/termek\/vlaicu-aurel\/"},"modified":"2025-08-01T18:16:10","modified_gmt":"2025-08-01T16:16:10","slug":"vlaicu-aurel","status":"publish","type":"product","link":"https:\/\/uj.adatbank.ro\/lexikon\/termek\/vlaicu-aurel\/","title":{"rendered":"VLAICU, Aurel"},"content":{"rendered":"<p>Bencenc, ma Aurel Vlaicu, 1882. nov. 6\/19 \u2020\u00a0B\u0103ne\u015fti, 1913. aug. 31\/szept. 13: m\u00e9rn\u00f6k, pil\u00f3ta a rep\u00fcl\u0151g\u00e9p feltal\u00e1l\u00e1s\u00e1nak rom\u00e1niai \u00fatt\u00f6r\u0151je. \u2013 R\u00e9szt vett a Mv.-en rendezett (1912. aug. 13. vagy 1912. szept. 1.) rep\u00fcl\u0151napon. A Maros partj\u00e1n l\u00e9v\u0151 M\u00e9sz\u00e1ros-r\u00e9ten r\u00f6gt\u00f6nz\u00f6tt rep\u00fcl\u0151t\u00e9rre \u00e9rkezett. A mv.-i hat\u00f3s\u00e1g a rendelkez\u00e9sre \u00e1ll\u00f3 teljes rend\u0151r-, t\u0171zolt\u00f3- \u00e9s ment\u0151szem\u00e9lyzetet, 40 csend\u0151rt mozg\u00f3s\u00edtott. R\u00f6plapot nyomtattak. Az esem\u00e9nyr\u0151l besz\u00e1molt az Ellen\u0151r (1912. szept. 1.), Sz\u00e9kely Ellenz\u00e9k \u00e9s Sz\u00e9kely Napl\u00f3 (1912. szept. 3.), a Gazeta Transilvaniei (1912. aug. 24\/szept. 6.), T\u00fck\u00f6r (1913. szept. 20.). A vidr\u00e1tszegi rep\u00fcl\u0151t\u00e9r f\u0151\u00e9p\u00fclete el\u0151tt \u00e1ll a szobra, Ion Vlasiu szobr\u00e1szm\u0171v\u00e9sz alkot\u00e1sa. <br \/><strong>\u2013 Irod.:<\/strong> Csepreghy 2010; Rep\u00fcl\u0151nap Mv.-en: V. A. az els\u0151 erd\u00e9lyi aviatikus (Marosv\u00e1s\u00e1rhely, 1912. aug. 15.); Fuchs Simon: Vlaicu Marosv\u00e1s\u00e1rhelyen (Utunk 1964. jan. 24., 4. sz.); Keresztes Gyula: Rep\u00fcl\u0151g\u00e9p els\u0151 \u00edzben V\u00e1s\u00e1rhelyen (N\u00fa., 1997. febr. 8.); Maros megye; Studii \u015fi articole de Istorie (1966, 8. sz.).<\/br><\/p>\n","protected":false},"excerpt":{"rendered":"<p>Bencenc, ma Aurel Vlaicu, 1882. nov. 6\/19 \u2020\u00a0B\u0103ne\u015fti, 1913. aug. 31\/szept. 13: m\u00e9rn\u00f6k, pil\u00f3ta a rep\u00fcl\u0151g\u00e9p feltal\u00e1l\u00e1s\u00e1nak rom\u00e1niai \u00fatt\u00f6r\u0151je. \u2013 R\u00e9szt vett a Mv.-en rendezett (1912. aug. 13. vagy 1912. szept. 1.) rep\u00fcl\u0151napon. A Maros partj\u00e1n l\u00e9v\u0151 M\u00e9sz\u00e1ros-r\u00e9ten r\u00f6gt\u00f6nz\u00f6tt rep\u00fcl\u0151t\u00e9rre \u00e9rkezett. A mv.-i hat\u00f3s\u00e1g a rendelkez\u00e9sre \u00e1ll\u00f3 teljes rend\u0151r-, t\u0171zolt\u00f3- \u00e9s ment\u0151szem\u00e9lyzetet, 40 csend\u0151rt mozg\u00f3s\u00edtott. [&hellip;]<\/p>\n","protected":false},"featured_media":0,"comment_status":"open","ping_status":"closed","template":"","meta":[],"product_brand":[],"product_cat":[137],"product_tag":[],"class_list":{"0":"post-24672","1":"product","2":"type-product","3":"status-publish","5":"product_cat-maros-megyei-eletrajzi-lexikon","7":"first","8":"instock","9":"shipping-taxable","10":"product-type-simple"},"_links":{"self":[{"href":"https:\/\/uj.adatbank.ro\/lexikon\/wp-json\/wp\/v2\/product\/24672","targetHints":{"allow":["GET"]}}],"collection":[{"href":"https:\/\/uj.adatbank.ro\/lexikon\/wp-json\/wp\/v2\/product"}],"about":[{"href":"https:\/\/uj.adatbank.ro\/lexikon\/wp-json\/wp\/v2\/types\/product"}],"replies":[{"embeddable":true,"href":"https:\/\/uj.adatbank.ro\/lexikon\/wp-json\/wp\/v2\/comments?post=24672"}],"wp:attachment":[{"href":"https:\/\/uj.adatbank.ro\/lexikon\/wp-json\/wp\/v2\/media?parent=24672"}],"wp:term":[{"taxonomy":"product_brand","embeddable":true,"href":"https:\/\/uj.adatbank.ro\/lexikon\/wp-json\/wp\/v2\/product_brand?post=24672"},{"taxonomy":"product_cat","embeddable":true,"href":"https:\/\/uj.adatbank.ro\/lexikon\/wp-json\/wp\/v2\/product_cat?post=24672"},{"taxonomy":"product_tag","embeddable":true,"href":"https:\/\/uj.adatbank.ro\/lexikon\/wp-json\/wp\/v2\/product_tag?post=24672"}],"curies":[{"name":"wp","href":"https:\/\/api.w.org\/{rel}","templated":true}]}}

<p>Bencenc, ma Aurel Vlaicu, 1882. nov. 6/19 † Băneşti, 1913. aug. 31/szept. 13: mérnök, pilóta a repülőgép feltalálásának romániai úttörője. – Részt vett a Mv.-en rendezett (1912. aug. 13. vagy 1912. szept. 1.) repülőnapon. A Maros partján lévő Mészáros-réten rögtönzött repülőtérre érkezett. A mv.-i hatóság a rendelkezésre álló teljes rendőr-, tűzoltó- és mentőszemélyzetet, 40 csendőrt mozgósított. Röplapot nyomtattak. Az eseményről beszámolt az Ellenőr (1912. szept. 1.), Székely Ellenzék és Székely Napló (1912. szept. 3.), a Gazeta Transilvaniei (1912. aug. 24/szept. 6.), Tükör (1913. szept. 20.). A vidrátszegi repülőtér főépülete előtt áll a szobra, Ion Vlasiu szobrászművész alkotása. <br /><strong>– Irod.:</strong> Csepreghy 2010; Repülőnap Mv.-en: V. A. az első erdélyi aviatikus (Marosvásárhely, 1912. aug. 15.); Fuchs Simon: Vlaicu Marosvásárhelyen (Utunk 1964. jan. 24., 4. sz.); Keresztes Gyula: Repülőgép első ízben Vásárhelyen (Nú., 1997. febr. 8.); Maros megye; Studii şi articole de Istorie (1966, 8. sz.).</br></p>

<p>Bencenc, ma Aurel Vlaicu, 1882. nov. 6/19 † Băneşti, 1913. aug. 31/szept. 13: mérnök, pilóta a repülőgép feltalálásának romániai úttörője. – Részt vett a Mv.-en rendezett (1912. aug. 13. vagy 1912. szept. 1.) repülőnapon. A Maros partján lévő Mészáros-réten rögtönzött repülőtérre érkezett. A mv.-i hatóság a rendelkezésre álló teljes rendőr-, tűzoltó- és mentőszemélyzetet, 40 csendőrt mozgósított. [&hellip;]</p>
