{"id":24676,"date":"2025-08-01T18:16:20","date_gmt":"2025-08-01T16:16:20","guid":{"rendered":"https:\/\/uj.adatbank.ro\/lexikon\/termek\/vlasa-ion\/"},"modified":"2025-08-01T18:16:20","modified_gmt":"2025-08-01T16:16:20","slug":"vlasa-ion","status":"publish","type":"product","link":"https:\/\/uj.adatbank.ro\/lexikon\/termek\/vlasa-ion\/","title":{"rendered":"VLASA, Ion"},"content":{"rendered":"<p>? \u2020\u00a0?: f\u00f6ldm\u0171ves. \u2013 L\u00f6v\u00e9rben az Ek\u00e9s Front (Frontul Plugarilor) j\u00e1r\u00e1si \u00e9s megyei vezet\u0151je, aki t\u00f6bb falus t\u00e1rs\u00e1val egy\u00fctt v\u00e9grehajtotta L\u00f6v\u00e9rben a f\u00f6ldoszt\u00e1st, vezette \u00e9s szervezte a demokratikus rendszer bevezet\u00e9s\u00e9t (1945\u201347). A falubeli sz\u00e1szok N\u00e9meto.-ba val\u00f3 t\u00e1voz\u00e1sa ut\u00e1n rom\u00e1n lakosokat telep\u00edtettek a k\u00f6zs\u00e9gbe m\u00e1s vid\u00e9kekr\u0151l, \u00e9s f\u00f6ldet adtak nekik. <br \/><strong>\u2013 Irod.:<\/strong> Lueriu.<\/br><\/p>\n","protected":false},"excerpt":{"rendered":"<p>? \u2020\u00a0?: f\u00f6ldm\u0171ves. \u2013 L\u00f6v\u00e9rben az Ek\u00e9s Front (Frontul Plugarilor) j\u00e1r\u00e1si \u00e9s megyei vezet\u0151je, aki t\u00f6bb falus t\u00e1rs\u00e1val egy\u00fctt v\u00e9grehajtotta L\u00f6v\u00e9rben a f\u00f6ldoszt\u00e1st, vezette \u00e9s szervezte a demokratikus rendszer bevezet\u00e9s\u00e9t (1945\u201347). A falubeli sz\u00e1szok N\u00e9meto.-ba val\u00f3 t\u00e1voz\u00e1sa ut\u00e1n rom\u00e1n lakosokat telep\u00edtettek a k\u00f6zs\u00e9gbe m\u00e1s vid\u00e9kekr\u0151l, \u00e9s f\u00f6ldet adtak nekik. \u2013 Irod.: Lueriu.<\/p>\n","protected":false},"featured_media":0,"comment_status":"open","ping_status":"closed","template":"","meta":[],"product_brand":[],"product_cat":[137],"product_tag":[],"class_list":{"0":"post-24676","1":"product","2":"type-product","3":"status-publish","5":"product_cat-maros-megyei-eletrajzi-lexikon","7":"first","8":"instock","9":"shipping-taxable","10":"product-type-simple"},"_links":{"self":[{"href":"https:\/\/uj.adatbank.ro\/lexikon\/wp-json\/wp\/v2\/product\/24676","targetHints":{"allow":["GET"]}}],"collection":[{"href":"https:\/\/uj.adatbank.ro\/lexikon\/wp-json\/wp\/v2\/product"}],"about":[{"href":"https:\/\/uj.adatbank.ro\/lexikon\/wp-json\/wp\/v2\/types\/product"}],"replies":[{"embeddable":true,"href":"https:\/\/uj.adatbank.ro\/lexikon\/wp-json\/wp\/v2\/comments?post=24676"}],"wp:attachment":[{"href":"https:\/\/uj.adatbank.ro\/lexikon\/wp-json\/wp\/v2\/media?parent=24676"}],"wp:term":[{"taxonomy":"product_brand","embeddable":true,"href":"https:\/\/uj.adatbank.ro\/lexikon\/wp-json\/wp\/v2\/product_brand?post=24676"},{"taxonomy":"product_cat","embeddable":true,"href":"https:\/\/uj.adatbank.ro\/lexikon\/wp-json\/wp\/v2\/product_cat?post=24676"},{"taxonomy":"product_tag","embeddable":true,"href":"https:\/\/uj.adatbank.ro\/lexikon\/wp-json\/wp\/v2\/product_tag?post=24676"}],"curies":[{"name":"wp","href":"https:\/\/api.w.org\/{rel}","templated":true}]}}

<p>? † ?: földműves. – Lövérben az Ekés Front (Frontul Plugarilor) járási és megyei vezetője, aki több falus társával együtt végrehajtotta Lövérben a földosztást, vezette és szervezte a demokratikus rendszer bevezetését (1945–47). A falubeli szászok Németo.-ba való távozása után román lakosokat telepítettek a községbe más vidékekről, és földet adtak nekik. <br /><strong>– Irod.:</strong> Lueriu.</br></p>

<p>? † ?: földműves. – Lövérben az Ekés Front (Frontul Plugarilor) járási és megyei vezetője, aki több falus társával együtt végrehajtotta Lövérben a földosztást, vezette és szervezte a demokratikus rendszer bevezetését (1945–47). A falubeli szászok Németo.-ba való távozása után román lakosokat telepítettek a községbe más vidékekről, és földet adtak nekik. – Irod.: Lueriu.</p>
