{"id":24680,"date":"2025-08-01T18:16:33","date_gmt":"2025-08-01T16:16:33","guid":{"rendered":"https:\/\/uj.adatbank.ro\/lexikon\/termek\/vlasiu-emil-%c2%a7\/"},"modified":"2025-08-01T18:16:33","modified_gmt":"2025-08-01T16:16:33","slug":"vlasiu-emil-%c2%a7","status":"publish","type":"product","link":"https:\/\/uj.adatbank.ro\/lexikon\/termek\/vlasiu-emil-%c2%a7\/","title":{"rendered":"VLASIU, Emil, \u00a7"},"content":{"rendered":"<p>Detrehem, 1889. jan. 1., \u2020 ?: tan\u00e1r. \u2013 Elemi iskol\u00e1t a sz\u00fcl\u0151faluban, g.-kat. tan\u00edt\u00f3k\u00e9pz\u0151t Bal\u00e1zsfalv\u00e1n v\u00e9gzett (1911), Kv.-on \u00e9retts\u00e9gizett (1914), uo. v\u00e9gezte el a taner\u0151k r\u00e9sz\u00e9re szervezett tanfolyamot, ahol elemi iskol\u00e1k sz\u00e1m\u00e1ra k\u00e9peztek rajztan\u00e1rokat (1921. m\u00e1j. 28.). Als\u00f3vidr\u00e1n tan\u00edtott (1913\u201319), majd Mv-re a Papiu Ilarian L\u00edc.-ba helyezt\u00e9k. <br \/><strong>\u2013 Irod.:<\/strong> Dasc\u0103li mure\u015feni, 5.; M\u0103rtina\u015f.<\/br><\/p>\n","protected":false},"excerpt":{"rendered":"<p>Detrehem, 1889. jan. 1., \u2020 ?: tan\u00e1r. \u2013 Elemi iskol\u00e1t a sz\u00fcl\u0151faluban, g.-kat. tan\u00edt\u00f3k\u00e9pz\u0151t Bal\u00e1zsfalv\u00e1n v\u00e9gzett (1911), Kv.-on \u00e9retts\u00e9gizett (1914), uo. v\u00e9gezte el a taner\u0151k r\u00e9sz\u00e9re szervezett tanfolyamot, ahol elemi iskol\u00e1k sz\u00e1m\u00e1ra k\u00e9peztek rajztan\u00e1rokat (1921. m\u00e1j. 28.). Als\u00f3vidr\u00e1n tan\u00edtott (1913\u201319), majd Mv-re a Papiu Ilarian L\u00edc.-ba helyezt\u00e9k. \u2013 Irod.: Dasc\u0103li mure\u015feni, 5.; M\u0103rtina\u015f.<\/p>\n","protected":false},"featured_media":0,"comment_status":"open","ping_status":"closed","template":"","meta":[],"product_brand":[],"product_cat":[137],"product_tag":[],"class_list":{"0":"post-24680","1":"product","2":"type-product","3":"status-publish","5":"product_cat-maros-megyei-eletrajzi-lexikon","7":"first","8":"instock","9":"shipping-taxable","10":"product-type-simple"},"_links":{"self":[{"href":"https:\/\/uj.adatbank.ro\/lexikon\/wp-json\/wp\/v2\/product\/24680","targetHints":{"allow":["GET"]}}],"collection":[{"href":"https:\/\/uj.adatbank.ro\/lexikon\/wp-json\/wp\/v2\/product"}],"about":[{"href":"https:\/\/uj.adatbank.ro\/lexikon\/wp-json\/wp\/v2\/types\/product"}],"replies":[{"embeddable":true,"href":"https:\/\/uj.adatbank.ro\/lexikon\/wp-json\/wp\/v2\/comments?post=24680"}],"wp:attachment":[{"href":"https:\/\/uj.adatbank.ro\/lexikon\/wp-json\/wp\/v2\/media?parent=24680"}],"wp:term":[{"taxonomy":"product_brand","embeddable":true,"href":"https:\/\/uj.adatbank.ro\/lexikon\/wp-json\/wp\/v2\/product_brand?post=24680"},{"taxonomy":"product_cat","embeddable":true,"href":"https:\/\/uj.adatbank.ro\/lexikon\/wp-json\/wp\/v2\/product_cat?post=24680"},{"taxonomy":"product_tag","embeddable":true,"href":"https:\/\/uj.adatbank.ro\/lexikon\/wp-json\/wp\/v2\/product_tag?post=24680"}],"curies":[{"name":"wp","href":"https:\/\/api.w.org\/{rel}","templated":true}]}}

<p>Detrehem, 1889. jan. 1., † ?: tanár. – Elemi iskolát a szülőfaluban, g.-kat. tanítóképzőt Balázsfalván végzett (1911), Kv.-on érettségizett (1914), uo. végezte el a tanerők részére szervezett tanfolyamot, ahol elemi iskolák számára képeztek rajztanárokat (1921. máj. 28.). Alsóvidrán tanított (1913–19), majd Mv-re a Papiu Ilarian Líc.-ba helyezték. <br /><strong>– Irod.:</strong> Dascăli mureşeni, 5.; Mărtinaş.</br></p>

<p>Detrehem, 1889. jan. 1., † ?: tanár. – Elemi iskolát a szülőfaluban, g.-kat. tanítóképzőt Balázsfalván végzett (1911), Kv.-on érettségizett (1914), uo. végezte el a tanerők részére szervezett tanfolyamot, ahol elemi iskolák számára képeztek rajztanárokat (1921. máj. 28.). Alsóvidrán tanított (1913–19), majd Mv-re a Papiu Ilarian Líc.-ba helyezték. – Irod.: Dascăli mureşeni, 5.; Mărtinaş.</p>
