{"id":24686,"date":"2025-08-01T18:16:50","date_gmt":"2025-08-01T16:16:50","guid":{"rendered":"https:\/\/uj.adatbank.ro\/lexikon\/termek\/voda-ilie\/"},"modified":"2025-08-01T18:16:50","modified_gmt":"2025-08-01T16:16:50","slug":"voda-ilie","status":"publish","type":"product","link":"https:\/\/uj.adatbank.ro\/lexikon\/termek\/voda-ilie\/","title":{"rendered":"VOD\u0102, Ilie"},"content":{"rendered":"<p>Mez\u0151szentmargita, 1911. okt. 11., \u2020 Dics\u0151szentm\u00e1ron, 2008. nov. 8.: tan\u00e1r, szobr\u00e1sz. \u2013 M\u0171v\u00e9szetek \u00e9s mesters\u00e9gek szakiskol\u00e1t (\u015ec. de arte \u015fi meserii) v\u00e9gzett C\u00e2mpulung Moldovenesc-en, \u00e9s tan\u00edt\u00f3k\u00e9pz\u0151t R\u00e2mnicu V\u00e2lce\u00e1n. Tan\u00edt\u00f3 volt a dics\u0151szentm\u00e1toni Avram Iancu Gimn\u00e1ziumban (1947\u201372). M\u0171vei megtal\u00e1lhat\u00f3k hazai \u00e9s k\u00fclf\u00f6ldi templomokban. Bal\u00e1zstelk\u00e9n, Marosorb\u00f3n, Marosludason, Oroszidecsben szobrai, gyertyatart\u00f3i, keresztjei, sz\u00e9kei d\u00edsz\u00edtik a templomokat. <br \/><strong>\u2013 Irod.:<\/strong> Moldovan, Iuliu: Art\u0103 plastic\u0103 t\u00e2rn\u0103vean\u0103: repere culturale (Tg. M., 2008); Todea 2013.<\/br><\/p>\n","protected":false},"excerpt":{"rendered":"<p>Mez\u0151szentmargita, 1911. okt. 11., \u2020 Dics\u0151szentm\u00e1ron, 2008. nov. 8.: tan\u00e1r, szobr\u00e1sz. \u2013 M\u0171v\u00e9szetek \u00e9s mesters\u00e9gek szakiskol\u00e1t (\u015ec. de arte \u015fi meserii) v\u00e9gzett C\u00e2mpulung Moldovenesc-en, \u00e9s tan\u00edt\u00f3k\u00e9pz\u0151t R\u00e2mnicu V\u00e2lce\u00e1n. Tan\u00edt\u00f3 volt a dics\u0151szentm\u00e1toni Avram Iancu Gimn\u00e1ziumban (1947\u201372). M\u0171vei megtal\u00e1lhat\u00f3k hazai \u00e9s k\u00fclf\u00f6ldi templomokban. Bal\u00e1zstelk\u00e9n, Marosorb\u00f3n, Marosludason, Oroszidecsben szobrai, gyertyatart\u00f3i, keresztjei, sz\u00e9kei d\u00edsz\u00edtik a templomokat. \u2013 Irod.: [&hellip;]<\/p>\n","protected":false},"featured_media":0,"comment_status":"open","ping_status":"closed","template":"","meta":[],"product_brand":[],"product_cat":[137],"product_tag":[],"class_list":{"0":"post-24686","1":"product","2":"type-product","3":"status-publish","5":"product_cat-maros-megyei-eletrajzi-lexikon","7":"first","8":"instock","9":"shipping-taxable","10":"product-type-simple"},"_links":{"self":[{"href":"https:\/\/uj.adatbank.ro\/lexikon\/wp-json\/wp\/v2\/product\/24686","targetHints":{"allow":["GET"]}}],"collection":[{"href":"https:\/\/uj.adatbank.ro\/lexikon\/wp-json\/wp\/v2\/product"}],"about":[{"href":"https:\/\/uj.adatbank.ro\/lexikon\/wp-json\/wp\/v2\/types\/product"}],"replies":[{"embeddable":true,"href":"https:\/\/uj.adatbank.ro\/lexikon\/wp-json\/wp\/v2\/comments?post=24686"}],"wp:attachment":[{"href":"https:\/\/uj.adatbank.ro\/lexikon\/wp-json\/wp\/v2\/media?parent=24686"}],"wp:term":[{"taxonomy":"product_brand","embeddable":true,"href":"https:\/\/uj.adatbank.ro\/lexikon\/wp-json\/wp\/v2\/product_brand?post=24686"},{"taxonomy":"product_cat","embeddable":true,"href":"https:\/\/uj.adatbank.ro\/lexikon\/wp-json\/wp\/v2\/product_cat?post=24686"},{"taxonomy":"product_tag","embeddable":true,"href":"https:\/\/uj.adatbank.ro\/lexikon\/wp-json\/wp\/v2\/product_tag?post=24686"}],"curies":[{"name":"wp","href":"https:\/\/api.w.org\/{rel}","templated":true}]}}

VODĂ, Ilie

<p>Mezőszentmargita, 1911. okt. 11., † Dicsőszentmáron, 2008. nov. 8.: tanár, szobrász. – Művészetek és mesterségek szakiskolát (Şc. de arte şi meserii) végzett Câmpulung Moldovenesc-en, és tanítóképzőt Râmnicu Vâlceán. Tanító volt a dicsőszentmátoni Avram Iancu Gimnáziumban (1947–72). Művei megtalálhatók hazai és külföldi templomokban. Balázstelkén, Marosorbón, Marosludason, Oroszidecsben szobrai, gyertyatartói, keresztjei, székei díszítik a templomokat. <br /><strong>– Irod.:</strong> Moldovan, Iuliu: Artă plastică târnăveană: repere culturale (Tg. M., 2008); Todea 2013.</br></p>

<p>Mezőszentmargita, 1911. okt. 11., † Dicsőszentmáron, 2008. nov. 8.: tanár, szobrász. – Művészetek és mesterségek szakiskolát (Şc. de arte şi meserii) végzett Câmpulung Moldovenesc-en, és tanítóképzőt Râmnicu Vâlceán. Tanító volt a dicsőszentmátoni Avram Iancu Gimnáziumban (1947–72). Művei megtalálhatók hazai és külföldi templomokban. Balázstelkén, Marosorbón, Marosludason, Oroszidecsben szobrai, gyertyatartói, keresztjei, székei díszítik a templomokat. – Irod.: [&hellip;]</p>
