{"id":24691,"date":"2025-08-01T18:17:01","date_gmt":"2025-08-01T16:17:01","guid":{"rendered":"https:\/\/uj.adatbank.ro\/lexikon\/termek\/voiculescu-coralia-%c2%a7\/"},"modified":"2025-08-01T18:17:01","modified_gmt":"2025-08-01T16:17:01","slug":"voiculescu-coralia-%c2%a7","status":"publish","type":"product","link":"https:\/\/uj.adatbank.ro\/lexikon\/termek\/voiculescu-coralia-%c2%a7\/","title":{"rendered":"VOICULESCU, Coralia, \u00a7"},"content":{"rendered":"<p>? \u2020\u00a0Konstanca, 1974. jan. 5.: tan\u00e1r. \u2013 Rom\u00e1n ny. \u00e9s irod. szakon v\u00e9gzett Buk.-ben. Mv.-en a Papiu Ilarian L\u00edc.-ban tan\u00edtott (1958. szept. 15. \u2013 1960. szept. 15.), azut\u00e1n a l\u00edc. igazgat\u00f3ja, majd rom\u00e1n szakos tanfel\u00fcgyel\u0151 lett a Maros Megyei Tanfel\u00fcgyel\u0151s\u00e9gen Egy \u00e9vig a mv.-i 6-os sz. \u00c1lt. Isk. igazgat\u00f3ja volt. Tanfel\u00fcgyel\u0151k\u00e9nt az esti tagozatok \u00e1tszervez\u00e9s\u00e9vel foglalkozott (1959\u201360). Munka\u00e9rdemrenddel t\u00fcntett\u00e9k ki. Konstanc\u00e1ra t\u00e1vozott (1960.szep.1.\u2013). <br \/><strong>\u2013 Irod.:<\/strong> Bui\u2013Borda\u2013Opri\u015f; Dasc\u0103li mure\u015feni, 5.; Papiu.<\/br><\/p>\n","protected":false},"excerpt":{"rendered":"<p>? \u2020\u00a0Konstanca, 1974. jan. 5.: tan\u00e1r. \u2013 Rom\u00e1n ny. \u00e9s irod. szakon v\u00e9gzett Buk.-ben. Mv.-en a Papiu Ilarian L\u00edc.-ban tan\u00edtott (1958. szept. 15. \u2013 1960. szept. 15.), azut\u00e1n a l\u00edc. igazgat\u00f3ja, majd rom\u00e1n szakos tanfel\u00fcgyel\u0151 lett a Maros Megyei Tanfel\u00fcgyel\u0151s\u00e9gen Egy \u00e9vig a mv.-i 6-os sz. \u00c1lt. Isk. igazgat\u00f3ja volt. Tanfel\u00fcgyel\u0151k\u00e9nt az esti tagozatok \u00e1tszervez\u00e9s\u00e9vel [&hellip;]<\/p>\n","protected":false},"featured_media":0,"comment_status":"open","ping_status":"closed","template":"","meta":[],"product_brand":[],"product_cat":[137],"product_tag":[],"class_list":{"0":"post-24691","1":"product","2":"type-product","3":"status-publish","5":"product_cat-maros-megyei-eletrajzi-lexikon","7":"first","8":"instock","9":"shipping-taxable","10":"product-type-simple"},"_links":{"self":[{"href":"https:\/\/uj.adatbank.ro\/lexikon\/wp-json\/wp\/v2\/product\/24691","targetHints":{"allow":["GET"]}}],"collection":[{"href":"https:\/\/uj.adatbank.ro\/lexikon\/wp-json\/wp\/v2\/product"}],"about":[{"href":"https:\/\/uj.adatbank.ro\/lexikon\/wp-json\/wp\/v2\/types\/product"}],"replies":[{"embeddable":true,"href":"https:\/\/uj.adatbank.ro\/lexikon\/wp-json\/wp\/v2\/comments?post=24691"}],"wp:attachment":[{"href":"https:\/\/uj.adatbank.ro\/lexikon\/wp-json\/wp\/v2\/media?parent=24691"}],"wp:term":[{"taxonomy":"product_brand","embeddable":true,"href":"https:\/\/uj.adatbank.ro\/lexikon\/wp-json\/wp\/v2\/product_brand?post=24691"},{"taxonomy":"product_cat","embeddable":true,"href":"https:\/\/uj.adatbank.ro\/lexikon\/wp-json\/wp\/v2\/product_cat?post=24691"},{"taxonomy":"product_tag","embeddable":true,"href":"https:\/\/uj.adatbank.ro\/lexikon\/wp-json\/wp\/v2\/product_tag?post=24691"}],"curies":[{"name":"wp","href":"https:\/\/api.w.org\/{rel}","templated":true}]}}

<p>? † Konstanca, 1974. jan. 5.: tanár. – Román ny. és irod. szakon végzett Buk.-ben. Mv.-en a Papiu Ilarian Líc.-ban tanított (1958. szept. 15. – 1960. szept. 15.), azután a líc. igazgatója, majd román szakos tanfelügyelő lett a Maros Megyei Tanfelügyelőségen Egy évig a mv.-i 6-os sz. Ált. Isk. igazgatója volt. Tanfelügyelőként az esti tagozatok átszervezésével foglalkozott (1959–60). Munkaérdemrenddel tüntették ki. Konstancára távozott (1960.szep.1.–). <br /><strong>– Irod.:</strong> Bui–Borda–Opriş; Dascăli mureşeni, 5.; Papiu.</br></p>

<p>? † Konstanca, 1974. jan. 5.: tanár. – Román ny. és irod. szakon végzett Buk.-ben. Mv.-en a Papiu Ilarian Líc.-ban tanított (1958. szept. 15. – 1960. szept. 15.), azután a líc. igazgatója, majd román szakos tanfelügyelő lett a Maros Megyei Tanfelügyelőségen Egy évig a mv.-i 6-os sz. Ált. Isk. igazgatója volt. Tanfelügyelőként az esti tagozatok átszervezésével [&hellip;]</p>
