{"id":24692,"date":"2025-08-01T18:17:03","date_gmt":"2025-08-01T16:17:03","guid":{"rendered":"https:\/\/uj.adatbank.ro\/lexikon\/termek\/voiculescu-dan-%c2%a7\/"},"modified":"2025-08-01T18:17:03","modified_gmt":"2025-08-01T16:17:03","slug":"voiculescu-dan-%c2%a7","status":"publish","type":"product","link":"https:\/\/uj.adatbank.ro\/lexikon\/termek\/voiculescu-dan-%c2%a7\/","title":{"rendered":"VOICULESCU, Dan \u00a7"},"content":{"rendered":"<p>Sz\u00e1szk\u00e9zd, 1940. j\u00fal. 20., \u2020\u00a0Buk., 2009. \u00e1pr. 29.: zeneszerz\u0151, zenetud\u00f3s, tan\u00e1r. \u2013 \u00c9desapja a sz\u00e1szk\u00e9zdi iskola igazgat\u00f3ja volt (1938\u2013). A csal\u00e1d Segesv\u00e1rra k\u00f6lt\u00f6z\u00f6tt (1940\u2013). Els\u0151 zenei ismereteit a csal\u00e1dnak k\u00f6sz\u00f6nhette, amelyben mindannyian muzsik\u00e1ltak \u00e9s a zene b\u0171vk\u00f6r\u00e9ben nevelkedtek. A l\u00edc. elv\u00e9gz\u00e9se ut\u00e1n az egyetemet Kv.-on v\u00e9gezte a Gh. Dima Zeneakad\u00e9mi\u00e1n zongora szakon (1958\u201364), Kardos Magda \u00e9s Sigismund Todu\u0163\u0103 tan\u00edtv\u00e1nyak\u00e9nt. Tov\u00e1bb k\u00e9pezte mag\u00e1t a Staatliche Hochschuke f\u00fcr Musik-on K\u00f6lnben (1971\u201372), Stockhausen \u00e9s Humpert-n\u00e9l. Nemzetk\u00f6zi ny\u00e1ri el\u0151ad\u00e1sok hallgat\u00f3ja Velenc\u00e9ben (1968), Darmstadtban (1972, 78). K\u00fcl\u00f6n\u00f6sen a jelenkori elektronikus zene \u00e9rdekelte. A zenetudom\u00e1nyok doktora Polifonia sec. XX. c. disszert\u00e1ci\u00f3j\u00e1val (1983), \u00e9s mesteri c\u00edmet szerzett. Tan\u00e1r a kv.-i Gh. Dima Akad\u00e9mi\u00e1n (1963\u20132000), ahol zeneszerz\u00e9st \u00f6sszhangzattant tan\u00edtott; egyetemi tan\u00e1r a buk.-i Nemzeti Zeneakad\u00e9mi\u00e1n (2000\u2013), doktor\u00e1tust vezet\u0151 prof. Mesterkurzusokat tartott Moldova K\u00f6zt\u00e1rsas\u00e1g, Olaszo.-ban. Mint zeneszerz\u0151 \u00edrt vok\u00e1lszimfonikus m\u0171veket, kamaradarabokat, dalokat rom\u00e1n k\u00f6lt\u0151k (t\u00f6bb mint 60 dalt L Blaga, M. Sorescu, N. Labis, N. St\u0103nescu) verseire, zongoram\u0171veket (Carte f\u0103r\u0103 sf\u00e2r\u015fit 1\u20133. k\u00f6tet tanul\u00f3knak). T\u00f6bb mint 100 gyermekk\u00f3rus dalt szerzett (Prin timp&#8230;.c.-mel), amelyeket a sz\u00e1szk\u00e9zdi gyermekeknek aj\u00e1nlt, felid\u00e9zve gyermekkora felh\u0151tlen \u00e9veit. Kamarazenem\u0171vei k\u00f6z\u00fcl a Kopasz \u00e9nekesn\u0151 (C\u00e2nt\u0103rea\u0163a cheal\u0103) t\u0171nik ki, amely Eugen Ionesco m\u0171ve alapj\u00e1n sz\u00fcletett. Zenetudom\u00e1nyi k\u00e9zik\u00f6nyvek szerz\u0151je, szerkeszt\u0151-kiad\u00f3ja a kv.-i egyetem Lucr\u0103ri de muzicologie \u00e9vente megjelen\u0151 kiadv\u00e1ny\u00e1nak (8\u201320 k.). Tanulm\u00e1nyai, ismertet\u0151i megjelentek a Muzica, Contemporanul, Tribuna, F\u0103clia c. foly\u00f3iratokban. T\u00f6bb r\u00e1di\u00f3 \u00e9s telev\u00edzi\u00f3 ad\u00e1st vezetett. A Rom\u00e1n Akad\u00e9mi\u00e1nak, a Rom\u00e1n Zeneszerz\u0151k Sz\u00f6vets\u00e9g\u00e9nek tagja (1965\u2013), a Sigismund Todu\u0163\u0103 Alap\u00edtv\u00e1ny l\u00e9trehoz\u00f3ja \u00e9s eln\u00f6ke (1995\u20132000). Elnyerte a Zeneszerz\u0151k Sz\u00f6vets\u00e9g\u00e9nek d\u00edj\u00e1t (1972, 74, 78, 95), a RTA G. Enescu-d\u00edj\u00e1t (1984). \u2013  <strong>F. m..:<\/strong> Simfonia ostinato (1963); Viziuni cosmice pentru orchestr\u0103 (1968), Muzic\u0103 pentru coarde (1971); Piese pentru orchestr\u0103 (1975); Cantata patriei pentru bariton, cor mixt \u015fi orchestr\u0103 (1977); C\u00e2nt\u0103rea\u0163a cheal\u0103 (1992\u201393); Suita Codex Caioni pentru orchestr\u0103 \u015fi coarde (1996); Inflorescen\u0163e pentru orchestr\u0103 \u015fi coarde (2001). <br \/><strong>\u2013 Irod.:<\/strong> Saschiz; Todea 2013.<\/br><\/p>\n","protected":false},"excerpt":{"rendered":"<p>Sz\u00e1szk\u00e9zd, 1940. j\u00fal. 20., \u2020\u00a0Buk., 2009. \u00e1pr. 29.: zeneszerz\u0151, zenetud\u00f3s, tan\u00e1r. \u2013 \u00c9desapja a sz\u00e1szk\u00e9zdi iskola igazgat\u00f3ja volt (1938\u2013). A csal\u00e1d Segesv\u00e1rra k\u00f6lt\u00f6z\u00f6tt (1940\u2013). Els\u0151 zenei ismereteit a csal\u00e1dnak k\u00f6sz\u00f6nhette, amelyben mindannyian muzsik\u00e1ltak \u00e9s a zene b\u0171vk\u00f6r\u00e9ben nevelkedtek. A l\u00edc. elv\u00e9gz\u00e9se ut\u00e1n az egyetemet Kv.-on v\u00e9gezte a Gh. Dima Zeneakad\u00e9mi\u00e1n zongora szakon (1958\u201364), Kardos Magda [&hellip;]<\/p>\n","protected":false},"featured_media":0,"comment_status":"open","ping_status":"closed","template":"","meta":[],"product_brand":[],"product_cat":[137],"product_tag":[],"class_list":{"0":"post-24692","1":"product","2":"type-product","3":"status-publish","5":"product_cat-maros-megyei-eletrajzi-lexikon","7":"first","8":"instock","9":"shipping-taxable","10":"product-type-simple"},"_links":{"self":[{"href":"https:\/\/uj.adatbank.ro\/lexikon\/wp-json\/wp\/v2\/product\/24692","targetHints":{"allow":["GET"]}}],"collection":[{"href":"https:\/\/uj.adatbank.ro\/lexikon\/wp-json\/wp\/v2\/product"}],"about":[{"href":"https:\/\/uj.adatbank.ro\/lexikon\/wp-json\/wp\/v2\/types\/product"}],"replies":[{"embeddable":true,"href":"https:\/\/uj.adatbank.ro\/lexikon\/wp-json\/wp\/v2\/comments?post=24692"}],"wp:attachment":[{"href":"https:\/\/uj.adatbank.ro\/lexikon\/wp-json\/wp\/v2\/media?parent=24692"}],"wp:term":[{"taxonomy":"product_brand","embeddable":true,"href":"https:\/\/uj.adatbank.ro\/lexikon\/wp-json\/wp\/v2\/product_brand?post=24692"},{"taxonomy":"product_cat","embeddable":true,"href":"https:\/\/uj.adatbank.ro\/lexikon\/wp-json\/wp\/v2\/product_cat?post=24692"},{"taxonomy":"product_tag","embeddable":true,"href":"https:\/\/uj.adatbank.ro\/lexikon\/wp-json\/wp\/v2\/product_tag?post=24692"}],"curies":[{"name":"wp","href":"https:\/\/api.w.org\/{rel}","templated":true}]}}

<p>Szászkézd, 1940. júl. 20., † Buk., 2009. ápr. 29.: zeneszerző, zenetudós, tanár. – Édesapja a szászkézdi iskola igazgatója volt (1938–). A család Segesvárra költözött (1940–). Első zenei ismereteit a családnak köszönhette, amelyben mindannyian muzsikáltak és a zene bűvkörében nevelkedtek. A líc. elvégzése után az egyetemet Kv.-on végezte a Gh. Dima Zeneakadémián zongora szakon (1958–64), Kardos Magda és Sigismund Toduţă tanítványaként. Tovább képezte magát a Staatliche Hochschuke für Musik-on Kölnben (1971–72), Stockhausen és Humpert-nél. Nemzetközi nyári előadások hallgatója Velencében (1968), Darmstadtban (1972, 78). Különösen a jelenkori elektronikus zene érdekelte. A zenetudományok doktora Polifonia sec. XX. c. disszertációjával (1983), és mesteri címet szerzett. Tanár a kv.-i Gh. Dima Akadémián (1963–2000), ahol zeneszerzést összhangzattant tanított; egyetemi tanár a buk.-i Nemzeti Zeneakadémián (2000–), doktorátust vezető prof. Mesterkurzusokat tartott Moldova Köztársaság, Olaszo.-ban. Mint zeneszerző írt vokálszimfonikus műveket, kamaradarabokat, dalokat román költők (több mint 60 dalt L Blaga, M. Sorescu, N. Labis, N. Stănescu) verseire, zongoraműveket (Carte fără sfârşit 1–3. kötet tanulóknak). Több mint 100 gyermekkórus dalt szerzett (Prin timp&#8230;.c.-mel), amelyeket a szászkézdi gyermekeknek ajánlt, felidézve gyermekkora felhőtlen éveit. Kamarazeneművei közül a Kopasz énekesnő (Cântăreaţa cheală) tűnik ki, amely Eugen Ionesco műve alapján született. Zenetudományi kézikönyvek szerzője, szerkesztő-kiadója a kv.-i egyetem Lucrări de muzicologie évente megjelenő kiadványának (8–20 k.). Tanulmányai, ismertetői megjelentek a Muzica, Contemporanul, Tribuna, Făclia c. folyóiratokban. Több rádió és televízió adást vezetett. A Román Akadémiának, a Román Zeneszerzők Szövetségének tagja (1965–), a Sigismund Toduţă Alapítvány létrehozója és elnöke (1995–2000). Elnyerte a Zeneszerzők Szövetségének díját (1972, 74, 78, 95), a RTA G. Enescu-díját (1984). –  <strong>F. m..:</strong> Simfonia ostinato (1963); Viziuni cosmice pentru orchestră (1968), Muzică pentru coarde (1971); Piese pentru orchestră (1975); Cantata patriei pentru bariton, cor mixt şi orchestră (1977); Cântăreaţa cheală (1992–93); Suita Codex Caioni pentru orchestră şi coarde (1996); Inflorescenţe pentru orchestră şi coarde (2001). <br /><strong>– Irod.:</strong> Saschiz; Todea 2013.</br></p>

<p>Szászkézd, 1940. júl. 20., † Buk., 2009. ápr. 29.: zeneszerző, zenetudós, tanár. – Édesapja a szászkézdi iskola igazgatója volt (1938–). A család Segesvárra költözött (1940–). Első zenei ismereteit a családnak köszönhette, amelyben mindannyian muzsikáltak és a zene bűvkörében nevelkedtek. A líc. elvégzése után az egyetemet Kv.-on végezte a Gh. Dima Zeneakadémián zongora szakon (1958–64), Kardos Magda [&hellip;]</p>
