{"id":24696,"date":"2025-08-01T18:17:13","date_gmt":"2025-08-01T16:17:13","guid":{"rendered":"https:\/\/uj.adatbank.ro\/lexikon\/termek\/voin-maxim\/"},"modified":"2025-08-01T18:17:13","modified_gmt":"2025-08-01T16:17:13","slug":"voin-maxim","status":"publish","type":"product","link":"https:\/\/uj.adatbank.ro\/lexikon\/termek\/voin-maxim\/","title":{"rendered":"VOIN, Maxim"},"content":{"rendered":"<p>? \u2020 ?: szem\u00e9sz szakorvos. \u2013 Dics\u0151szentm\u00e1rtonban szakorvos (1955\u201383) az \u00fajonnan l\u00e9tes\u00edtett 10 \u00e1gyas szem\u00e9szeti oszt\u00e1lyon <br \/><strong>\u2013 Irod.:<\/strong> Fodor Ferenc.<\/br><\/p>\n","protected":false},"excerpt":{"rendered":"<p>? \u2020 ?: szem\u00e9sz szakorvos. \u2013 Dics\u0151szentm\u00e1rtonban szakorvos (1955\u201383) az \u00fajonnan l\u00e9tes\u00edtett 10 \u00e1gyas szem\u00e9szeti oszt\u00e1lyon \u2013 Irod.: Fodor Ferenc.<\/p>\n","protected":false},"featured_media":0,"comment_status":"open","ping_status":"closed","template":"","meta":[],"product_brand":[],"product_cat":[137],"product_tag":[],"class_list":{"0":"post-24696","1":"product","2":"type-product","3":"status-publish","5":"product_cat-maros-megyei-eletrajzi-lexikon","7":"first","8":"instock","9":"shipping-taxable","10":"product-type-simple"},"_links":{"self":[{"href":"https:\/\/uj.adatbank.ro\/lexikon\/wp-json\/wp\/v2\/product\/24696","targetHints":{"allow":["GET"]}}],"collection":[{"href":"https:\/\/uj.adatbank.ro\/lexikon\/wp-json\/wp\/v2\/product"}],"about":[{"href":"https:\/\/uj.adatbank.ro\/lexikon\/wp-json\/wp\/v2\/types\/product"}],"replies":[{"embeddable":true,"href":"https:\/\/uj.adatbank.ro\/lexikon\/wp-json\/wp\/v2\/comments?post=24696"}],"wp:attachment":[{"href":"https:\/\/uj.adatbank.ro\/lexikon\/wp-json\/wp\/v2\/media?parent=24696"}],"wp:term":[{"taxonomy":"product_brand","embeddable":true,"href":"https:\/\/uj.adatbank.ro\/lexikon\/wp-json\/wp\/v2\/product_brand?post=24696"},{"taxonomy":"product_cat","embeddable":true,"href":"https:\/\/uj.adatbank.ro\/lexikon\/wp-json\/wp\/v2\/product_cat?post=24696"},{"taxonomy":"product_tag","embeddable":true,"href":"https:\/\/uj.adatbank.ro\/lexikon\/wp-json\/wp\/v2\/product_tag?post=24696"}],"curies":[{"name":"wp","href":"https:\/\/api.w.org\/{rel}","templated":true}]}}