{"id":24702,"date":"2025-08-01T18:17:26","date_gmt":"2025-08-01T16:17:26","guid":{"rendered":"https:\/\/uj.adatbank.ro\/lexikon\/termek\/voith-mihaly\/"},"modified":"2025-08-01T18:17:26","modified_gmt":"2025-08-01T16:17:26","slug":"voith-mihaly","status":"publish","type":"product","link":"https:\/\/uj.adatbank.ro\/lexikon\/termek\/voith-mihaly\/","title":{"rendered":"VOITH Mih\u00e1ly"},"content":{"rendered":"<p>Gyergy\u00f3alfaluban, 1928. szept. 18., \u2020\u00a0Mv., 2001. nov. 27.: gy\u00f3gyszer\u00e9sz. \u2013 Mv.-en a R.K.Fi\u00fagimn\u00e1ziumban \u00e9retts\u00e9gizett, a MOGYI Gy\u00f3gyszer\u00e9szeti Kar\u00e1n v\u00e9gzett (1951). Palotailv\u00e1n volt gy\u00f3gyszer\u00e9sz, visszat\u00e9rt Mv.-re a 66. sz. gy\u00f3gyszert\u00e1r (volt \u0150rangyal) vezet\u0151je (1952. \u00e1pr.\u2013), a Centrofarm Gy\u00f3gyszerkereskedelmi V\u00e1llalat inspektora (1960\u2013), majd a kereskedelmi oszt\u00e1ly f\u0151n\u00f6ke (1963. okt.\u2013). F\u0151gy\u00f3gyszer\u00e9sz (1963). Az Aesculap RT alkalmazottja nyugd\u00edjaz\u00e1s\u00e1ig (1991. szept.). Nyugd\u00edjask\u00e9nt m\u00e9g dolgozott a M\u00e1ria gy\u00f3gyszert\u00e1rban (1996. j\u00fal.-ig). <br \/><strong>\u2013 Irod.:<\/strong> P\u00e9ter H. M.<\/br><\/p>\n","protected":false},"excerpt":{"rendered":"<p>Gyergy\u00f3alfaluban, 1928. szept. 18., \u2020\u00a0Mv., 2001. nov. 27.: gy\u00f3gyszer\u00e9sz. \u2013 Mv.-en a R.K.Fi\u00fagimn\u00e1ziumban \u00e9retts\u00e9gizett, a MOGYI Gy\u00f3gyszer\u00e9szeti Kar\u00e1n v\u00e9gzett (1951). Palotailv\u00e1n volt gy\u00f3gyszer\u00e9sz, visszat\u00e9rt Mv.-re a 66. sz. gy\u00f3gyszert\u00e1r (volt \u0150rangyal) vezet\u0151je (1952. \u00e1pr.\u2013), a Centrofarm Gy\u00f3gyszerkereskedelmi V\u00e1llalat inspektora (1960\u2013), majd a kereskedelmi oszt\u00e1ly f\u0151n\u00f6ke (1963. okt.\u2013). F\u0151gy\u00f3gyszer\u00e9sz (1963). Az Aesculap RT alkalmazottja nyugd\u00edjaz\u00e1s\u00e1ig (1991. [&hellip;]<\/p>\n","protected":false},"featured_media":0,"comment_status":"open","ping_status":"closed","template":"","meta":[],"product_brand":[],"product_cat":[137],"product_tag":[],"class_list":{"0":"post-24702","1":"product","2":"type-product","3":"status-publish","5":"product_cat-maros-megyei-eletrajzi-lexikon","7":"first","8":"instock","9":"shipping-taxable","10":"product-type-simple"},"_links":{"self":[{"href":"https:\/\/uj.adatbank.ro\/lexikon\/wp-json\/wp\/v2\/product\/24702","targetHints":{"allow":["GET"]}}],"collection":[{"href":"https:\/\/uj.adatbank.ro\/lexikon\/wp-json\/wp\/v2\/product"}],"about":[{"href":"https:\/\/uj.adatbank.ro\/lexikon\/wp-json\/wp\/v2\/types\/product"}],"replies":[{"embeddable":true,"href":"https:\/\/uj.adatbank.ro\/lexikon\/wp-json\/wp\/v2\/comments?post=24702"}],"wp:attachment":[{"href":"https:\/\/uj.adatbank.ro\/lexikon\/wp-json\/wp\/v2\/media?parent=24702"}],"wp:term":[{"taxonomy":"product_brand","embeddable":true,"href":"https:\/\/uj.adatbank.ro\/lexikon\/wp-json\/wp\/v2\/product_brand?post=24702"},{"taxonomy":"product_cat","embeddable":true,"href":"https:\/\/uj.adatbank.ro\/lexikon\/wp-json\/wp\/v2\/product_cat?post=24702"},{"taxonomy":"product_tag","embeddable":true,"href":"https:\/\/uj.adatbank.ro\/lexikon\/wp-json\/wp\/v2\/product_tag?post=24702"}],"curies":[{"name":"wp","href":"https:\/\/api.w.org\/{rel}","templated":true}]}}

VOITH Mihály

<p>Gyergyóalfaluban, 1928. szept. 18., † Mv., 2001. nov. 27.: gyógyszerész. – Mv.-en a R.K.Fiúgimnáziumban érettségizett, a MOGYI Gyógyszerészeti Karán végzett (1951). Palotailván volt gyógyszerész, visszatért Mv.-re a 66. sz. gyógyszertár (volt Őrangyal) vezetője (1952. ápr.–), a Centrofarm Gyógyszerkereskedelmi Vállalat inspektora (1960–), majd a kereskedelmi osztály főnöke (1963. okt.–). Főgyógyszerész (1963). Az Aesculap RT alkalmazottja nyugdíjazásáig (1991. szept.). Nyugdíjasként még dolgozott a Mária gyógyszertárban (1996. júl.-ig). <br /><strong>– Irod.:</strong> Péter H. M.</br></p>

<p>Gyergyóalfaluban, 1928. szept. 18., † Mv., 2001. nov. 27.: gyógyszerész. – Mv.-en a R.K.Fiúgimnáziumban érettségizett, a MOGYI Gyógyszerészeti Karán végzett (1951). Palotailván volt gyógyszerész, visszatért Mv.-re a 66. sz. gyógyszertár (volt Őrangyal) vezetője (1952. ápr.–), a Centrofarm Gyógyszerkereskedelmi Vállalat inspektora (1960–), majd a kereskedelmi osztály főnöke (1963. okt.–). Főgyógyszerész (1963). Az Aesculap RT alkalmazottja nyugdíjazásáig (1991. [&hellip;]</p>
